000
CDUS45 KPUB 230032
CLICOS


CLIMATE REPORT
NATIONAL WEATHER SERVICE PUEBLO
631 PM MDT TUE MAY 22 2018


...................................

...THE COLORADO SPRINGS CO CLIMATE SUMMARY FOR MAY 22 2018...
VALID TODAY AS OF 0500 PM LOCAL TIME.

CLIMATE NORMAL PERIOD 1981 TO 2010
CLIMATE RECORD PERIOD 1872 TO 2018


WEATHER ITEM   OBSERVED TIME   RECORD YEAR NORMAL DEPARTURE LAST
                VALUE   (LST)  VALUE       VALUE  FROM      YEAR
                                                  NORMAL
..................................................................
TEMPERATURE (F)
 TODAY
  MAXIMUM         82    259 PM  90    2012  71     11       65
  MINIMUM         47    245 AM  31    1931  45      2       40
  AVERAGE         65                        58      7       53

PRECIPITATION (IN)
  TODAY            0.00          1.06 1976   0.07  -0.07     0.21
  MONTH TO DATE    0.35                      1.33  -0.98     2.54
  SINCE MAR 1      2.03                      3.75  -1.72     5.12
  SINCE JAN 1      2.59                      4.41  -1.82     5.51

SNOWFALL (IN)
  TODAY            0.0           2.0  1930   0.0    0.0      0.0
  MONTH TO DATE    T                         0.7   -0.7      0.1
  SINCE MAR 1      8.4                      13.7   -5.3     11.8
  SINCE JUL 1     21.6                      37.7  -16.1     25.2
  SNOW DEPTH       0

DEGREE DAYS
 HEATING
  TODAY            0                         8     -8       12
  MONTH TO DATE  108                       233   -125      222
  SINCE MAR 1   1334                      1592   -258     1263
  SINCE JUL 1   5318                      6155   -837     5016

 COOLING
  TODAY            0                         0      0        0
  MONTH TO DATE    6                         0      6        0
  SINCE MAR 1      6                         1      5        0
  SINCE JAN 1      6                         1      5        0
..................................................................


WIND (MPH)
  HIGHEST WIND SPEED    30   HIGHEST WIND DIRECTION    SE (150)
  HIGHEST GUST SPEED    39   HIGHEST GUST DIRECTION    SE (140)
  AVERAGE WIND SPEED     9.1


SKY COVER
  POSSIBLE SUNSHINE  MM
  AVERAGE SKY COVER 0.7


WEATHER CONDITIONS
 THE FOLLOWING WEATHER WAS RECORDED TODAY.
  NO SIGNIFICANT WEATHER WAS OBSERVED.


RELATIVE HUMIDITY (PERCENT)
 HIGHEST    71           300 AM
 LOWEST     20           300 PM
 AVERAGE    46

..........................................................


THE COLORADO SPRINGS CO CLIMATE NORMALS FOR TOMORROW
                         NORMAL    RECORD    YEAR
 MAXIMUM TEMPERATURE (F)   71        91      1989
 MINIMUM TEMPERATURE (F)   45        30      1930


SUNRISE AND SUNSET
MAY 22 2018...........SUNRISE   541 AM MDT   SUNSET   811 PM MDT
MAY 23 2018...........SUNRISE   540 AM MDT   SUNSET   811 PM MDT


-  INDICATES NEGATIVE NUMBERS.
R  INDICATES RECORD WAS SET OR TIED.
MM INDICATES DATA IS MISSING.
T  INDICATES TRACE AMOUNT.




$$
