177
CDUS45 KPUB 240026
CLICOS


CLIMATE REPORT
NATIONAL WEATHER SERVICE PUEBLO
626 PM MDT MON APR 23 2018


...................................

...THE COLORADO SPRINGS CO CLIMATE SUMMARY FOR APRIL 23 2018...
VALID TODAY AS OF 0500 PM LOCAL TIME.

CLIMATE NORMAL PERIOD 1981 TO 2010
CLIMATE RECORD PERIOD 1872 TO 2018


WEATHER ITEM   OBSERVED TIME   RECORD YEAR NORMAL DEPARTURE LAST
                VALUE   (LST)  VALUE       VALUE  FROM      YEAR
                                                  NORMAL
..................................................................
TEMPERATURE (F)
 TODAY
  MAXIMUM         67    357 PM  81    2006  62      5       68
                                      1989
  MINIMUM         36    529 AM  20    2013  35      1       34
                                      1995
                                      1909
  AVERAGE         52                        49      3       51

PRECIPITATION (IN)
  TODAY            T             0.90 1997   0.06  -0.06     0.00
  MONTH TO DATE    1.02                      1.01   0.01     1.85
  SINCE MAR 1      1.62                      2.01  -0.39     2.29
  SINCE JAN 1      2.18                      2.67  -0.49     2.68

SNOWFALL (IN)
  TODAY            0.0           5.0  1999   0.1   -0.1      0.0
  MONTH TO DATE    4.9                       4.0    0.9      8.9
  SINCE MAR 1      8.0                      12.1   -4.1     10.9
  SINCE JUL 1     21.2                      36.1  -14.9     24.3
  SNOW DEPTH       0

DEGREE DAYS
 HEATING
  TODAY           13                        16     -3       14
  MONTH TO DATE  452                       448      4      338
  SINCE MAR 1   1135                      1253   -118      898
  SINCE JUL 1   5119                      5816   -697     4651

 COOLING
  TODAY            0                         0      0        0
  MONTH TO DATE    0                         0      0        0
  SINCE MAR 1      0                         0      0        0
  SINCE JAN 1      0                         0      0        0
..................................................................


WIND (MPH)
  HIGHEST WIND SPEED    18   HIGHEST WIND DIRECTION     E (100)
  HIGHEST GUST SPEED    22   HIGHEST GUST DIRECTION     E (100)
  AVERAGE WIND SPEED     5.6


SKY COVER
  POSSIBLE SUNSHINE  MM
  AVERAGE SKY COVER 0.6


WEATHER CONDITIONS
 THE FOLLOWING WEATHER WAS RECORDED TODAY.
  THUNDERSTORM
  LIGHT RAIN
  HAZE


RELATIVE HUMIDITY (PERCENT)
 HIGHEST    89           500 AM
 LOWEST     37           100 PM
 AVERAGE    63

..........................................................


THE COLORADO SPRINGS CO CLIMATE NORMALS FOR TOMORROW
                         NORMAL    RECORD    YEAR
 MAXIMUM TEMPERATURE (F)   62        84      2012
                                             1996
 MINIMUM TEMPERATURE (F)   36        18      2013


SUNRISE AND SUNSET
APRIL 23 2018.........SUNRISE   611 AM MDT   SUNSET   744 PM MDT
APRIL 24 2018.........SUNRISE   610 AM MDT   SUNSET   745 PM MDT


-  INDICATES NEGATIVE NUMBERS.
R  INDICATES RECORD WAS SET OR TIED.
MM INDICATES DATA IS MISSING.
T  INDICATES TRACE AMOUNT.




$$
