000
CXUS55 KDVN 011100
CF6DBQ
PRELIMINARY LOCAL CLIMATOLOGICAL DATA (WS FORM: F-6)
STATION: DUBUQUE IA
MONTH: DECEMBER
YEAR: 2022
LATITUDE: 42 24 N
LONGITUDE: 90 42 W
TEMPERATURE IN F: :PCPN: SNOW: WIND :SUNSHINE: SKY :PK WND
================================================================================
1 2 3 4 5 6A 6B 7 8 9 10 11 12 13 14 15 16 17 18
12Z AVG MX 2MIN
DY MAX MIN AVG DEP HDD CDD WTR SNW DPTH SPD SPD DIR MIN PSBL S-S WX SPD DR
================================================================================
1 35 11 23 -7 42 0 0.00 0.0 0 12.9 28 170 M M 1 18 37 160
2 50 26 38 9 27 0 0.00 0.0 0 17.8 32 290 M M 4 42 290
3 26 12 19 -10 46 0 T T 0 13.5 35 290 M M 2 45 290
4 38 14 26 -2 39 0 0.00 0.0 0 10.4 17 250 M M 0 8 21 220
5 40 23 32 4 33 0 0.00 0.0 0 8.3 15 200 M M 6 19 210
6 41 26 34 6 31 0 0.00 0.0 0 6.9 14 40 M M 5 1 18 20
7 42 26 34 7 31 0 0.00 0.0 0 6.2 14 30 M M 7 18 19 20
8 37 21 29 2 36 0 0.00 0.0 0 8.6 17 100 M M 6 18 26 80
9 34 30 32 6 33 0 0.82 0.4 0 12.7 23 90 M M 10 16 32 90
10 37 32 35 9 30 0 0.01 0.0 0 6.9 13 270 M M 10 12 16 260
11 36 32 34 8 31 0 0.00 0.0 0 4.9 12 350 M M 10 15 320
12 37 32 35 9 30 0 0.00 0.0 0 9.3 18 140 M M 10 25 140
13 36 32 34 9 31 0 0.38 0.0 0 19.6 31 100 M M 8 1 40 110
14 46 33 40 15 25 0 0.66 0.2 0 12.8 26 120 M M 10 12 38 120
15 33 25 29 5 36 0 0.08 0.7 1 17.1 28 230 M M 10 1 36 240
16 25 21 23 -1 42 0 0.03 0.5 1 22.4 30 240 M M 10 18 37 230
17 21 13 17 -7 48 0 T T 1 15.1 22 270 M M 10 18 29 250
18 13 3 8 -16 57 0 0.00 0.0 1 10.4 18 280 M M 3 1 24 290
19 24 3 14 -9 51 0 0.01 0.1 1 7.1 14 170 M M 6 18 17 170
20 27 1 14 -9 51 0 T T 1 9.2 18 320 M M 4 1 22 310
21 25 0 13 -10 52 0 0.05 0.7 1 8.5 18 160 M M 6 18 24 160
22 25 -11 7 -15 58 0 0.18 2.2 3 17.3 29 300 M M 10 128 36 300
23 -3 -11 -7 -29 72 0 0.00 0.0 3 24.7 37 290 M M 10 189 49 300
24 9 -3 3 -19 62 0 0.00 0.0 3 20.1 28 280 M M 4 18 40 290
25 13 -1 6 -16 59 0 0.04 0.5 3 11.7 21 300 M M 3 18 27 300
26 15 -5 5 -17 60 0 0.09 2.5 6 7.0 16 340 M M 5 18 20 10
27 23 -7 8 -13 57 0 0.00 0.0 6 15.5 25 170 M M 0 32 170
28 39 23 31 10 34 0 0.00 0.0 5 17.7 31 190 M M 0 46 160
29 57 37 47 26 18 0 0.00 0.0 3 14.0 22 180 M M 3 32 180
30 42 20 31 10 34 0 0.00 0.0 0 8.8 23 270 M M 3 1 30 250
31 33 19 26 6 39 0 0.04 T 0 7.0 20 160 M M 5 16 25 160
================================================================================
SM 956 477 1295 0 2.39 7.8 384.4 M 181
================================================================================
AV 30.8 15.4 12.4 FASTST M M 6 MAX(MPH)
MISC ----> 37 290 49 300
================================================================================
NOTES:
# LAST OF SEVERAL OCCURRENCES
COLUMN 17 PEAK WIND IN M.P.H.
PRELIMINARY LOCAL CLIMATOLOGICAL DATA (WS FORM: F-6) , PAGE 2
STATION: DUBUQUE IA
MONTH: DECEMBER
YEAR: 2022
LATITUDE: 42 24 N
LONGITUDE: 90 42 W
[TEMPERATURE DATA] [PRECIPITATION DATA] SYMBOLS USED IN COLUMN 16
AVERAGE MONTHLY: 23.1 TOTAL FOR MONTH: 2.39 1 = FOG OR MIST
DPTR FM NORMAL: -1.4 DPTR FM NORMAL: 0.59 2 = FOG REDUCING VISIBILITY
HIGHEST: 57 ON 29 GRTST 24HR 0.82 ON 9- 9 TO 1/4 MILE OR LESS
LOWEST: -11 ON 23,22 3 = THUNDER
SNOW, ICE PELLETS, HAIL 4 = ICE PELLETS
TOTAL MONTH: 7.8 INCHES 5 = HAIL
GRTST 24HR 2.5 ON 26-26 6 = FREEZING RAIN OR DRIZZLE
GRTST DEPTH: 6 ON 27,26 7 = DUSTSTORM OR SANDSTORM:
VSBY 1/2 MILE OR LESS
8 = SMOKE OR HAZE
[NO. OF DAYS WITH] [WEATHER - DAYS WITH] 9 = BLOWING SNOW
X = TORNADO
MAX 32 OR BELOW: 13 0.01 INCH OR MORE: 12
MAX 90 OR ABOVE: 0 0.10 INCH OR MORE: 4
MIN 32 OR BELOW: 29 0.50 INCH OR MORE: 2
MIN 0 OR BELOW: 7 1.00 INCH OR MORE: 0
[HDD (BASE 65) ]
TOTAL THIS MO. 1295 CLEAR (SCALE 0-3) 9
DPTR FM NORMAL 40 PTCLDY (SCALE 4-7) 12
TOTAL FM JUL 1 2666 CLOUDY (SCALE 8-10) 10
DPTR FM NORMAL -88
[CDD (BASE 65) ]
TOTAL THIS MO. 0
DPTR FM NORMAL 0 [PRESSURE DATA]
TOTAL FM JAN 1 827 HIGHEST SLP 30.59 ON 20
DPTR FM NORMAL 190 LOWEST SLP 29.42 ON 15
[REMARKS]
#FINAL-12-22#