000
CXUS55 KALY 010710
CF6DDH
PRELIMINARY LOCAL CLIMATOLOGICAL DATA (WS FORM: F-6)
STATION: BENNINGTON VT
MONTH: JULY
YEAR: 2022
LATITUDE: 42 53 N
LONGITUDE: 73 15 W
TEMPERATURE IN F: :PCPN: SNOW: WIND :SUNSHINE: SKY :PK WND
================================================================================
1 2 3 4 5 6A 6B 7 8 9 10 11 12 13 14 15 16 17 18
12Z AVG MX 2MIN
DY MAX MIN AVG DEP HDD CDD WTR SNW DPTH SPD SPD DIR MIN PSBL S-S WX SPD DR
================================================================================
1 89 55 72 4 0 7 0.04 M M 5.5 15 200 M M 1 3 22 230
2 82 54 68 0 0 3 0.09 M M 4.8 15 270 M M 5 18 20 260
3 81 53 67 -1 0 2 0.00 M M 5.1 17 270 M M 0 23 270
4 80 48 64 -4 1 0 0.00 M M 3.6 13 280 M M 1 1 19 270
5 75 56 66 -2 0 1 0.41 M M 2.9 13 250 M M 9 1 18 250
6 78 56 67 -1 0 2 0.26 M M 5.8 16 360 M M 6 1 21 360
7 83 54 69 0 0 4 0.00 M M 2.7 10 220 M M 4 8 14 230
8 82 61 72 3 0 7 0.00 M M 3.5 14 260 M M 5 21 280
9 77 48 63 -6 2 0 0.00 M M 3.5 13 320 M M 0 17 340
10 80 43 62 -7 3 0 0.00 M M 2.2 8 350 M M 0 13 310
11 85 47 66 -3 0 1 0.00 M M 5.6 15 190 M M 0 22 190
12 89 67 78 9 0 13 0.09 M M 6.1 18 180 M M 4 123 28 170
13 83 57 70 1 0 5 0.02 M M 3.1 12 360 M M 4 1 17 340
14 80 56 68 -1 0 3 T M M 3.1 15 320 M M 4 1 20 320
15 84 50 67 -2 0 2 0.00 M M 1.6 10 340 M M 1 1 15 10
16 85 54 70 1 0 5 0.00 M M 3.6 14 180 M M 2 18 190
17 90 60 75 6 0 10 0.00 M M 2.6 10 210 M M 3 1 13 200
18 78 65 72 3 0 7 0.17 M M 6.0 21 250 M M 6 1 29 260
19 88 67 78 9 0 13 0.02 M M 8.3 16 280 M M 5 1 26 270
20 95 66 81 12 0 16 0.01 M M 4.0 M M M M 3 13 M M
21 94 67 81 12 0 16 0.74 M M 4.9 23 180 M M 3 123 30 310
22 90 62 76 7 0 11 0.14 M M 3.0 18 220 M M 2 18 34 230
23 93 62 78 9 0 13 0.00 M M 1.4 10 230 M M 1 12 13 320
24 92 63 78 9 0 13 0.52 M M 4.7 16 190 M M 2 138 26 200
25 83 65 74 5 0 9 0.45 M M 6.5 15 320 M M 7 123 23 330
26 76 52 64 -5 1 0 0.00 M M 3.7 13 270 M M 2 1 19 270
27 80 50 65 -4 0 0 0.00 M M 1.0 7 120 M M 0 1 10 120
28 88 61 75 6 0 10 T M M 2.2 16 200 M M 6 123 22 320
29 84 60 72 3 0 7 0.02 M M 3.1 13 240 M M 5 12 17 250
30 79 57 68 -1 0 3 0.00 M M 4.6 16 270 M M 6 12 21 260
31 81 54 68 -1 0 3 0.00 M M 1.4 10 320 M M 1 1 13 310
================================================================================
SM 2604 1770 7 186 2.98 M 120.1 M 98
================================================================================
AV 84.0 57.1 3.9 FASTST M M 3 MAX(MPH)
MISC ----> 23 180 34 230
================================================================================
NOTES:
# LAST OF SEVERAL OCCURRENCES
COLUMN 17 PEAK WIND IN M.P.H.
PRELIMINARY LOCAL CLIMATOLOGICAL DATA (WS FORM: F-6) , PAGE 2
STATION: BENNINGTON VT
MONTH: JULY
YEAR: 2022
LATITUDE: 42 53 N
LONGITUDE: 73 15 W
[TEMPERATURE DATA] [PRECIPITATION DATA] SYMBOLS USED IN COLUMN 16
AVERAGE MONTHLY: 70.5 TOTAL FOR MONTH: 2.98 1 = FOG OR MIST
DPTR FM NORMAL: 1.6 DPTR FM NORMAL: -1.67 2 = FOG REDUCING VISIBILITY
HIGHEST: 95 ON 20 GRTST 24HR 0.97 ON 24-25 TO 1/4 MILE OR LESS
LOWEST: 43 ON 10 3 = THUNDER
SNOW, ICE PELLETS, HAIL 4 = ICE PELLETS
TOTAL MONTH: M 5 = HAIL
GRTST 24HR M ON M 6 = FREEZING RAIN OR DRIZZLE
GRTST DEPTH: M ON M 7 = DUSTSTORM OR SANDSTORM:
VSBY 1/2 MILE OR LESS
8 = SMOKE OR HAZE
[NO. OF DAYS WITH] [WEATHER - DAYS WITH] 9 = BLOWING SNOW
X = TORNADO
MAX 32 OR BELOW: 0 0.01 INCH OR MORE: 14
MAX 90 OR ABOVE: 6 0.10 INCH OR MORE: 7
MIN 32 OR BELOW: 0 0.50 INCH OR MORE: 2
MIN 0 OR BELOW: 0 1.00 INCH OR MORE: 0
[HDD (BASE 65) ]
TOTAL THIS MO. 7 CLEAR (SCALE 0-3) 16
DPTR FM NORMAL -13 PTCLDY (SCALE 4-7) 14
TOTAL FM JUL 1 7 CLOUDY (SCALE 8-10) 1
DPTR FM NORMAL -12
[CDD (BASE 65) ]
TOTAL THIS MO. 186
DPTR FM NORMAL 45 [PRESSURE DATA]
TOTAL FM JAN 1 287 HIGHEST SLP M ON M
DPTR FM NORMAL 62 LOWEST SLP 29.54 ON 21
[REMARKS]
#FINAL-07-22#