000
CXUS53 KILX 011001
CF6DEC
PRELIMINARY LOCAL CLIMATOLOGICAL DATA (WS FORM: F-6)
STATION: DECATUR IL AIRPORT
MONTH: JANUARY
YEAR: 2024
LATITUDE: 39 49 N
LONGITUDE: 88 51 W
TEMPERATURE IN F: :PCPN: SNOW: WIND :SUNSHINE: SKY :PK WND
================================================================================
1 2 3 4 5 6A 6B 7 8 9 10 11 12 13 14 15 16 17 18
12Z AVG MX 2MIN
DY MAX MIN AVG DEP HDD CDD WTR SNW DPTH SPD SPD DIR MIN PSBL S-S WX SPD DR
================================================================================
1 36 29 33 4 32 0 0.00 M M 10.7 17 310 M M 10 23 330
2 40 25 33 5 32 0 0.00 M M 11.1 21 210 M M 2 28 210
3 35 27 31 3 34 0 0.00 M M 6.7 16 330 M M 8 1 25 320
4 40 21 31 3 34 0 0.00 M M 4.1 9 350 M M 5 12 340
5 38 21 30 2 35 0 0.07 M M 6.2 17 100 M M 3 1 22 90
6 35 32 34 6 31 0 0.25 M M 6.9 12 260 M M 10 1 17 270
7 36 33 35 7 30 0 M M M 8.2 14 270 M M 10 1 20 260
8 37 29 33 5 32 0 0.22 M M 12.5 26 90 M M 4 1 34 90
9 42 33 38 10 27 0 0.52 M M 14.8 28 90 M M 10 1 40 290
10 37 30 34 7 31 0 T M M 14.0 23 290 M M 8 37 270
11 38 30 34 7 31 0 0.04 M M 11.7 22 280 M M 7 13 30 240
12 48 19 34 7 31 0 0.90 M M 18.7 33 250 M M 10 13 50 260
13 20 0 10 -17 55 0 0.02 M M 18.7 29 270 M M 10 8 43 270
14 0 -10 -5 -32 70 0 T M M 13.4 26 270 M M 5 8 38 260
15 7 -7 0 -27 65 0 T M M 8.7 16 280 M M 5 8 23 300
16 8 -1 4 -23 61 0 T M M 12.7 21 230 M M 2 8 27 230
17 28 4 16 -11 49 0 0.00 M M 13.5 23 220 M M 1 29 240
18 36 20 28 1 37 0 M M M 8.4 21 350 M M 6 1 26 350
19 20 3 12 -15 53 0 M M M 15.3 23 320 M M 6 19 33 320
20 13 -4 5 -22 60 0 0.00 M M 9.5 16 290 M M 3 8 22 290
21 25 -5 10 -17 55 0 0.00 M M 9.6 21 170 M M 1 30 170
22 33 25 29 2 36 0 0.49 M M 13.0 29 200 M M 10 16 37 220
23 41 33 37 10 28 0 0.56 M M 6.3 14 220 M M 10 12 18 200
24 46 36 41 14 24 0 0.44 M M 4.5 12 70 M M 10 12 14 70
25 44 36 40 13 25 0 0.63 M M 5.9 16 30 M M 10 12 20 30
26 42 36 39 12 26 0 0.00 M M 6.8 13 310 M M 10 1 17 300
27 39 36 38 11 27 0 0.23 M M 9.7 22 340 M M 10 12 29 360
28 38 32 35 8 30 0 0.11 M M 13.3 22 330 M M 10 1 32 320
29 44 31 38 10 27 0 0.00 M M 9.6 17 180 M M 6 1 24 170
30 43 36 40 12 25 0 0.07 M M 10.9 17 310 M M 9 1 25 310
31 43 34 39 11 26 0 0.00 M M 7.6 15 240 M M 7 20 230
================================================================================
SM 1032 664 1159 0 4.55 M 323.0 M 218
================================================================================
AV 33.3 21.4 10.4 FASTST M M 7 MAX(MPH)
MISC ----> 33 250 50 260
================================================================================
NOTES:
# LAST OF SEVERAL OCCURRENCES
COLUMN 17 PEAK WIND IN M.P.H.
PRELIMINARY LOCAL CLIMATOLOGICAL DATA (WS FORM: F-6) , PAGE 2
STATION: DECATUR IL AIRPORT
MONTH: JANUARY
YEAR: 2024
LATITUDE: 39 49 N
LONGITUDE: 88 51 W
[TEMPERATURE DATA] [PRECIPITATION DATA] SYMBOLS USED IN COLUMN 16
AVERAGE MONTHLY: 27.4 TOTAL FOR MONTH: 4.55 1 = FOG OR MIST
DPTR FM NORMAL: 0.0 DPTR FM NORMAL: 2.56 2 = FOG REDUCING VISIBILITY
HIGHEST: 48 ON 12 GRTST 24HR 1.02 ON 8- 9 TO 1/4 MILE OR LESS
LOWEST: -10 ON 14 3 = THUNDER
SNOW, ICE PELLETS, HAIL 4 = ICE PELLETS
TOTAL MONTH: M 5 = HAIL
GRTST 24HR M ON M 6 = FREEZING RAIN OR DRIZZLE
GRTST DEPTH: M ON M 7 = DUSTSTORM OR SANDSTORM:
VSBY 1/2 MILE OR LESS
8 = SMOKE OR HAZE
[NO. OF DAYS WITH] [WEATHER - DAYS WITH] 9 = BLOWING SNOW
X = TORNADO
MAX 32 OR BELOW: 8 0.01 INCH OR MORE: 14
MAX 90 OR ABOVE: 0 0.10 INCH OR MORE: 10
MIN 32 OR BELOW: 22 0.50 INCH OR MORE: 4
MIN 0 OR BELOW: 6 1.00 INCH OR MORE: 0
[HDD (BASE 65) ]
TOTAL THIS MO. 1159 CLEAR (SCALE 0-3) 6
DPTR FM NORMAL -6 PTCLDY (SCALE 4-7) 10
TOTAL FM JUL 1 2850 CLOUDY (SCALE 8-10) 15
DPTR FM NORMAL -389
[CDD (BASE 65) ]
TOTAL THIS MO. 0
DPTR FM NORMAL 0 [PRESSURE DATA]
TOTAL FM JAN 1 0 HIGHEST SLP 30.70 ON 21
DPTR FM NORMAL 0 LOWEST SLP 29.00 ON 9
[REMARKS]
#FINAL-01-24#