000
CXUS56 KHNX 011539
CF6FAT
PRELIMINARY LOCAL CLIMATOLOGICAL DATA (WS FORM: F-6)
STATION: FRESNO CA
MONTH: FEBRUARY
YEAR: 2022
LATITUDE: 36 46 N
LONGITUDE: 119 43 W
TEMPERATURE IN F: :PCPN: SNOW: WIND :SUNSHINE: SKY :PK WND
================================================================================
1 2 3 4 5 6A 6B 7 8 9 10 11 12 13 14 15 16 17 18
12Z AVG MX 2MIN
DY MAX MIN AVG DEP HDD CDD WTR SNW DPTH SPD SPD DIR MIN PSBL S-S WX SPD DR
================================================================================
1 55 38 47 -3 18 0 0.00 0.0 0 3.6 12 310 M M 4 18 17 10
2 58 36 47 -3 18 0 0.00 0.0 0 3.5 10 100 M M 2 18 14 120
3 60 36 48 -2 17 0 0.00 0.0 0 3.5 10 130 M M 4 18 12 130
4 68 36 52 2 13 0 0.00 0.0 0 2.5 8 280 M M 1 8 12 220
5 64 38 51 1 14 0 0.00 0.0 0 1.9 7 10 M M 5 9 10
6 67 36 52 1 13 0 0.00 0.0 0 2.2 6 40 M M 1 8 8 20
7 72 39 56 5 9 0 0.00 0.0 0 2.4 7 300 M M 1 8 9 300
8 72 40 56 5 9 0 0.00 0.0 0 1.1 6 270 M M 0 8 8 280
9 70 42 56 5 9 0 0.00 0.0 0 2.9 7 20 M M 2 18 9 270
10 76 42 59 8 6 0 0.00 0.0 0 2.4 8 340 M M 1 18 12 90
11 77 45 61 9 4 0 0.00 0.0 0 2.9 9 300 M M 1 8 12 300
12 82 45 64 12 1 0 0.00 0.0 0 1.9 9 130 M M 4 8 12 130
13 81 46 64 12 1 0 0.00 0.0 0 1.3 8 130 M M 2 8 10 120
14 77 46 62 10 3 0 0.00 0.0 0 5.7 22 310 M M 7 8 29 310
15 59 45 52 0 13 0 0.00 0.0 0 10.4 21 310 M M 4 27 300
16 77 38 58 6 7 0 0.00 0.0 0 3.1 10 140 M M 1 14 140
17 69 41 55 2 10 0 0.00 0.0 0 2.9 10 180 M M 1 12 180
18 70 40 55 2 10 0 0.00 0.0 0 2.6 8 340 M M 3 12 100
19 73 41 57 4 8 0 0.00 0.0 0 2.0 12 300 M M 2 14 310
20 71 44 58 5 7 0 0.00 0.0 0 4.5 15 340 M M 7 8 19 330
21 58 43 51 -3 14 0 0.00 0.0 0 7.3 17 330 M M 5 20 320
22 55 40 48 -6 17 0 0.04 0.0 0 6.7 25 290 M M 8 29 300
23 53 37 45 -9 20 0 0.00 0.0 0 6.7 18 310 M M 7 1 22 300
24 57 33 45 -9 20 0 0.00 0.0 0 4.6 13 140 M M 1 17 160
25 61 34 48 -6 17 0 0.00 0.0 0 3.1 10 300 M M 1 14 290
26 65 36 51 -4 14 0 0.00 0.0 0 2.3 10 200 M M 5 15 190
27 69 43 56 1 9 0 0.00 0.0 0 1.8 7 170 M M 6 8 12 170
28 73 43 58 3 7 0 0.00 0.0 0 2.7 8 350 M M 0 11 310
================================================================================
SM 1889 1123 308 0 0.04 0.0 98.5 M 86
================================================================================
AV 67.5 40.1 3.5 FASTST M M 3 MAX(MPH)
MISC ----> 25 290 # 29 310
================================================================================
NOTES:
# LAST OF SEVERAL OCCURRENCES
COLUMN 17 PEAK WIND IN M.P.H.
PRELIMINARY LOCAL CLIMATOLOGICAL DATA (WS FORM: F-6) , PAGE 2
STATION: FRESNO CA
MONTH: FEBRUARY
YEAR: 2022
LATITUDE: 36 46 N
LONGITUDE: 119 43 W
[TEMPERATURE DATA] [PRECIPITATION DATA] SYMBOLS USED IN COLUMN 16
AVERAGE MONTHLY: 53.8 TOTAL FOR MONTH: 0.04 1 = FOG OR MIST
DPTR FM NORMAL: 1.5 DPTR FM NORMAL: -1.89 2 = FOG REDUCING VISIBILITY
HIGHEST: 82 ON 12 GRTST 24HR 0.04 ON 22-22 TO 1/4 MILE OR LESS
LOWEST: 33 ON 24 3 = THUNDER
SNOW, ICE PELLETS, HAIL 4 = ICE PELLETS
TOTAL MONTH: 0.0 INCH 5 = HAIL
GRTST 24HR 0.0 6 = FREEZING RAIN OR DRIZZLE
GRTST DEPTH: 0 7 = DUSTSTORM OR SANDSTORM:
VSBY 1/2 MILE OR LESS
8 = SMOKE OR HAZE
[NO. OF DAYS WITH] [WEATHER - DAYS WITH] 9 = BLOWING SNOW
X = TORNADO
MAX 32 OR BELOW: 0 0.01 INCH OR MORE: 1
MAX 90 OR ABOVE: 0 0.10 INCH OR MORE: 0
MIN 32 OR BELOW: 0 0.50 INCH OR MORE: 0
MIN 0 OR BELOW: 0 1.00 INCH OR MORE: 0
[HDD (BASE 65) ]
TOTAL THIS MO. 308 CLEAR (SCALE 0-3) 15
DPTR FM NORMAL -48 PTCLDY (SCALE 4-7) 13
TOTAL FM JUL 1 1573 CLOUDY (SCALE 8-10) 0
DPTR FM NORMAL -207
[CDD (BASE 65) ]
TOTAL THIS MO. 0
DPTR FM NORMAL 0 [PRESSURE DATA]
TOTAL FM JAN 1 0 HIGHEST SLP 30.47 ON 4
DPTR FM NORMAL 0 LOWEST SLP 29.83 ON 15
[REMARKS]
#FINAL-02-22#