000
CXUS53 KGLD 010800
CF6HLC
PRELIMINARY LOCAL CLIMATOLOGICAL DATA (WS FORM: F-6)
STATION: HILL CITY KS
MONTH: MARCH
YEAR: 2023
LATITUDE: 39 22 N
LONGITUDE: 99 50 W
TEMPERATURE IN F: :PCPN: SNOW: WIND :SUNSHINE: SKY :PK WND
================================================================================
1 2 3 4 5 6A 6B 7 8 9 10 11 12 13 14 15 16 17 18
12Z AVG MX 2MIN
DY MAX MIN AVG DEP HDD CDD WTR SNW DPTH SPD SPD DIR MIN PSBL S-S WX SPD DR
================================================================================
1 54 23 39 2 26 0 0.00 M M 9.1 21 330 M M 2 32 320
2 44 25 35 -3 30 0 0.00 M M 7.0 15 80 M M 5 21 80
3 59 22 41 3 24 0 0.00 M M 7.9 20 320 M M 1 28 310
4 54 30 42 4 23 0 0.04 M M 8.5 22 320 M M 2 31 320
5 69 28 49 10 16 0 0.00 M M 9.2 17 360 M M 0 24 350
6 50 33 42 3 23 0 0.00 M M 14.3 21 40 M M 3 32 50
7 36 29 33 -7 32 0 0.00 M M 10.3 17 50 M M 10 8 22 60
8 39 32 36 -4 29 0 0.00 M M 9.8 17 360 M M 10 18 24 360
9 47 24 36 -4 29 0 0.01 M M 9.0 21 350 M M 7 1 27 350
10 47 15 31 -10 34 0 0.00 M M 8.5 22 130 M M 3 30 150
11 55 28 42 1 23 0 0.09 M M 9.1 24 360 M M 5 18 33 10
12 46 24 35 -7 30 0 0.00 M M 10.4 22 360 M M 3 30 360
13 41 20 31 -11 34 0 0.00 M M 4.2 13 130 M M 8 17 130
14 65 21 43 1 22 0 0.00 M M 12.7 24 180 M M 0 36 190
15 73 39 56 13 9 0 0.00 M M 12.9 24 170 M M 0 36 180
16 56 22 39 -4 26 0 0.01 M M 22.9 37 350 M M 6 1 54 360
17 49 18 34 -10 31 0 0.00 M M 12.9 30 320 M M 1 39 320
18 37 9 23 -21 42 0 0.00 M M 9.7 24 340 M M 2 33 340
19 58 8 33 -11 32 0 0.00 M M 13.5 25 200 M M 0 40 200
20 65 37 51 6 14 0 0.00 M M 14.2 23 200 M M 0 36 190
21 64 33 49 4 16 0 0.00 M M 6.8 17 170 M M 1 24 160
22 50 34 42 -3 23 0 0.00 M M 13.0 23 30 M M 9 12 30 30
23 49 31 40 -6 25 0 0.00 M M 7.4 24 20 M M 4 31 30
24 48 33 41 -5 24 0 0.13 M M 3.8 9 260 M M 10 1 13 270
25 48 27 38 -8 27 0 0.02 M M 13.3 33 280 M M 4 1 46 280
26 40 24 32 -15 33 0 0.00 M M 7.9 21 340 M M 9 27 340
27 39 20 30 -17 35 0 0.04 M M 7.7 16 30 M M 8 18 24 100
28 53 13 33 -14 32 0 0.00 M M 7.9 16 210 M M 0 1 24 200
29 57 28 43 -5 22 0 0.00 M M 10.8 21 60 M M 0 29 60
30 80 29 55 7 10 0 0.00 M M 14.7 33 170 M M 3 54 160
31 64 34 49 1 16 0 T M M 19.2 37 300 M M 2 52 320
================================================================================
SM 1636 793 792 0 0.34 M 328.6 M 118
================================================================================
AV 52.8 25.6 10.6 FASTST M M 4 MAX(MPH)
MISC ----> # 37 350 # 54 360
================================================================================
NOTES:
# LAST OF SEVERAL OCCURRENCES
COLUMN 17 PEAK WIND IN M.P.H.
PRELIMINARY LOCAL CLIMATOLOGICAL DATA (WS FORM: F-6) , PAGE 2
STATION: HILL CITY KS
MONTH: MARCH
YEAR: 2023
LATITUDE: 39 22 N
LONGITUDE: 99 50 W
[TEMPERATURE DATA] [PRECIPITATION DATA] SYMBOLS USED IN COLUMN 16
AVERAGE MONTHLY: 39.2 TOTAL FOR MONTH: 0.34 1 = FOG OR MIST
DPTR FM NORMAL: -3.8 DPTR FM NORMAL: -0.74 2 = FOG REDUCING VISIBILITY
HIGHEST: 80 ON 30 GRTST 24HR 0.13 ON 24-24 TO 1/4 MILE OR LESS
LOWEST: 8 ON 19 3 = THUNDER
SNOW, ICE PELLETS, HAIL 4 = ICE PELLETS
TOTAL MONTH: M 5 = HAIL
GRTST 24HR M ON M 6 = FREEZING RAIN OR DRIZZLE
GRTST DEPTH: M ON M 7 = DUSTSTORM OR SANDSTORM:
VSBY 1/2 MILE OR LESS
8 = SMOKE OR HAZE
[NO. OF DAYS WITH] [WEATHER - DAYS WITH] 9 = BLOWING SNOW
X = TORNADO
MAX 32 OR BELOW: 0 0.01 INCH OR MORE: 7
MAX 90 OR ABOVE: 0 0.10 INCH OR MORE: 1
MIN 32 OR BELOW: 24 0.50 INCH OR MORE: 0
MIN 0 OR BELOW: 0 1.00 INCH OR MORE: 0
[HDD (BASE 65) ]
TOTAL THIS MO. 792 CLEAR (SCALE 0-3) 18
DPTR FM NORMAL 111 PTCLDY (SCALE 4-7) 8
TOTAL FM JUL 1 4945 CLOUDY (SCALE 8-10) 5
DPTR FM NORMAL 113
[CDD (BASE 65) ]
TOTAL THIS MO. 0
DPTR FM NORMAL -1 [PRESSURE DATA]
TOTAL FM JAN 1 0 HIGHEST SLP M ON M
DPTR FM NORMAL -1 LOWEST SLP 29.33 ON 30
[REMARKS]
#FINAL-03-23#