000
CXUS51 KPBZ 280730
CF6HLG
PRELIMINARY LOCAL CLIMATOLOGICAL DATA (WS FORM: F-6)
STATION: WHEELING WV
MONTH: MARCH
YEAR: 2024
LATITUDE: 40 10 N
LONGITUDE: 80 39 W
TEMPERATURE IN F: :PCPN: SNOW: WIND :SUNSHINE: SKY :PK WND
================================================================================
1 2 3 4 5 6A 6B 7 8 9 10 11 12 13 14 15 16 17 18
12Z AVG MX 2MIN
DY MAX MIN AVG DEP HDD CDD WTR SNW DPTH SPD SPD DIR MIN PSBL S-S WX SPD DR
================================================================================
1 52 26 39 3 26 0 0.09 M M 7.4 15 170 M M 3 1 19 130
2 52 43 48 12 17 0 0.14 M M 3.7 9 230 M M 10 1 13 230
3 68 41 55 19 10 0 0.00 M M 3.2 12 130 M M 4 12 16 120
4 75 47 61 25 4 0 0.00 M M 6.0 15 200 M M 1 21 200
5 75 50 63 26 2 0 0.28 M M 7.0 24 260 M M 3 123 37 280
6 61 47 54 17 11 0 0.15 M M 5.6 17 340 M M 10 12 21 340
7 48 41 45 8 20 0 0.00 M M 6.1 15 340 M M 10 1 21 360
8 64 45 55 17 10 0 T M M 9.4 15 160 M M 4 23 120
9 57 39 48 10 17 0 0.37 M M 11.3 18 300 M M 10 1 27 170
10 39 30 35 -3 30 0 0.02 M M 16.3 31 270 M M 9 18 49 250
11 52 29 41 2 24 0 0.00 M M 11.7 23 280 M M 1 30 220
12 68 42 55 16 10 0 0.00 M M 10.4 22 260 M M 0 30 270
13 71 48 60 21 5 0 0.00 M M 7.4 20 260 M M 0 29 230
14 74 46 60 20 5 0 0.38 M M 9.2 29 250 M M 3 13 45 250
15 59 41 50 10 15 0 0.02 M M 10.0 20 220 M M 9 1 30 210
16 61 35 48 8 17 0 0.00 M M 10.9 23 220 M M 3 1 38 230
17 55 34 45 4 20 0 T M M 13.4 29 260 M M 6 46 250
18 34 27 31 -10 34 0 T M M 9.8 17 260 M M 7 8 26 260
19 46 29 38 -3 27 0 0.00 M M 14.6 24 220 M M 9 39 230
20 50 27 39 -3 26 0 0.00 M M 13.7 32 270 M M 7 49 280
21 42 22 32 -10 33 0 0.00 M M 6.7 13 270 M M 0 18 290
22 56 25 41 -1 24 0 0.03 M M 6.0 15 100 M M 5 1 19 110
23 42 28 35 -8 30 0 0.05 M M 13.1 22 320 M M 9 1 33 340
24 48 24 36 -7 29 0 0.00 M M 8.9 15 100 M M 0 22 80
25 69 36 53 9 12 0 0.00 M M 11.6 20 120 M M 0 31 120
26 54 43 49 5 16 0 0.96 M M 10.4 18 150 M M 7 1 32 160
27 61 39 50 6 15 0 0.00 M M 9.8 18 320 M M 6 28 260
================================================================================
SM 1533 984 489 0 2.49 M 253.6 M 136
================================================================================
AV 56.8 36.4 9.4 FASTST M M 5 MAX(MPH)
MISC ----> 32 270 # 49 250
================================================================================
NOTES:
# LAST OF SEVERAL OCCURRENCES
COLUMN 17 PEAK WIND IN M.P.H.
PRELIMINARY LOCAL CLIMATOLOGICAL DATA (WS FORM: F-6) , PAGE 2
STATION: WHEELING WV
MONTH: MARCH
YEAR: 2024
LATITUDE: 40 10 N
LONGITUDE: 80 39 W
[TEMPERATURE DATA] [PRECIPITATION DATA] SYMBOLS USED IN COLUMN 16
AVERAGE MONTHLY: 46.6 TOTAL FOR MONTH: 2.49 1 = FOG OR MIST
DPTR FM NORMAL: 6.9 DPTR FM NORMAL: -0.07 2 = FOG REDUCING VISIBILITY
HIGHEST: 75 ON 5, 4 GRTST 24HR 0.96 ON 26-26 TO 1/4 MILE OR LESS
LOWEST: 22 ON 21 3 = THUNDER
SNOW, ICE PELLETS, HAIL 4 = ICE PELLETS
TOTAL MONTH: M 5 = HAIL
GRTST 24HR M ON M 6 = FREEZING RAIN OR DRIZZLE
GRTST DEPTH: M ON M 7 = DUSTSTORM OR SANDSTORM:
VSBY 1/2 MILE OR LESS
8 = SMOKE OR HAZE
[NO. OF DAYS WITH] [WEATHER - DAYS WITH] 9 = BLOWING SNOW
X = TORNADO
MAX 32 OR BELOW: 0 0.01 INCH OR MORE: 11
MAX 90 OR ABOVE: 0 0.10 INCH OR MORE: 6
MIN 32 OR BELOW: 10 0.50 INCH OR MORE: 1
MIN 0 OR BELOW: 0 1.00 INCH OR MORE: 0
[HDD (BASE 65) ]
TOTAL THIS MO. 489 CLEAR (SCALE 0-3) 9
DPTR FM NORMAL -193 PTCLDY (SCALE 4-7) 10
TOTAL FM JUL 1 3839 CLOUDY (SCALE 8-10) 8
DPTR FM NORMAL -902
[CDD (BASE 65) ]
TOTAL THIS MO. 0
DPTR FM NORMAL 0 [PRESSURE DATA]
TOTAL FM JAN 1 0 HIGHEST SLP M ON M
DPTR FM NORMAL 0 LOWEST SLP 29.58 ON 9
[REMARKS]