000
CXUS56 KTFX 220801
CF6HLN
PRELIMINARY LOCAL CLIMATOLOGICAL DATA (WS FORM: F-6)
STATION: HELENA MT
MONTH: NOVEMBER
YEAR: 2022
LATITUDE: 46 35 N
LONGITUDE: 112 0 W
TEMPERATURE IN F: :PCPN: SNOW: WIND :SUNSHINE: SKY :PK WND
================================================================================
1 2 3 4 5 6A 6B 7 8 9 10 11 12 13 14 15 16 17 18
12Z AVG MX 2MIN
DY MAX MIN AVG DEP HDD CDD WTR SNW DPTH SPD SPD DIR MIN PSBL S-S WX SPD DR
================================================================================
1 68 41 55 17 10 0 0.00 0.0 0 8.6 26 200 M M 1 40 200
2 42 27 35 -3 30 0 0.15 1.3 0 6.5 20 280 M M 7 1 25 290
3 41 21 31 -7 34 0 0.00 0.0 0 6.5 20 250 M M 6 27 260
4 51 30 41 4 24 0 0.00 0.0 0 5.4 22 250 M M 8 30 250
5 55 29 42 5 23 0 0.01 0.5 0 19.8 47 280 M M 3 1 68 250
6 32 20 26 -10 39 0 T T T 9.2 20 270 M M 6 8 27 260
7 20 8 14 -22 51 0 0.25 3.5 4 8.7 22 290 M M 7 8 28 300
8 12 5 9 -27 56 0 0.19 3.5 3 8.7 15 270 M M 9 8 19 270
9 10 1 6 -29 59 0 0.23 2.5 4 7.7 18 330 M M 9 8 22 330
10 17 -5 6 -29 59 0 T 0.3 5 1.4 7 90 M M 6 8 8 60
11 20 1 11 -23 54 0 T T 4 1.7 7 320 M M 3 128 9 320
12 18 2 10 -24 55 0 T T 4 1.5 6 340 M M 4 128 7 360
13 25 3 14 -20 51 0 0.00 0.0 4 1.2 6 180 M M 6 18 7 10
14 31 9 20 -13 45 0 0.02 0.2 4 3.8 14 290 M M 10 18 17 290
15 32 20 26 -7 39 0 0.00 0.0 4 5.0 14 290 M M 7 17 290
16 34 17 26 -7 39 0 0.02 0.7 4 6.8 24 350 M M 6 18 29 350
17 23 -2 11 -21 54 0 T T 3 8.3 20 20 M M 7 25 30
18 14 -6 4 -28 61 0 0.00 0.0 3 2.1 8 250 M M 1 8 9 260
19 14 -6 4 -28 61 0 0.00 0.0 3 1.5 7 310 M M 1 128 8 300
20 24 0 12 -19 53 0 0.00 0.0 3 1.2 7 150 M M 1 128 7 150
21 29 9 19 -12 46 0 0.00 0.0 3 1.5 10 210 M M 5 8 12 210
22 42 12 27 -3 38 0 0.00 0.0 3 2.3 13 180 M M 3 16 170
23 42 27 35 5 30 0 0.00 0.0 2 11.5 24 270 M M 7 34 260
24 35 18 27 -3 38 0 0.00 0.0 2 3.1 12 290 M M 0 14 290
25 38 17 28 -1 37 0 0.00 0.0 2 2.0 10 30 M M 0 11 20
26 42 25 34 5 31 0 0.00 0.0 2 8.4 25 270 M M 4 31 280
27 45 25 35 6 30 0 0.03 T 1 12.1 35 310 M M 6 128 50 310
28 26 8 17 -11 48 0 T T 1 8.5 21 280 M M 7 26 280
29 15 1 8 -20 57 0 0.02 T 1 5.0 14 310 M M 5 8 19 340
30 27 -1 13 -15 52 0 0.00 0.0 1 2.4 9 290 M M 4 10 310
================================================================================
SM 924 356 1304 0 0.92 12.5 172.4 M 149
================================================================================
AV 30.8 11.9 5.7 FASTST M M 5 MAX(MPH)
MISC ----> 47 280 68 250
================================================================================
NOTES:
# LAST OF SEVERAL OCCURRENCES
COLUMN 17 PEAK WIND IN M.P.H.
PRELIMINARY LOCAL CLIMATOLOGICAL DATA (WS FORM: F-6) , PAGE 2
STATION: HELENA MT
MONTH: NOVEMBER
YEAR: 2022
LATITUDE: 46 35 N
LONGITUDE: 112 0 W
[TEMPERATURE DATA] [PRECIPITATION DATA] SYMBOLS USED IN COLUMN 16
AVERAGE MONTHLY: 21.3 TOTAL FOR MONTH: 0.92 1 = FOG OR MIST
DPTR FM NORMAL: -11.5 DPTR FM NORMAL: 0.33 2 = FOG REDUCING VISIBILITY
HIGHEST: 68 ON 1 GRTST 24HR 0.31 ON 7- 8 TO 1/4 MILE OR LESS
LOWEST: -6 ON 19,18 3 = THUNDER
SNOW, ICE PELLETS, HAIL 4 = ICE PELLETS
TOTAL MONTH: 12.5 INCHES 5 = HAIL
GRTST 24HR 3.5 ON 7- 7 6 = FREEZING RAIN OR DRIZZLE
GRTST DEPTH: 5 ON 10 7 = DUSTSTORM OR SANDSTORM:
VSBY 1/2 MILE OR LESS
8 = SMOKE OR HAZE
[NO. OF DAYS WITH] [WEATHER - DAYS WITH] 9 = BLOWING SNOW
X = TORNADO
MAX 32 OR BELOW: 18 0.01 INCH OR MORE: 9
MAX 90 OR ABOVE: 0 0.10 INCH OR MORE: 4
MIN 32 OR BELOW: 29 0.50 INCH OR MORE: 0
MIN 0 OR BELOW: 6 1.00 INCH OR MORE: 0
[HDD (BASE 65) ]
TOTAL THIS MO. 1304 CLEAR (SCALE 0-3) 7
DPTR FM NORMAL 338 PTCLDY (SCALE 4-7) 20
TOTAL FM JUL 1 1870 CLOUDY (SCALE 8-10) 3
DPTR FM NORMAL 27
[CDD (BASE 65) ]
TOTAL THIS MO. 0
DPTR FM NORMAL 0 [PRESSURE DATA]
TOTAL FM JAN 1 751 HIGHEST SLP 30.91 ON 17
DPTR FM NORMAL 318 LOWEST SLP 29.15 ON 5
[REMARKS]
#FINAL-11-22#