000
CXUS42 TJSJ 010426
CF6JSJ
PRELIMINARY LOCAL CLIMATOLOGICAL DATA (WS FORM: F-6)
STATION: SAN JUAN AREA/PR
MONTH: JULY
YEAR: 2020
LATITUDE: 18 25 N
LONGITUDE: 66 0 W
TEMPERATURE IN F: :PCPN: SNOW: WIND :SUNSHINE: SKY :PK WND
================================================================================
1 2 3 4 5 6A 6B 7 8 9 10 11 12 13 14 15 16 17 18
12Z AVG MX 2MIN
DY MAX MIN AVG DEP HDD CDD WTR SNW DPTH SPD SPD DIR MIN PSBL S-S WX SPD DR
================================================================================
1 90 79 85 2 0 20 0.25 0.0 0 10.2 22 60 M M 3 13 27 80
2 91 80 86 3 0 21 T 0.0 0 10.4 22 70 M M 3 28 70
3 92 81 87 4 0 22 0.01 0.0 0 10.8 24 60 M M 2 28 60
4 91 81 86 3 0 21 0.00 0.0 0 11.8 23 60 M M 3 28 50
5 90 79 85 2 0 20 0.02 0.0 0 9.5 24 60 M M 4 28 60
6 90 80 85 2 0 20 0.02 0.0 0 12.7 23 60 M M 4 29 60
7 89 78 84 1 0 19 0.78 0.0 0 9.9 28 80 M M 6 13 33 80
8 91 80 86 3 0 21 0.03 0.0 0 8.0 20 90 M M 4 35 90
9 90 80 85 2 0 20 0.02 0.0 0 11.1 24 80 M M 3 28 80
10 91 79 85 2 0 20 0.17 0.0 0 10.4 25 80 M M 4 18 32 80
11 91 79 85 2 0 20 0.03 0.0 0 12.9 25 80 M M 4 30 60
12 89 77 83 0 0 18 1.23 0.0 0 8.9 22 80 M M 6 13 26 90
13 90 80 85 2 0 20 0.09 0.0 0 11.6 26 90 M M 5 18 30 80
14 90 81 86 3 0 21 T 0.0 0 12.1 22 70 M M 4 26 90
15 89 79 84 1 0 19 0.05 0.0 0 9.6 18 70 M M 4 24 90
16 88 77 83 0 0 18 0.48 0.0 0 7.7 22 60 M M 4 1 27 70
17 90 79 85 2 0 20 0.01 0.0 0 10.4 22 60 M M 4 27 80
18 88 79 84 1 0 19 0.08 0.0 0 6.3 18 60 M M 4 8 21 70
19 89 79 84 1 0 19 0.00 0.0 0 10.2 25 70 M M 3 29 60
20 90 78 84 1 0 19 0.02 0.0 0 9.5 23 60 M M 4 33 80
21 90 79 85 2 0 20 0.18 0.0 0 9.8 23 60 M M 4 18 29 70
22 89 79 84 1 0 19 0.02 0.0 0 9.5 24 70 M M 4 1 30 60
23 89 77 83 0 0 18 0.33 0.0 0 10.2 25 60 M M 4 1 30 70
24 89 78 84 1 0 19 0.09 0.0 0 8.8 20 70 M M 5 13 23 70
25 91 81 86 3 0 21 0.03 0.0 0 11.4 25 70 M M 5 18 32 80
26 89 81 85 2 0 20 0.03 0.0 0 14.4 22 80 M M 4 1 28 60
27 89 79 84 1 0 19 0.29 0.0 0 10.0 20 80 M M 4 1 25 40
28 90 79 85 2 0 20 0.10 0.0 0 14.9 25 80 M M 6 1 32 60
29 88 78 83 -1 0 18 1.58 0.0 0 16.5 22 60 M M 6 1 43 70
30 85 76 81 -3 0 16 4.46 0.0 0 9.5 25 120 M M 8 1 40 110
31 91 79 85 1 0 20 0.02 0.0 0 12.2 23 70 M M 4 29 60
================================================================================
SM 2779 2451 0 607 10.42 0.0 331.2 M 132
================================================================================
AV 89.7 79.1 10.7 FASTST M M 4 MAX(MPH)
MISC ----> # 28 80 # 43 70
================================================================================
NOTES:
# LAST OF SEVERAL OCCURRENCES
COLUMN 17 PEAK WIND IN M.P.H.
PRELIMINARY LOCAL CLIMATOLOGICAL DATA (WS FORM: F-6) , PAGE 2
STATION: SAN JUAN AREA/PR
MONTH: JULY
YEAR: 2020
LATITUDE: 18 25 N
LONGITUDE: 66 0 W
[TEMPERATURE DATA] [PRECIPITATION DATA] SYMBOLS USED IN COLUMN 16
AVERAGE MONTHLY: 84.4 TOTAL FOR MONTH: 10.42 1 = FOG OR MIST
DPTR FM NORMAL: 1.0 DPTR FM NORMAL: 5.35 2 = FOG REDUCING VISIBILITY
HIGHEST: 92 ON 3 GRTST 24HR 4.46 ON 30-30 TO 1/4 MILE OR LESS
LOWEST: 76 ON 30 3 = THUNDER
SNOW, ICE PELLETS, HAIL 4 = ICE PELLETS
TOTAL MONTH: 0.0 INCH 5 = HAIL
GRTST 24HR 0.0 6 = FREEZING RAIN OR DRIZZLE
GRTST DEPTH: 0 7 = DUSTSTORM OR SANDSTORM:
VSBY 1/2 MILE OR LESS
8 = SMOKE OR HAZE
[NO. OF DAYS WITH] [WEATHER - DAYS WITH] 9 = BLOWING SNOW
X = TORNADO
MAX 32 OR BELOW: 0 0.01 INCH OR MORE: 27
MAX 90 OR ABOVE: 18 0.10 INCH OR MORE: 11
MIN 32 OR BELOW: 0 0.50 INCH OR MORE: 4
MIN 0 OR BELOW: 0 1.00 INCH OR MORE: 3
[HDD (BASE 65) ]
TOTAL THIS MO. 0 CLEAR (SCALE 0-3) 1
DPTR FM NORMAL 0 PTCLDY (SCALE 4-7) 30
TOTAL FM JUL 1 0 CLOUDY (SCALE 8-10) 0
DPTR FM NORMAL 0
[CDD (BASE 65) ]
TOTAL THIS MO. 607
DPTR FM NORMAL 37 [PRESSURE DATA]
TOTAL FM JAN 1 3591 HIGHEST SLP M ON M
DPTR FM NORMAL 307 LOWEST SLP 29.76 ON 30
[REMARKS]
#FINAL-07-20#