000
CXUS53 KJKL 011310
CF6LOZ
PRELIMINARY LOCAL CLIMATOLOGICAL DATA (WS FORM: F-6)
STATION: LONDON KY
MONTH: SEPTEMBER
YEAR: 2022
LATITUDE: 37 4 N
LONGITUDE: 84 5 W
TEMPERATURE IN F: :PCPN: SNOW: WIND :SUNSHINE: SKY :PK WND
================================================================================
1 2 3 4 5 6A 6B 7 8 9 10 11 12 13 14 15 16 17 18
12Z AVG MX 2MIN
DY MAX MIN AVG DEP HDD CDD WTR SNW DPTH SPD SPD DIR MIN PSBL S-S WX SPD DR
================================================================================
1 84 57 71 -2 0 6 0.00 M M 2.8 10 100 M M 0 1 17 70
2 87 61 74 1 0 9 0.00 M M 2.8 15 200 M M 2 23 190
3 81 70 76 3 0 11 0.06 M M 3.9 13 170 M M 9 1 23 160
4 81 68 75 3 0 10 0.06 M M 3.2 12 130 M M 7 13 18 110
5 78 69 74 2 0 9 0.20 M M 1.8 6 190 M M 7 1 8 200
6 85 68 77 5 0 12 0.45 M M 4.8 13 270 M M 8 13 21 300
7 79 61 70 -2 0 5 T M M 5.5 15 10 M M 6 21 10
8 80 56 68 -3 0 3 0.00 M M 4.0 13 30 M M 1 22 30
9 84 59 72 1 0 7 0.00 M M 2.2 10 110 M M 1 16 90
10 75 66 71 0 0 6 0.03 M M 1.9 10 180 M M 8 1 14 170
11 80 67 74 4 0 9 1.04 M M 3.5 16 280 M M 9 13 23 260
12 73 54 64 -6 1 0 0.02 M M 5.8 14 290 M M 6 1 22 300
13 75 50 63 -7 2 0 0.00 M M 3.4 13 270 M M 3 18 290
14 77 53 65 -5 0 0 0.00 M M 2.7 13 20 M M 3 12 19 30
15 79 52 66 -3 0 1 0.00 M M 1.8 12 90 M M 0 17 100
16 81 54 68 -1 0 3 0.00 M M 1.2 10 250 M M 1 1 14 260
17 82 59 71 3 0 6 0.00 M M 1.6 10 190 M M 3 1 14 160
18 82 57 70 2 0 5 0.00 M M 2.3 12 250 M M 2 1 15 200
19 83 59 71 3 0 6 0.00 M M 3.1 13 270 M M 1 1 19 210
20 89 63 76 9 0 11 0.00 M M 1.4 8 30 M M 1 1 13 30
21 90 60 75 8 0 10 0.00 M M 2.8 10 210 M M 0 1 17 250
22 75 54 65 -2 0 0 T M M 7.2 18 350 M M 3 32 360
23 70 45 58 -8 7 0 0.00 M M 3.2 12 70 M M 0 17 90
24 73 55 64 -2 1 0 0.02 M M 4.4 15 200 M M 6 23 180
25 77 53 65 -1 0 0 0.21 M M 5.4 16 250 M M 3 13 24 230
26 72 48 60 -5 5 0 0.00 M M 6.6 22 280 M M 2 31 260
27 68 41 55 -10 10 0 0.00 M M 4.7 17 260 M M 0 24 300
28 62 38 50 -14 15 0 0.00 M M 6.1 20 340 M M 3 27 340
29 67 42 55 -9 10 0 0.00 M M 8.3 18 10 M M 2 26 360
30 70 44 57 -7 8 0 0.00 M M 7.9 17 40 M M 1 26 30
================================================================================
SM 2339 1683 59 129 2.09 M 116.3 M 98
================================================================================
AV 78.0 56.1 3.9 FASTST M M 3 MAX(MPH)
MISC ----> 22 280 32 360
================================================================================
NOTES:
# LAST OF SEVERAL OCCURRENCES
COLUMN 17 PEAK WIND IN M.P.H.
PRELIMINARY LOCAL CLIMATOLOGICAL DATA (WS FORM: F-6) , PAGE 2
STATION: LONDON KY
MONTH: SEPTEMBER
YEAR: 2022
LATITUDE: 37 4 N
LONGITUDE: 84 5 W
[TEMPERATURE DATA] [PRECIPITATION DATA] SYMBOLS USED IN COLUMN 16
AVERAGE MONTHLY: 67.0 TOTAL FOR MONTH: 2.09 1 = FOG OR MIST
DPTR FM NORMAL: -1.8 DPTR FM NORMAL: -1.46 2 = FOG REDUCING VISIBILITY
HIGHEST: 90 ON 21 GRTST 24HR 1.06 ON 11-12 TO 1/4 MILE OR LESS
LOWEST: 38 ON 28 3 = THUNDER
SNOW, ICE PELLETS, HAIL 4 = ICE PELLETS
TOTAL MONTH: M 5 = HAIL
GRTST 24HR M ON M 6 = FREEZING RAIN OR DRIZZLE
GRTST DEPTH: M ON M 7 = DUSTSTORM OR SANDSTORM:
VSBY 1/2 MILE OR LESS
8 = SMOKE OR HAZE
[NO. OF DAYS WITH] [WEATHER - DAYS WITH] 9 = BLOWING SNOW
X = TORNADO
MAX 32 OR BELOW: 0 0.01 INCH OR MORE: 9
MAX 90 OR ABOVE: 1 0.10 INCH OR MORE: 4
MIN 32 OR BELOW: 0 0.50 INCH OR MORE: 1
MIN 0 OR BELOW: 0 1.00 INCH OR MORE: 1
[HDD (BASE 65) ]
TOTAL THIS MO. 59 CLEAR (SCALE 0-3) 19
DPTR FM NORMAL 21 PTCLDY (SCALE 4-7) 9
TOTAL FM JUL 1 59 CLOUDY (SCALE 8-10) 2
DPTR FM NORMAL 22
[CDD (BASE 65) ]
TOTAL THIS MO. 129
DPTR FM NORMAL -23 [PRESSURE DATA]
TOTAL FM JAN 1 1285 HIGHEST SLP 30.39 ON 29
DPTR FM NORMAL 93 LOWEST SLP 29.77 ON 25
[REMARKS]
#FINAL-09-22#