000
CXUS54 KHGX 011410
CF6LVJ
PRELIMINARY LOCAL CLIMATOLOGICAL DATA (WS FORM: F-6)
STATION: HOUSTON/CLOVER_FIELD
MONTH: OCTOBER
YEAR: 2023
LATITUDE: 29 31 N
LONGITUDE: 95 14 W
TEMPERATURE IN F: :PCPN: SNOW: WIND :SUNSHINE: SKY :PK WND
================================================================================
1 2 3 4 5 6A 6B 7 8 9 10 11 12 13 14 15 16 17 18
12Z AVG MX 2MIN
DY MAX MIN AVG DEP HDD CDD WTR SNW DPTH SPD SPD DIR MIN PSBL S-S WX SPD DR
================================================================================
1 93 73 83 5 0 18 0.00 0.0 0 7.4 20 110 M M 0 27 70
2 90 73 82 4 0 17 0.00 0.0 0 6.9 20 110 M M 0 18 26 110
3 81 75 78 1 0 13 1.19 0.0 0 5.9 18 130 M M 9 138 25 130
4 85 76 81 4 0 16 0.67 0.0 0 6.4 16 130 M M 9 138 26 130
5 81 72 77 0 0 12 0.67 0.0 0 6.6 23 10 M M 5 13 34 20
6 85 68 77 1 0 12 0.00 0.0 0 8.1 17 50 M M 1 24 30
7 78 63 71 -5 0 6 0.00 0.0 0 9.2 20 30 M M 0 29 40
8 75 57 66 -10 0 1 0.00 0.0 0 4.1 13 80 M M 0 18 80
9 82 56 69 -7 0 4 0.00 0.0 0 2.1 10 150 M M 0 17 210
10 80 64 72 -3 0 7 T 0.0 0 2.6 10 140 M M 4 15 170
11 71 65 68 -7 0 3 0.27 0.0 0 6.6 18 90 M M 8 1 30 70
12 81 63 72 -2 0 7 0.00 0.0 0 5.6 15 140 M M 5 20 140
13 88 68 78 4 0 13 0.00 0.0 0 3.3 10 130 M M 3 14 120
14 79 63 71 -3 0 6 0.00 0.0 0 9.5 18 360 M M 2 24 350
15 73 56 65 -9 0 0 0.00 0.0 0 9.6 21 350 M M 0 34 360
16 70 50 60 -13 5 0 0.00 0.0 0 7.1 17 350 M M 0 28 320
17 75 46 61 -12 4 0 0.00 0.0 0 1.7 8 170 M M 0 12 190
18 81 53 67 -5 0 2 0.00 0.0 0 4.1 16 160 M M 1 21 170
19 86 60 73 1 0 8 0.00 0.0 0 2.1 10 260 M M 1 17 290
20 90 61 76 4 0 11 0.00 0.0 0 3.1 9 260 M M 0 14 290
21 90 60 75 3 0 10 0.00 0.0 0 2.9 10 180 M M 0 8 16 170
22 85 69 77 6 0 12 0.06 0.0 0 5.6 16 140 M M 2 1 22 140
23 87 72 80 9 0 15 0.03 0.0 0 8.4 18 130 M M 3 1 29 120
24 85 74 80 10 0 15 0.00 0.0 0 11.3 21 140 M M 4 31 150
25 87 75 81 11 0 16 0.14 0.0 0 11.9 22 140 M M 7 1 31 150
26 84 74 79 9 0 14 0.06 0.0 0 5.8 10 140 M M 8 13 15 130
27 87 76 82 13 0 17 0.00 0.0 0 6.6 13 150 M M 2 16 170
28 87 73 80 11 0 15 0.00 0.0 0 6.6 15 140 M M 2 23 140
29 88 56 72 3 0 7 0.00 0.0 0 7.2 22 340 M M 4 29 340
30 56 48 52 -16 13 0 T 0.0 0 14.7 26 350 M M 10 1 49 350
31 60 45 53 -15 12 0 T 0.0 0 10.6 18 360 M M 6 30 350
================================================================================
SM 2520 1984 34 277 3.09 0.0 203.6 M 96
================================================================================
AV 81.3 64.0 6.6 FASTST M M 3 MAX(MPH)
MISC ----> 26 350 49 350
================================================================================
NOTES:
# LAST OF SEVERAL OCCURRENCES
COLUMN 17 PEAK WIND IN M.P.H.
PRELIMINARY LOCAL CLIMATOLOGICAL DATA (WS FORM: F-6) , PAGE 2
STATION: HOUSTON/CLOVER_FIELD
MONTH: OCTOBER
YEAR: 2023
LATITUDE: 29 31 N
LONGITUDE: 95 14 W
[TEMPERATURE DATA] [PRECIPITATION DATA] SYMBOLS USED IN COLUMN 16
AVERAGE MONTHLY: 72.6 TOTAL FOR MONTH: 3.09 1 = FOG OR MIST
DPTR FM NORMAL: -0.5 DPTR FM NORMAL: -2.68 2 = FOG REDUCING VISIBILITY
HIGHEST: 93 ON 1 GRTST 24HR 1.19 ON 3- 3 TO 1/4 MILE OR LESS
LOWEST: 45 ON 31 3 = THUNDER
SNOW, ICE PELLETS, HAIL 4 = ICE PELLETS
TOTAL MONTH: 0.0 INCH 5 = HAIL
GRTST 24HR 0.0 6 = FREEZING RAIN OR DRIZZLE
GRTST DEPTH: 0 7 = DUSTSTORM OR SANDSTORM:
VSBY 1/2 MILE OR LESS
8 = SMOKE OR HAZE
[NO. OF DAYS WITH] [WEATHER - DAYS WITH] 9 = BLOWING SNOW
X = TORNADO
MAX 32 OR BELOW: 0 0.01 INCH OR MORE: 8
MAX 90 OR ABOVE: 4 0.10 INCH OR MORE: 5
MIN 32 OR BELOW: 0 0.50 INCH OR MORE: 3
MIN 0 OR BELOW: 0 1.00 INCH OR MORE: 1
[HDD (BASE 65) ]
TOTAL THIS MO. 34 CLEAR (SCALE 0-3) 17
DPTR FM NORMAL 17 PTCLDY (SCALE 4-7) 10
TOTAL FM JUL 1 34 CLOUDY (SCALE 8-10) 4
DPTR FM NORMAL 19
[CDD (BASE 65) ]
TOTAL THIS MO. 277
DPTR FM NORMAL 9 [PRESSURE DATA]
TOTAL FM JAN 1 4091 HIGHEST SLP 30.39 ON 31
DPTR FM NORMAL 816 LOWEST SLP 29.69 ON 12
[REMARKS]
#FINAL-10-23#