000
CXUS56 KOTX 190910
CF6LWS
PRELIMINARY LOCAL CLIMATOLOGICAL DATA (WS FORM: F-6)
STATION: LEWISTON ID AIRPORT
MONTH: APRIL
YEAR: 2024
LATITUDE: 46 22 N
LONGITUDE: 117 1 W
TEMPERATURE IN F: :PCPN: SNOW: WIND :SUNSHINE: SKY :PK WND
================================================================================
1 2 3 4 5 6A 6B 7 8 9 10 11 12 13 14 15 16 17 18
12Z AVG MX 2MIN
DY MAX MIN AVG DEP HDD CDD WTR SNW DPTH SPD SPD DIR MIN PSBL S-S WX SPD DR
================================================================================
1 66 38 52 4 13 0 0.00 0.0 0 4.5 15 330 M M 0 19 310
2 76 43 60 11 5 0 0.01 0.0 0 4.7 17 250 M M 0 3 21 260
3 63 44 54 5 11 0 0.20 0.0 0 6.8 18 320 M M 10 1 27 320
4 51 41 46 -3 19 0 0.14 0.0 0 4.1 16 300 M M 10 22 300
5 49 35 42 -7 23 0 0.43 T 0 4.3 9 200 M M 10 1 14 30
6 52 42 47 -2 18 0 0.02 0.0 0 3.5 12 180 M M 9 1 15 180
7 58 40 49 -1 16 0 T 0.0 0 4.2 17 290 M M 7 27 300
8 61 34 48 -2 17 0 0.03 0.0 0 2.0 9 320 M M 6 8 16 320
9 66 47 57 7 8 0 0.10 0.0 0 6.4 23 290 M M 7 1 29 290
10 63 42 53 3 12 0 0.00 0.0 0 3.2 9 210 M M 1 14 360
11 66 40 53 3 12 0 T 0.0 0 4.0 18 300 M M 2 25 290
12 71 51 61 11 4 0 0.18 0.0 0 3.3 21 260 M M 5 27 260
13 76 51 64 13 1 0 0.00 0.0 0 2.9 9 190 M M 2 1 13 190
14 75 48 62 11 3 0 0.00 0.0 0 5.8 18 190 M M 1 27 180
15 67 48 58 7 7 0 0.00 0.0 0 8.1 23 300 M M 1 34 300
16 55 42 49 -2 16 0 0.00 0.0 M 9.1 23 290 M M 5 32 280
17 58 36 47 -5 18 0 0.00 0.0 0 6.5 20 80 M M 1 24 80
18 61 33 47 -5 18 0 0.00 0.0 0 4.7 15 10 M M 2 21 10
================================================================================
SM 1134 755 221 0 1.11 T 88.1 M 79
================================================================================
AV 63.0 41.9 4.9 FASTST M M 4 MAX(MPH)
MISC ----> # 23 290 34 300
================================================================================
NOTES:
# LAST OF SEVERAL OCCURRENCES
COLUMN 17 PEAK WIND IN M.P.H.
PRELIMINARY LOCAL CLIMATOLOGICAL DATA (WS FORM: F-6) , PAGE 2
STATION: LEWISTON ID AIRPORT
MONTH: APRIL
YEAR: 2024
LATITUDE: 46 22 N
LONGITUDE: 117 1 W
[TEMPERATURE DATA] [PRECIPITATION DATA] SYMBOLS USED IN COLUMN 16
AVERAGE MONTHLY: 52.5 TOTAL FOR MONTH: 1.11 1 = FOG OR MIST
DPTR FM NORMAL: 2.4 DPTR FM NORMAL: 0.24 2 = FOG REDUCING VISIBILITY
HIGHEST: 76 ON 13, 2 GRTST 24HR 0.57 ON 4- 5 TO 1/4 MILE OR LESS
LOWEST: 33 ON 18 3 = THUNDER
SNOW, ICE PELLETS, HAIL 4 = ICE PELLETS
TOTAL MONTH: T 5 = HAIL
GRTST 24HR T ON 5- 5 6 = FREEZING RAIN OR DRIZZLE
GRTST DEPTH: 0 7 = DUSTSTORM OR SANDSTORM:
VSBY 1/2 MILE OR LESS
8 = SMOKE OR HAZE
[NO. OF DAYS WITH] [WEATHER - DAYS WITH] 9 = BLOWING SNOW
X = TORNADO
MAX 32 OR BELOW: 0 0.01 INCH OR MORE: 8
MAX 90 OR ABOVE: 0 0.10 INCH OR MORE: 5
MIN 32 OR BELOW: 0 0.50 INCH OR MORE: 0
MIN 0 OR BELOW: 0 1.00 INCH OR MORE: 0
[HDD (BASE 65) ]
TOTAL THIS MO. 221 CLEAR (SCALE 0-3) 9
DPTR FM NORMAL -49 PTCLDY (SCALE 4-7) 5
TOTAL FM JUL 1 4222 CLOUDY (SCALE 8-10) 4
DPTR FM NORMAL -373
[CDD (BASE 65) ]
TOTAL THIS MO. 0
DPTR FM NORMAL 0 [PRESSURE DATA]
TOTAL FM JAN 1 0 HIGHEST SLP M ON M
DPTR FM NORMAL 0 LOWEST SLP 29.61 ON 5
[REMARKS]