000
CXUS56 KOTX 090156
CF6LWS
PRELIMINARY LOCAL CLIMATOLOGICAL DATA (WS FORM: F-6)
STATION: LEWISTON ID AIRPORT
MONTH: SEPTEMBER
YEAR: 2023
LATITUDE: 46 22 N
LONGITUDE: 117 1 W
TEMPERATURE IN F: :PCPN: SNOW: WIND :SUNSHINE: SKY :PK WND
================================================================================
1 2 3 4 5 6A 6B 7 8 9 10 11 12 13 14 15 16 17 18
12Z AVG MX 2MIN
DY MAX MIN AVG DEP HDD CDD WTR SNW DPTH SPD SPD DIR MIN PSBL S-S WX SPD DR
================================================================================
1 82 55 69 -2 0 4 0.00 0.0 0 3.7 10 280 M M 0 14 280
2 88 57 73 2 0 8 0.00 0.0 0 2.2 8 190 M M 0 12 50
3 81 66 74 4 0 9 T 0.0 0 3.4 12 110 M M 5 13 120
4 75 59 67 -3 0 2 0.09 0.0 0 6.4 13 90 M M 8 16 90
5 83 53 68 -2 0 3 0.00 0.0 0 4.2 12 300 M M 1 8 15 300
6 86 56 71 2 0 6 0.00 0.0 0 3.8 16 320 M M 2 8 20 320
7 86 53 70 1 0 5 0.06 0.0 0 3.5 29 280 M M 1 8 38 280
8 85 58 72 3 0 7 0.01 0.0 0 3.5 12 360 M M 2 14 350
9 92 55 74 6 0 9 0.00 0.0 0 3.0 9 190 M M 0 10 150
10 95 60 78 10 0 13 0.00 0.0 0 4.6 13 40 M M 0 18 50
11 90 62 76 8 0 11 0.00 0.0 0 5.3 14 300 M M 0 17 300
12 84 60 72 5 0 7 0.00 0.0 0 5.4 18 320 M M 0 22 320
13 82 58 70 3 0 5 0.00 0.0 0 5.0 16 330 M M 1 21 340
14 86 52 69 2 0 4 0.00 0.0 0 2.8 9 200 M M 0 14 30
15 91 55 73 7 0 8 0.00 0.0 0 3.7 9 190 M M 0 12 30
16 97 57 77 11 0 12 0.00 0.0 0 5.3 10 80 M M 0 13 70
17 91 57 74 8 0 9 0.00 0.0 0 5.5 26 290 M M 0 35 290
18 83 55 69 4 0 4 0.00 0.0 0 6.5 23 300 M M 0 31 290
19 73 50 62 -3 3 0 0.00 0.0 0 2.9 14 310 M M 1 17 310
20 64 46 55 -9 10 0 0.31 0.0 0 5.8 16 260 M M 7 1 23 240
21 57 48 53 -11 12 0 0.19 0.0 0 3.1 10 250 M M 8 1 12 240
22 62 50 56 -8 9 0 0.00 0.0 0 3.7 9 90 M M 8 1 11 70
23 74 50 62 -1 3 0 0.00 0.0 0 6.6 14 90 M M 0 16 80
24 74 54 64 1 1 0 0.02 0.0 0 5.0 15 280 M M 5 21 280
25 79 55 67 5 0 2 0.00 0.0 0 4.9 21 300 M M 1 8 27 290
26 66 52 59 -3 6 0 0.07 0.0 0 4.0 10 310 M M 6 13 300
27 68 50 59 -2 6 0 0.10 0.0 0 5.0 20 270 M M 6 1 25 270
28 68 49 59 -2 6 0 0.00 0.0 0 2.0 9 310 M M 4 13 330
29 58 46 52 -8 13 0 0.13 0.0 0 2.4 8 200 M M 8 9 200
30 55 49 52 -8 13 0 0.06 0.0 0 2.3 10 290 M M 10 14 290
================================================================================
SM 2355 1627 82 128 1.04 0.0 125.5 M 84
================================================================================
AV 78.5 54.2 4.2 FASTST M M 3 MAX(MPH)
MISC ----> 29 280 38 280
================================================================================
NOTES:
# LAST OF SEVERAL OCCURRENCES
COLUMN 17 PEAK WIND IN M.P.H.
PRELIMINARY LOCAL CLIMATOLOGICAL DATA (WS FORM: F-6) , PAGE 2
STATION: LEWISTON ID AIRPORT
MONTH: SEPTEMBER
YEAR: 2023
LATITUDE: 46 22 N
LONGITUDE: 117 1 W
[TEMPERATURE DATA] [PRECIPITATION DATA] SYMBOLS USED IN COLUMN 16
AVERAGE MONTHLY: 66.4 TOTAL FOR MONTH: 1.04 1 = FOG OR MIST
DPTR FM NORMAL: 0.5 DPTR FM NORMAL: 0.44 2 = FOG REDUCING VISIBILITY
HIGHEST: 97 ON 16 GRTST 24HR 0.49 ON 20-21 TO 1/4 MILE OR LESS
LOWEST: 46 ON 29,20 3 = THUNDER
SNOW, ICE PELLETS, HAIL 4 = ICE PELLETS
TOTAL MONTH: 0.0 INCH 5 = HAIL
GRTST 24HR 0.0 6 = FREEZING RAIN OR DRIZZLE
GRTST DEPTH: 0 7 = DUSTSTORM OR SANDSTORM:
VSBY 1/2 MILE OR LESS
8 = SMOKE OR HAZE
[NO. OF DAYS WITH] [WEATHER - DAYS WITH] 9 = BLOWING SNOW
X = TORNADO
MAX 32 OR BELOW: 0 0.01 INCH OR MORE: 10
MAX 90 OR ABOVE: 6 0.10 INCH OR MORE: 4
MIN 32 OR BELOW: 0 0.50 INCH OR MORE: 0
MIN 0 OR BELOW: 0 1.00 INCH OR MORE: 0
[HDD (BASE 65) ]
TOTAL THIS MO. 82 CLEAR (SCALE 0-3) 19
DPTR FM NORMAL 6 PTCLDY (SCALE 4-7) 9
TOTAL FM JUL 1 83 CLOUDY (SCALE 8-10) 2
DPTR FM NORMAL -5
[CDD (BASE 65) ]
TOTAL THIS MO. 128
DPTR FM NORMAL 26 [PRESSURE DATA]
TOTAL FM JAN 1 1312 HIGHEST SLP 30.18 ON 14
DPTR FM NORMAL 404 LOWEST SLP 29.75 ON 3
[REMARKS]
#FINAL-09-23#