000
CXUS55 KPUB 011358
CF6PUB
PRELIMINARY LOCAL CLIMATOLOGICAL DATA (WS FORM: F-6)
STATION: PUEBLO CO
MONTH: SEPTEMBER
YEAR: 2021
LATITUDE: 38 16 N
LONGITUDE: 104 31 W
TEMPERATURE IN F: :PCPN: SNOW: WIND :SUNSHINE: SKY :PK WND
================================================================================
1 2 3 4 5 6A 6B 7 8 9 10 11 12 13 14 15 16 17 18
12Z AVG MX 2MIN
DY MAX MIN AVG DEP HDD CDD WTR SNW DPTH SPD SPD DIR MIN PSBL S-S WX SPD DR
================================================================================
1 96 56 76 4 0 11 0.01 0.0 0 6.9 22 280 M M 2 8 29 280
2 91 59 75 3 0 10 0.00 0.0 0 7.8 26 20 M M 2 18 38 360
3 87 63 75 4 0 10 0.87 0.0 0 6.9 26 320 M M 7 13 34 310
4 82 60 71 0 0 6 0.00 0.0 0 7.7 21 120 M M 2 25 100
5 89 58 74 3 0 9 0.00 0.0 0 5.2 15 150 M M 0 1 20 120
6 96 52 74 4 0 9 0.00 0.0 0 5.6 13 110 M M 0 18 120
7 94 56 75 5 0 10 0.00 0.0 0 9.1 23 90 M M 0 8 31 80
8 89 51 70 0 0 5 0.00 0.0 0 5.2 14 140 M M 0 8 19 140
9 99 51 75 6 0 10 0.00 0.0 0 4.2 15 140 M M 0 8 18 130
10 100 54 77 8 0 12 0.00 0.0 0 8.1 17 130 M M 0 23 130
11 101 57 79 10 0 14 0.00 0.0 0 7.8 23 40 M M 0 34 10
12 91 58 75 7 0 10 0.00 0.0 0 7.2 18 130 M M 0 23 140
13 97 56 77 9 0 12 T 0.0 0 9.8 28 60 M M 0 37 60
14 84 57 71 3 0 6 0.01 0.0 0 7.3 39 140 M M 1 3 50 130
15 91 48 70 3 0 5 0.00 0.0 0 7.0 17 150 M M 0 23 50
16 97 53 75 8 0 10 0.00 0.0 0 6.5 20 300 M M 0 27 270
17 78 52 65 -1 0 0 0.00 0.0 0 14.0 41 360 M M 0 8 58 10
18 92 44 68 2 0 3 0.00 0.0 0 5.5 22 110 M M 0 28 100
19 94 60 77 11 0 12 0.00 0.0 0 6.3 15 290 M M 0 24 290
20 76 54 65 0 0 0 0.00 0.0 0 8.8 21 40 M M 4 26 40
21 69 44 57 -7 8 0 0.00 0.0 0 6.3 21 30 M M 3 27 30
22 80 36 58 -6 7 0 0.00 0.0 0 5.7 14 110 M M 0 18 130
23 90 42 66 2 0 1 0.00 0.0 0 8.4 20 10 M M 0 32 40
24 81 49 65 2 0 0 0.00 0.0 0 7.8 20 360 M M 0 28 10
25 86 44 65 2 0 0 0.00 0.0 0 6.4 16 120 M M 0 22 110
26 93 47 70 8 0 5 0.00 0.0 0 5.0 13 260 M M 0 17 120
27 91 55 73 11 0 8 0.00 0.0 0 8.1 21 80 M M 0 28 70
28 82 52 67 6 0 2 0.01 0.0 0 6.3 18 160 M M 1 23 150
29 83 47 65 4 0 0 0.01 0.0 0 11.6 38 10 M M 2 3 49 10
30 66 50 58 -2 7 0 0.03 0.0 0 5.0 17 30 M M 9 23 40
================================================================================
SM 2645 1565 22 180 0.94 0.0 217.5 M 33
================================================================================
AV 88.2 52.2 7.3 FASTST M M 1 MAX(MPH)
MISC ----> 41 360 58 10
================================================================================
NOTES:
COLUMN 17 PEAK WIND IN M.P.H.
COLUMN 7: FALSE TIPS REMOVED ON THE 27TH
PRELIMINARY LOCAL CLIMATOLOGICAL DATA (WS FORM: F-6) , PAGE 2
STATION: PUEBLO CO
MONTH: SEPTEMBER
YEAR: 2021
LATITUDE: 38 16 N
LONGITUDE: 104 31 W
[TEMPERATURE DATA] [PRECIPITATION DATA] SYMBOLS USED IN COLUMN 16
AVERAGE MONTHLY: 70.2 TOTAL FOR MONTH: 0.94 1 = FOG OR MIST
DPTR FM NORMAL: 3.6 DPTR FM NORMAL: 0.29 2 = FOG REDUCING VISIBILITY
HIGHEST: 101 ON 11 GRTST 24HR 0.87 ON 3 TO 1/4 MILE OR LESS
LOWEST: 36 ON 22 3 = THUNDER
SNOW, ICE PELLETS, HAIL 4 = ICE PELLETS
TOTAL MONTH: 0.0 INCH 5 = HAIL
GRTST 24HR 0.0 6 = FREEZING RAIN OR DRIZZLE
GRTST DEPTH: 0 7 = DUSTSTORM OR SANDSTORM:
VSBY 1/2 MILE OR LESS
8 = SMOKE OR HAZE
[NO. OF DAYS WITH] [WEATHER - DAYS WITH] 9 = BLOWING SNOW
X = TORNADO
MAX 32 OR BELOW: 0 0.01 INCH OR MORE: 6
MAX 90 OR ABOVE: 16 0.10 INCH OR MORE: 1
MIN 32 OR BELOW: 0 0.50 INCH OR MORE: 1
MIN 0 OR BELOW: 0 1.00 INCH OR MORE: 0
[HDD (BASE 65) ]
TOTAL THIS MO. 22 CLEAR (SCALE 0-3) 27
DPTR FM NORMAL -48 PTCLDY (SCALE 4-7) 2
TOTAL FM JUL 1 22 CLOUDY (SCALE 8-10) 1
DPTR FM NORMAL -52
[CDD (BASE 65) ]
TOTAL THIS MO. 180
DPTR FM NORMAL 62 [PRESSURE DATA]
TOTAL FM JAN 1 1242 HIGHEST SLP 30.49 ON 21
DPTR FM NORMAL 169 LOWEST SLP 29.52 ON 19
[REMARKS]
#FINAL-09-21#