723
CDUS45 KPUB 211047
CLIPUB


CLIMATE REPORT
NATIONAL WEATHER SERVICE PUEBLO
447 AM MDT SAT APR 21 2018


...................................

...THE PUEBLO CO CLIMATE SUMMARY FOR APRIL 20 2018...

CLIMATE NORMAL PERIOD 1981 TO 2010
CLIMATE RECORD PERIOD 1888 TO 2018


WEATHER ITEM   OBSERVED TIME   RECORD YEAR NORMAL DEPARTURE LAST
                VALUE   (LST)  VALUE       VALUE  FROM      YEAR
                                                  NORMAL
..................................................................
TEMPERATURE (F)
 YESTERDAY
  MAXIMUM         65   1210 PM  90    1989  69     -4       65
  MINIMUM         40    936 PM  20    1966  35      5       47
  AVERAGE         53                        52      1       56

PRECIPITATION (IN)
  YESTERDAY        T             1.06 1952   0.05  -0.05     0.35
  MONTH TO DATE    0.30                      0.85  -0.55     2.06
  SINCE MAR 1      0.36                      1.78  -1.42     3.01
  SINCE JAN 1      1.17                      2.43  -1.26     3.93

SNOWFALL (IN)
  YESTERDAY        0.0           8.5  1984   0.1   -0.1      0.0
  MONTH TO DATE    T                         2.8   -2.8      5.6
  SINCE MAR 1      T                         8.5   -8.5      5.6
  SINCE JUL 1     13.7                      30.3  -16.6     19.8
  SNOW DEPTH       0

DEGREE DAYS
 HEATING
  YESTERDAY       12                        13     -1        9
  MONTH TO DATE  302                       321    -19      211
  SINCE MAR 1    900                      1023   -123      687
  SINCE JUL 1   4716                      5326   -610     4187

 COOLING
  YESTERDAY        0                         0      0        0
  MONTH TO DATE    0                         0      0        0
  SINCE MAR 1      0                         0      0        0
  SINCE JAN 1      0                         0      0        0
..................................................................


WIND (MPH)
  HIGHEST WIND SPEED    36   HIGHEST WIND DIRECTION     E (80)
  HIGHEST GUST SPEED    47   HIGHEST GUST DIRECTION     E (110)
  AVERAGE WIND SPEED    23.5


SKY COVER
  POSSIBLE SUNSHINE  MM
  AVERAGE SKY COVER 0.6


WEATHER CONDITIONS
 THE FOLLOWING WEATHER WAS RECORDED YESTERDAY.
  LIGHT RAIN


RELATIVE HUMIDITY (PERCENT)
 HIGHEST    76           700 PM
 LOWEST     26           300 AM
 AVERAGE    51

..........................................................


THE PUEBLO CO CLIMATE NORMALS FOR TODAY
                         NORMAL    RECORD    YEAR
 MAXIMUM TEMPERATURE (F)   69        93      1989
 MINIMUM TEMPERATURE (F)   36        12      1907


SUNRISE AND SUNSET
APRIL 21 2018.........SUNRISE   614 AM MDT   SUNSET   740 PM MDT
APRIL 22 2018.........SUNRISE   613 AM MDT   SUNSET   741 PM MDT


-  INDICATES NEGATIVE NUMBERS.
R  INDICATES RECORD WAS SET OR TIED.
MM INDICATES DATA IS MISSING.
T  INDICATES TRACE AMOUNT.




$$
