000
CDUS45 KPUB 171035
CLIPUB


CLIMATE REPORT
NATIONAL WEATHER SERVICE PUEBLO
435 AM MDT TUE APR 17 2018


...................................

...THE PUEBLO CO CLIMATE SUMMARY FOR APRIL 16 2018...

CLIMATE NORMAL PERIOD 1981 TO 2010
CLIMATE RECORD PERIOD 1888 TO 2018


WEATHER ITEM   OBSERVED TIME   RECORD YEAR NORMAL DEPARTURE LAST
                VALUE   (LST)  VALUE       VALUE  FROM      YEAR
                                                  NORMAL
..................................................................
TEMPERATURE (F)
 YESTERDAY
  MAXIMUM         82    259 PM  85    2006  67     15       72
                                      1985
                                      1964
  MINIMUM         30    527 AM  22    2011  34     -4       43
  AVERAGE         56                        50      6       58

PRECIPITATION (IN)
  YESTERDAY        0.00          1.07 2007   0.05  -0.05     0.00
  MONTH TO DATE    0.30                      0.65  -0.35     1.70
  SINCE MAR 1      0.36                      1.58  -1.22     2.65
  SINCE JAN 1      1.17                      2.23  -1.06     3.57

SNOWFALL (IN)
  YESTERDAY        0.0           1.2  1998   0.2   -0.2      0.0
  MONTH TO DATE    T                         2.4   -2.4      5.6
  SINCE MAR 1      T                         8.1   -8.1      5.6
  SINCE JUL 1     13.7                      29.9  -16.2     19.8
  SNOW DEPTH       0

DEGREE DAYS
 HEATING
  YESTERDAY        9                        14     -5        7
  MONTH TO DATE  253                       266    -13      198
  SINCE MAR 1    851                       968   -117      674
  SINCE JUL 1   4667                      5271   -604     4174

 COOLING
  YESTERDAY        0                         0      0        0
  MONTH TO DATE    0                         0      0        0
  SINCE MAR 1      0                         0      0        0
  SINCE JAN 1      0                         0      0        0
..................................................................


WIND (MPH)
  HIGHEST WIND SPEED    17   HIGHEST WIND DIRECTION     W (280)
  HIGHEST GUST SPEED    21   HIGHEST GUST DIRECTION    SE (130)
  AVERAGE WIND SPEED     6.4


SKY COVER
  POSSIBLE SUNSHINE  MM
  AVERAGE SKY COVER 0.0


WEATHER CONDITIONS
 THE FOLLOWING WEATHER WAS RECORDED YESTERDAY.
  NO SIGNIFICANT WEATHER WAS OBSERVED.


RELATIVE HUMIDITY (PERCENT)
 HIGHEST    61           500 AM
 LOWEST      9           100 PM
 AVERAGE    35

..........................................................


THE PUEBLO CO CLIMATE NORMALS FOR TODAY
                         NORMAL    RECORD    YEAR
 MAXIMUM TEMPERATURE (F)   68        88      2006
                                             1954
 MINIMUM TEMPERATURE (F)   34        17      1901


SUNRISE AND SUNSET
APRIL 17 2018.........SUNRISE   619 AM MDT   SUNSET   736 PM MDT
APRIL 18 2018.........SUNRISE   618 AM MDT   SUNSET   737 PM MDT


-  INDICATES NEGATIVE NUMBERS.
R  INDICATES RECORD WAS SET OR TIED.
MM INDICATES DATA IS MISSING.
T  INDICATES TRACE AMOUNT.




$$
