000
CDUS45 KPUB 170026
CLIPUB


CLIMATE REPORT
NATIONAL WEATHER SERVICE PUEBLO
626 PM MDT WED MAY 16 2018


...................................

...THE PUEBLO CO CLIMATE SUMMARY FOR MAY 16 2018...
VALID TODAY AS OF 0500 PM LOCAL TIME.

CLIMATE NORMAL PERIOD 1981 TO 2010
CLIMATE RECORD PERIOD 1888 TO 2018


WEATHER ITEM   OBSERVED TIME   RECORD YEAR NORMAL DEPARTURE LAST
                VALUE   (LST)  VALUE       VALUE  FROM      YEAR
                                                  NORMAL
..................................................................
TEMPERATURE (F)
 TODAY
  MAXIMUM         88    419 PM  98    1996  77     11       77
  MINIMUM         47    519 AM  31    2011  44      3       49
                                      1916
  AVERAGE         68                        60      8       63

PRECIPITATION (IN)
  TODAY            0.00          0.92 1968   0.04  -0.04     0.07
  MONTH TO DATE    0.43                      0.79  -0.36     2.34
  SINCE MAR 1      0.98                      3.12  -2.14     7.48
  SINCE JAN 1      1.79                      3.77  -1.98     8.40

SNOWFALL (IN)
  TODAY            0.0           T    1968   0.0    0.0      0.0
  MONTH TO DATE    T                         0.5   -0.5      0.0
  SINCE MAR 1      T                        10.0  -10.0     14.0
  SINCE JUL 1     13.7                      31.8  -18.1     28.2
  SNOW DEPTH       0

DEGREE DAYS
 HEATING
  TODAY            0                         5     -5        2
  MONTH TO DATE   34                       118    -84      104
  SINCE MAR 1   1045                      1255   -210      948
  SINCE JUL 1   4861                      5558   -697     4448

 COOLING
  TODAY            3                         1      2        0
  MONTH TO DATE   45                         7     38        4
  SINCE MAR 1     51                         9     42        4
  SINCE JAN 1     51                         9     42        4
..................................................................


WIND (MPH)
  HIGHEST WIND SPEED    22   HIGHEST WIND DIRECTION    SE (120)
  HIGHEST GUST SPEED    31   HIGHEST GUST DIRECTION    SE (120)
  AVERAGE WIND SPEED     6.0


SKY COVER
  POSSIBLE SUNSHINE  MM
  AVERAGE SKY COVER 0.0


WEATHER CONDITIONS
 THE FOLLOWING WEATHER WAS RECORDED TODAY.
  FOG
  HAZE


RELATIVE HUMIDITY (PERCENT)
 HIGHEST    86           300 AM
 LOWEST      9           100 PM
 AVERAGE    48

..........................................................


THE PUEBLO CO CLIMATE NORMALS FOR TOMORROW
                         NORMAL    RECORD    YEAR
 MAXIMUM TEMPERATURE (F)   77        94      1964
 MINIMUM TEMPERATURE (F)   45        33      1910


SUNRISE AND SUNSET
MAY 16 2018...........SUNRISE   546 AM MDT   SUNSET   803 PM MDT
MAY 17 2018...........SUNRISE   545 AM MDT   SUNSET   804 PM MDT


-  INDICATES NEGATIVE NUMBERS.
R  INDICATES RECORD WAS SET OR TIED.
MM INDICATES DATA IS MISSING.
T  INDICATES TRACE AMOUNT.




$$
