000
CDUS45 KPUB 191041
CLIPUB


CLIMATE REPORT
NATIONAL WEATHER SERVICE PUEBLO
441 AM MDT THU APR 19 2018


...................................

...THE PUEBLO CO CLIMATE SUMMARY FOR APRIL 18 2018...

CLIMATE NORMAL PERIOD 1981 TO 2010
CLIMATE RECORD PERIOD 1888 TO 2018


WEATHER ITEM   OBSERVED TIME   RECORD YEAR NORMAL DEPARTURE LAST
                VALUE   (LST)  VALUE       VALUE  FROM      YEAR
                                                  NORMAL
..................................................................
TEMPERATURE (F)
 YESTERDAY
  MAXIMUM         62    449 PM  88    2000  68     -6       79
                                      1987
  MINIMUM         31    444 AM  20    1922  35     -4       44
  AVERAGE         47                        51     -4       62

PRECIPITATION (IN)
  YESTERDAY        0.00          1.92 1942   0.05  -0.05     0.00
  MONTH TO DATE    0.30                      0.75  -0.45     1.71
  SINCE MAR 1      0.36                      1.68  -1.32     2.66
  SINCE JAN 1      1.17                      2.33  -1.16     3.58

SNOWFALL (IN)
  YESTERDAY        0.0           4.1  1975   0.1   -0.1      0.0
  MONTH TO DATE    T                         2.6   -2.6      5.6
  SINCE MAR 1      T                         8.3   -8.3      5.6
  SINCE JUL 1     13.7                      30.1  -16.4     19.8
  SNOW DEPTH       0

DEGREE DAYS
 HEATING
  YESTERDAY       18                        14      4        3
  MONTH TO DATE  276                       294    -18      201
  SINCE MAR 1    874                       996   -122      677
  SINCE JUL 1   4690                      5299   -609     4177

 COOLING
  YESTERDAY        0                         0      0        0
  MONTH TO DATE    0                         0      0        0
  SINCE MAR 1      0                         0      0        0
  SINCE JAN 1      0                         0      0        0
..................................................................


WIND (MPH)
  HIGHEST WIND SPEED    18   HIGHEST WIND DIRECTION    SE (120)
  HIGHEST GUST SPEED    25   HIGHEST GUST DIRECTION    SE (120)
  AVERAGE WIND SPEED     8.0


SKY COVER
  POSSIBLE SUNSHINE  MM
  AVERAGE SKY COVER 0.0


WEATHER CONDITIONS
 THE FOLLOWING WEATHER WAS RECORDED YESTERDAY.
  NO SIGNIFICANT WEATHER WAS OBSERVED.


RELATIVE HUMIDITY (PERCENT)
 HIGHEST    36           600 AM
 LOWEST      9           100 PM
 AVERAGE    23

..........................................................


THE PUEBLO CO CLIMATE NORMALS FOR TODAY
                         NORMAL    RECORD    YEAR
 MAXIMUM TEMPERATURE (F)   68        86      1989
                                             1962
                                             1960
 MINIMUM TEMPERATURE (F)   35        20      2013


SUNRISE AND SUNSET
APRIL 19 2018.........SUNRISE   617 AM MDT   SUNSET   738 PM MDT
APRIL 20 2018.........SUNRISE   615 AM MDT   SUNSET   739 PM MDT


-  INDICATES NEGATIVE NUMBERS.
R  INDICATES RECORD WAS SET OR TIED.
MM INDICATES DATA IS MISSING.
T  INDICATES TRACE AMOUNT.




$$
