000
CDUS45 KPUB 161031
CLIPUB


CLIMATE REPORT
NATIONAL WEATHER SERVICE PUEBLO
431 AM MDT MON APR 16 2018


...................................

...THE PUEBLO CO CLIMATE SUMMARY FOR APRIL 15 2018...

CLIMATE NORMAL PERIOD 1981 TO 2010
CLIMATE RECORD PERIOD 1888 TO 2018


WEATHER ITEM   OBSERVED TIME   RECORD YEAR NORMAL DEPARTURE LAST
                VALUE   (LST)  VALUE       VALUE  FROM      YEAR
                                                  NORMAL
..................................................................
TEMPERATURE (F)
 YESTERDAY
  MAXIMUM         67    327 PM  89    2002  67      0       77
  MINIMUM         24    509 AM  20    1996  34    -10       43
                                      1961
  AVERAGE         46                        50     -4       60

PRECIPITATION (IN)
  YESTERDAY        0.00          1.40 1900   0.05  -0.05     0.00
  MONTH TO DATE    0.30                      0.60  -0.30     1.70
  SINCE MAR 1      0.36                      1.53  -1.17     2.65
  SINCE JAN 1      1.17                      2.18  -1.01     3.57

SNOWFALL (IN)
  YESTERDAY        0.0           3.0  1916   0.1   -0.1      0.0
  MONTH TO DATE    T                         2.2   -2.2      5.6
  SINCE MAR 1      T                         7.9   -7.9      5.6
  SINCE JUL 1     13.7                      29.7  -16.0     19.8
  SNOW DEPTH       0

DEGREE DAYS
 HEATING
  YESTERDAY       19                        15      4        5
  MONTH TO DATE  244                       252     -8      191
  SINCE MAR 1    842                       954   -112      667
  SINCE JUL 1   4658                      5257   -599     4167

 COOLING
  YESTERDAY        0                         0      0        0
  MONTH TO DATE    0                         0      0        0
  SINCE MAR 1      0                         0      0        0
  SINCE JAN 1      0                         0      0        0
..................................................................


WIND (MPH)
  HIGHEST WIND SPEED    21   HIGHEST WIND DIRECTION    SE (130)
  HIGHEST GUST SPEED    27   HIGHEST GUST DIRECTION    SE (120)
  AVERAGE WIND SPEED     6.8


SKY COVER
  POSSIBLE SUNSHINE  MM
  AVERAGE SKY COVER 0.0


WEATHER CONDITIONS
 THE FOLLOWING WEATHER WAS RECORDED YESTERDAY.
  NO SIGNIFICANT WEATHER WAS OBSERVED.


RELATIVE HUMIDITY (PERCENT)
 HIGHEST    69           300 AM
 LOWEST     19           300 PM
 AVERAGE    44

..........................................................


THE PUEBLO CO CLIMATE NORMALS FOR TODAY
                         NORMAL    RECORD    YEAR
 MAXIMUM TEMPERATURE (F)   67        85      2006
                                             1985
                                             1964
 MINIMUM TEMPERATURE (F)   34        22      2011


SUNRISE AND SUNSET
APRIL 16 2018.........SUNRISE   621 AM MDT   SUNSET   735 PM MDT
APRIL 17 2018.........SUNRISE   619 AM MDT   SUNSET   736 PM MDT


-  INDICATES NEGATIVE NUMBERS.
R  INDICATES RECORD WAS SET OR TIED.
MM INDICATES DATA IS MISSING.
T  INDICATES TRACE AMOUNT.




$$
