000
CDUS45 KPUB 141043
CLIPUB


CLIMATE REPORT
NATIONAL WEATHER SERVICE PUEBLO
443 AM MDT SAT APR 14 2018


...................................

...THE PUEBLO CO CLIMATE SUMMARY FOR APRIL 13 2018...

CLIMATE NORMAL PERIOD 1981 TO 2010
CLIMATE RECORD PERIOD 1888 TO 2018


WEATHER ITEM   OBSERVED TIME   RECORD YEAR NORMAL DEPARTURE LAST
                VALUE   (LST)  VALUE       VALUE  FROM      YEAR
                                                  NORMAL
..................................................................
TEMPERATURE (F)
 YESTERDAY
  MAXIMUM         54   1023 AM  90    2006  66    -12       78
  MINIMUM         36   1159 PM  11    1997  33      3       45
  AVERAGE         45                        50     -5       62

PRECIPITATION (IN)
  YESTERDAY        0.01          1.99 1967   0.04  -0.03     0.00
  MONTH TO DATE    0.30                      0.51  -0.21     1.70
  SINCE MAR 1      0.36                      1.44  -1.08     2.65
  SINCE JAN 1      1.17                      2.09  -0.92     3.57

SNOWFALL (IN)
  YESTERDAY        T             5.2  2014   0.1   -0.1      0.0
  MONTH TO DATE    T                         2.0   -2.0      5.6
  SINCE MAR 1      T                         7.7   -7.7      5.6
  SINCE JUL 1     13.7                      29.5  -15.8     19.8
  SNOW DEPTH       0

DEGREE DAYS
 HEATING
  YESTERDAY       20                        15      5        3
  MONTH TO DATE  206                       222    -16      185
  SINCE MAR 1    804                       924   -120      661
  SINCE JUL 1   4620                      5227   -607     4161

 COOLING
  YESTERDAY        0                         0      0        0
  MONTH TO DATE    0                         0      0        0
  SINCE MAR 1      0                         0      0        0
  SINCE JAN 1      0                         0      0        0
..................................................................


WIND (MPH)
  HIGHEST WIND SPEED    40   HIGHEST WIND DIRECTION     N (20)
  HIGHEST GUST SPEED    53   HIGHEST GUST DIRECTION     N (10)
  AVERAGE WIND SPEED    27.7


SKY COVER
  POSSIBLE SUNSHINE  MM
  AVERAGE SKY COVER 0.5


WEATHER CONDITIONS
 THE FOLLOWING WEATHER WAS RECORDED YESTERDAY.
  LIGHT RAIN
  HAIL


RELATIVE HUMIDITY (PERCENT)
 HIGHEST    70           800 PM
 LOWEST     19           100 PM
 AVERAGE    45

..........................................................


THE PUEBLO CO CLIMATE NORMALS FOR TODAY
                         NORMAL    RECORD    YEAR
 MAXIMUM TEMPERATURE (F)   67        87      2017
 MINIMUM TEMPERATURE (F)   33        13      1933


SUNRISE AND SUNSET
APRIL 14 2018.........SUNRISE   624 AM MDT   SUNSET   734 PM MDT
APRIL 15 2018.........SUNRISE   622 AM MDT   SUNSET   734 PM MDT


-  INDICATES NEGATIVE NUMBERS.
R  INDICATES RECORD WAS SET OR TIED.
MM INDICATES DATA IS MISSING.
T  INDICATES TRACE AMOUNT.




$$
