000
CDUS45 KPUB 090034
CLIPUB


CLIMATE REPORT
NATIONAL WEATHER SERVICE PUEBLO
634 PM MDT SUN APR 8 2018


...................................

...THE PUEBLO CO CLIMATE SUMMARY FOR APRIL 8 2018...
VALID TODAY AS OF 0500 PM LOCAL TIME.

CLIMATE NORMAL PERIOD 1981 TO 2010
CLIMATE RECORD PERIOD 1888 TO 2018


WEATHER ITEM   OBSERVED TIME   RECORD YEAR NORMAL DEPARTURE LAST
                VALUE   (LST)  VALUE       VALUE  FROM      YEAR
                                                  NORMAL
..................................................................
TEMPERATURE (F)
 TODAY
  MAXIMUM         74    413 PM  85    1963  65      9       82
                                      1930
  MINIMUM         39    448 AM   2    1957  32      7       46
  AVERAGE         57                        48      9       64

PRECIPITATION (IN)
  TODAY            0.09          0.44 1913   0.04   0.05     0.00
  MONTH TO DATE    0.16                      0.28  -0.12     1.70
  SINCE MAR 1      0.22                      1.21  -0.99     2.65
  SINCE JAN 1      1.03                      1.86  -0.83     3.57

SNOWFALL (IN)
  TODAY            0.0           4.3  1959   0.2   -0.2      0.0
  MONTH TO DATE    T                         1.3   -1.3      5.6
  SINCE MAR 1      T                         7.0   -7.0      5.6
  SINCE JUL 1     13.7                      28.8  -15.1     19.8
  SNOW DEPTH       0

DEGREE DAYS
 HEATING
  TODAY            8                        17     -9        1
  MONTH TO DATE  150                       142      8      139
  SINCE MAR 1    748                       844    -96      615
  SINCE JUL 1   4564                      5147   -583     4115

 COOLING
  TODAY            0                         0      0        0
  MONTH TO DATE    0                         0      0        0
  SINCE MAR 1      0                         0      0        0
  SINCE JAN 1      0                         0      0        0
..................................................................


WIND (MPH)
  HIGHEST WIND SPEED    30   HIGHEST WIND DIRECTION     W (270)
  HIGHEST GUST SPEED    38   HIGHEST GUST DIRECTION     W (270)
  AVERAGE WIND SPEED    10.6


SKY COVER
  POSSIBLE SUNSHINE  MM
  AVERAGE SKY COVER 0.3


WEATHER CONDITIONS
 THE FOLLOWING WEATHER WAS RECORDED TODAY.
  LIGHT RAIN
  FOG


RELATIVE HUMIDITY (PERCENT)
 HIGHEST    96           300 AM
 LOWEST     13           200 PM
 AVERAGE    55

..........................................................


THE PUEBLO CO CLIMATE NORMALS FOR TOMORROW
                         NORMAL    RECORD    YEAR
 MAXIMUM TEMPERATURE (F)   65        86      1977
 MINIMUM TEMPERATURE (F)   32        15      1928


SUNRISE AND SUNSET
APRIL  8 2018.........SUNRISE   632 AM MDT   SUNSET   728 PM MDT
APRIL  9 2018.........SUNRISE   631 AM MDT   SUNSET   729 PM MDT


-  INDICATES NEGATIVE NUMBERS.
R  INDICATES RECORD WAS SET OR TIED.
MM INDICATES DATA IS MISSING.
T  INDICATES TRACE AMOUNT.




$$
