000
CDUS45 KPUB 071048
CLIPUB


CLIMATE REPORT
NATIONAL WEATHER SERVICE PUEBLO
448 AM MDT MON MAY 7 2018


...................................

...THE PUEBLO CO CLIMATE SUMMARY FOR MAY 6 2018...

CLIMATE NORMAL PERIOD 1981 TO 2010
CLIMATE RECORD PERIOD 1888 TO 2018


WEATHER ITEM   OBSERVED TIME   RECORD YEAR NORMAL DEPARTURE LAST
                VALUE   (LST)  VALUE       VALUE  FROM      YEAR
                                                  NORMAL
..................................................................
TEMPERATURE (F)
 YESTERDAY
  MAXIMUM         86    417 PM  91    2004  74     12       83
  MINIMUM         45    419 AM  29    1917  41      4       47
  AVERAGE         66                        57      9       65

PRECIPITATION (IN)
  YESTERDAY        0.00          1.05 1973   0.05  -0.05     0.00
  MONTH TO DATE    0.40                      0.31   0.09      T
  SINCE MAR 1      0.95                      2.64  -1.69     5.14
  SINCE JAN 1      1.76                      3.29  -1.53     6.06

SNOWFALL (IN)
  YESTERDAY        0.0           6.0  1917   0.1   -0.1      0.0
  MONTH TO DATE    T                         0.3   -0.3      0.0
  SINCE MAR 1      T                         9.8   -9.8     14.0
  SINCE JUL 1     13.7                      31.6  -17.9     28.2
  SNOW DEPTH       0

DEGREE DAYS
 HEATING
  YESTERDAY        0                         8     -8        0
  MONTH TO DATE   34                        53    -19       66
  SINCE MAR 1   1045                      1190   -145      910
  SINCE JUL 1   4861                      5493   -632     4410

 COOLING
  YESTERDAY        1                         0      1        0
  MONTH TO DATE    1                         0      1        0
  SINCE MAR 1      7                         2      5        0
  SINCE JAN 1      7                         2      5        0
..................................................................


WIND (MPH)
  HIGHEST WIND SPEED    17   HIGHEST WIND DIRECTION     E (110)
  HIGHEST GUST SPEED    22   HIGHEST GUST DIRECTION     E (80)
  AVERAGE WIND SPEED     7.6


SKY COVER
  POSSIBLE SUNSHINE  MM
  AVERAGE SKY COVER 0.0


WEATHER CONDITIONS
 THE FOLLOWING WEATHER WAS RECORDED YESTERDAY.
  NO SIGNIFICANT WEATHER WAS OBSERVED.


RELATIVE HUMIDITY (PERCENT)
 HIGHEST    60           400 AM
 LOWEST     11           300 PM
 AVERAGE    36

..........................................................


THE PUEBLO CO CLIMATE NORMALS FOR TODAY
                         NORMAL    RECORD    YEAR
 MAXIMUM TEMPERATURE (F)   74        93      1989
                                             1966
                                             1963
 MINIMUM TEMPERATURE (F)   41        27      1915


SUNRISE AND SUNSET
MAY  7 2018...........SUNRISE   555 AM MDT   SUNSET   755 PM MDT
MAY  8 2018...........SUNRISE   554 AM MDT   SUNSET   756 PM MDT


-  INDICATES NEGATIVE NUMBERS.
R  INDICATES RECORD WAS SET OR TIED.
MM INDICATES DATA IS MISSING.
T  INDICATES TRACE AMOUNT.




$$
