000
CDUS45 KPUB 130035
CLIPUB


CLIMATE REPORT
NATIONAL WEATHER SERVICE PUEBLO
635 PM MDT THU APR 12 2018


...................................

...THE PUEBLO CO CLIMATE SUMMARY FOR APRIL 12 2018...
VALID TODAY AS OF 0500 PM LOCAL TIME.

CLIMATE NORMAL PERIOD 1981 TO 2010
CLIMATE RECORD PERIOD 1888 TO 2018


WEATHER ITEM   OBSERVED TIME   RECORD YEAR NORMAL DEPARTURE LAST
                VALUE   (LST)  VALUE       VALUE  FROM      YEAR
                                                  NORMAL
..................................................................
TEMPERATURE (F)
 TODAY
  MAXIMUM         83R  1247 PM  83    2010  66     17       81
                                      2003
                                      1982
  MINIMUM         41    536 AM   2    1997  33      8       37
  AVERAGE         62                        49     13       59

PRECIPITATION (IN)
  TODAY            0.00          0.74 1898   0.05  -0.05     0.00
  MONTH TO DATE    0.29                      0.47  -0.18     1.70
  SINCE MAR 1      0.35                      1.40  -1.05     2.65
  SINCE JAN 1      1.16                      2.05  -0.89     3.57

SNOWFALL (IN)
  TODAY            0.0           3.0  1994   0.2   -0.2      0.0
  MONTH TO DATE    T                         1.9   -1.9      5.6
  SINCE MAR 1      T                         7.6   -7.6      5.6
  SINCE JUL 1     13.7                      29.4  -15.7     19.8
  SNOW DEPTH       0

DEGREE DAYS
 HEATING
  TODAY            3                        16    -13        6
  MONTH TO DATE  186                       207    -21      182
  SINCE MAR 1    784                       909   -125      658
  SINCE JUL 1   4600                      5212   -612     4158

 COOLING
  TODAY            0                         0      0        0
  MONTH TO DATE    0                         0      0        0
  SINCE MAR 1      0                         0      0        0
  SINCE JAN 1      0                         0      0        0
..................................................................


WIND (MPH)
  HIGHEST WIND SPEED    39   HIGHEST WIND DIRECTION    SW (240)
  HIGHEST GUST SPEED    49   HIGHEST GUST DIRECTION    SW (240)
  AVERAGE WIND SPEED     8.3


SKY COVER
  POSSIBLE SUNSHINE  MM
  AVERAGE SKY COVER 0.0


WEATHER CONDITIONS
 THE FOLLOWING WEATHER WAS RECORDED TODAY.
  NO SIGNIFICANT WEATHER WAS OBSERVED.


RELATIVE HUMIDITY (PERCENT)
 HIGHEST    53           600 AM
 LOWEST      9           100 PM
 AVERAGE    31

..........................................................


THE PUEBLO CO CLIMATE NORMALS FOR TOMORROW
                         NORMAL    RECORD    YEAR
 MAXIMUM TEMPERATURE (F)   66        90      2006
 MINIMUM TEMPERATURE (F)   33        11      1997


SUNRISE AND SUNSET
APRIL 12 2018.........SUNRISE   627 AM MDT   SUNSET   732 PM MDT
APRIL 13 2018.........SUNRISE   625 AM MDT   SUNSET   733 PM MDT


-  INDICATES NEGATIVE NUMBERS.
R  INDICATES RECORD WAS SET OR TIED.
MM INDICATES DATA IS MISSING.
T  INDICATES TRACE AMOUNT.




$$
