000
CDUS45 KPUB 070050
CLIPUB


CLIMATE REPORT
NATIONAL WEATHER SERVICE PUEBLO
650 PM MDT FRI APR 6 2018


...................................

...THE PUEBLO CO CLIMATE SUMMARY FOR APRIL 6 2018...
VALID TODAY AS OF 0500 PM LOCAL TIME.

CLIMATE NORMAL PERIOD 1981 TO 2010
CLIMATE RECORD PERIOD 1888 TO 2018


WEATHER ITEM   OBSERVED TIME   RECORD YEAR NORMAL DEPARTURE LAST
                VALUE   (LST)  VALUE       VALUE  FROM      YEAR
                                                  NORMAL
..................................................................
TEMPERATURE (F)
 TODAY
  MAXIMUM         54   1205 AM  90    1991  64    -10       64
  MINIMUM         29    459 PM  14    1936  31     -2       30
  AVERAGE         42                        48     -6       47

PRECIPITATION (IN)
  TODAY            0.00          1.26 1914   0.03  -0.03     0.00
  MONTH TO DATE    T                         0.20  -0.20     1.70
  SINCE MAR 1      0.06                      1.13  -1.07     2.65
  SINCE JAN 1      0.87                      1.78  -0.91     3.57

SNOWFALL (IN)
  TODAY            0.0           4.6  1939   0.2   -0.2      0.0
  MONTH TO DATE    0.0                       1.0   -1.0      5.6
  SINCE MAR 1      T                         6.7   -6.7      5.6
  SINCE JUL 1     13.7                      28.5  -14.8     19.8
  SNOW DEPTH       0

DEGREE DAYS
 HEATING
  TODAY           23                        17      6       18
  MONTH TO DATE  112                       108      4      132
  SINCE MAR 1    710                       810   -100      608
  SINCE JUL 1   4526                      5113   -587     4108

 COOLING
  TODAY            0                         0      0        0
  MONTH TO DATE    0                         0      0        0
  SINCE MAR 1      0                         0      0        0
  SINCE JAN 1      0                         0      0        0
..................................................................


WIND (MPH)
  HIGHEST WIND SPEED    29   HIGHEST WIND DIRECTION     E (100)
  HIGHEST GUST SPEED    35   HIGHEST GUST DIRECTION     E (110)
  AVERAGE WIND SPEED    11.6


SKY COVER
  POSSIBLE SUNSHINE  MM
  AVERAGE SKY COVER 0.4


WEATHER CONDITIONS
 THE FOLLOWING WEATHER WAS RECORDED TODAY.
  NO SIGNIFICANT WEATHER WAS OBSERVED.


RELATIVE HUMIDITY (PERCENT)
 HIGHEST    72           400 PM
 LOWEST     36           100 AM
 AVERAGE    54

..........................................................


THE PUEBLO CO CLIMATE NORMALS FOR TOMORROW
                         NORMAL    RECORD    YEAR
 MAXIMUM TEMPERATURE (F)   65        89      1989
 MINIMUM TEMPERATURE (F)   31        10      1957


SUNRISE AND SUNSET
APRIL  6 2018.........SUNRISE   635 AM MDT   SUNSET   726 PM MDT
APRIL  7 2018.........SUNRISE   634 AM MDT   SUNSET   727 PM MDT


-  INDICATES NEGATIVE NUMBERS.
R  INDICATES RECORD WAS SET OR TIED.
MM INDICATES DATA IS MISSING.
T  INDICATES TRACE AMOUNT.




$$
