000
CDUS45 KPUB 072333
CLIPUB


CLIMATE REPORT
NATIONAL WEATHER SERVICE PUEBLO
533 PM MDT SAT APR 7 2018


...................................

...THE PUEBLO CO CLIMATE SUMMARY FOR APRIL 7 2018...
VALID TODAY AS OF 0500 PM LOCAL TIME.

CLIMATE NORMAL PERIOD 1981 TO 2010
CLIMATE RECORD PERIOD 1888 TO 2018


WEATHER ITEM   OBSERVED TIME   RECORD YEAR NORMAL DEPARTURE LAST
                VALUE   (LST)  VALUE       VALUE  FROM      YEAR
                                                  NORMAL
..................................................................
TEMPERATURE (F)
 TODAY
  MAXIMUM         56    358 PM  89    1989  65     -9       81
  MINIMUM         22    244 AM  10    1957  31     -9       36
  AVERAGE         39                        48     -9       59

PRECIPITATION (IN)
  TODAY            0.00          0.59 1942   0.04  -0.04     0.00
  MONTH TO DATE    T                         0.24  -0.24     1.70
  SINCE MAR 1      0.06                      1.17  -1.11     2.65
  SINCE JAN 1      0.87                      1.82  -0.95     3.57

SNOWFALL (IN)
  TODAY            0.0           4.4  1942   0.1   -0.1      0.0
  MONTH TO DATE    T                         1.1   -1.1      5.6
  SINCE MAR 1      T                         6.8   -6.8      5.6
  SINCE JUL 1     13.7                      28.6  -14.9     19.8
  SNOW DEPTH       0

DEGREE DAYS
 HEATING
  TODAY           26                        17      9        6
  MONTH TO DATE  142                       125     17      138
  SINCE MAR 1    740                       827    -87      614
  SINCE JUL 1   4556                      5130   -574     4114

 COOLING
  TODAY            0                         0      0        0
  MONTH TO DATE    0                         0      0        0
  SINCE MAR 1      0                         0      0        0
  SINCE JAN 1      0                         0      0        0
..................................................................


WIND (MPH)
  HIGHEST WIND SPEED    15   HIGHEST WIND DIRECTION    SE (140)
  HIGHEST GUST SPEED    19   HIGHEST GUST DIRECTION    SE (140)
  AVERAGE WIND SPEED     6.7


SKY COVER
  POSSIBLE SUNSHINE  MM
  AVERAGE SKY COVER 0.7


WEATHER CONDITIONS
 THE FOLLOWING WEATHER WAS RECORDED TODAY.
  FOG
  HAZE


RELATIVE HUMIDITY (PERCENT)
 HIGHEST    96          1200 AM
 LOWEST     35           400 PM
 AVERAGE    66

..........................................................


THE PUEBLO CO CLIMATE NORMALS FOR TOMORROW
                         NORMAL    RECORD    YEAR
 MAXIMUM TEMPERATURE (F)   65        85      1963
                                             1930
 MINIMUM TEMPERATURE (F)   32         2      1957


SUNRISE AND SUNSET
APRIL  7 2018.........SUNRISE   634 AM MDT   SUNSET   727 PM MDT
APRIL  8 2018.........SUNRISE   632 AM MDT   SUNSET   728 PM MDT


-  INDICATES NEGATIVE NUMBERS.
R  INDICATES RECORD WAS SET OR TIED.
MM INDICATES DATA IS MISSING.
T  INDICATES TRACE AMOUNT.




$$
