619
CDUS45 KPUB 181037
CLIPUB


CLIMATE REPORT
NATIONAL WEATHER SERVICE PUEBLO
437 AM MDT WED APR 18 2018


...................................

...THE PUEBLO CO CLIMATE SUMMARY FOR APRIL 17 2018...

CLIMATE NORMAL PERIOD 1981 TO 2010
CLIMATE RECORD PERIOD 1888 TO 2018


WEATHER ITEM   OBSERVED TIME   RECORD YEAR NORMAL DEPARTURE LAST
                VALUE   (LST)  VALUE       VALUE  FROM      YEAR
                                                  NORMAL
..................................................................
TEMPERATURE (F)
 YESTERDAY
  MAXIMUM         78    116 PM  88    2006  68     10       78
                                      1954
  MINIMUM         41   1159 PM  17    1901  34      7       52
  AVERAGE         60                        51      9       65

PRECIPITATION (IN)
  YESTERDAY        0.00          0.88 1970   0.05  -0.05     0.01
  MONTH TO DATE    0.30                      0.70  -0.40     1.71
  SINCE MAR 1      0.36                      1.63  -1.27     2.66
  SINCE JAN 1      1.17                      2.28  -1.11     3.58

SNOWFALL (IN)
  YESTERDAY        0.0           4.3  1968   0.1   -0.1      0.0
  MONTH TO DATE    T                         2.5   -2.5      5.6
  SINCE MAR 1      T                         8.2   -8.2      5.6
  SINCE JUL 1     13.7                      30.0  -16.3     19.8
  SNOW DEPTH       0

DEGREE DAYS
 HEATING
  YESTERDAY        5                        14     -9        0
  MONTH TO DATE  258                       280    -22      198
  SINCE MAR 1    856                       982   -126      674
  SINCE JUL 1   4672                      5285   -613     4174

 COOLING
  YESTERDAY        0                         0      0        0
  MONTH TO DATE    0                         0      0        0
  SINCE MAR 1      0                         0      0        0
  SINCE JAN 1      0                         0      0        0
..................................................................


WIND (MPH)
  HIGHEST WIND SPEED    53   HIGHEST WIND DIRECTION    SW (240)
  HIGHEST GUST SPEED    69   HIGHEST GUST DIRECTION     W (250)
  AVERAGE WIND SPEED    24.5


SKY COVER
  POSSIBLE SUNSHINE  MM
  AVERAGE SKY COVER 0.1


WEATHER CONDITIONS
 THE FOLLOWING WEATHER WAS RECORDED YESTERDAY.
  HAZE
  SANDSTORM


RELATIVE HUMIDITY (PERCENT)
 HIGHEST    42           300 AM
 LOWEST      5          1200 PM
 AVERAGE    24

..........................................................


THE PUEBLO CO CLIMATE NORMALS FOR TODAY
                         NORMAL    RECORD    YEAR
 MAXIMUM TEMPERATURE (F)   68        88      2000
                                             1987
 MINIMUM TEMPERATURE (F)   35        20      1922


SUNRISE AND SUNSET
APRIL 18 2018.........SUNRISE   618 AM MDT   SUNSET   737 PM MDT
APRIL 19 2018.........SUNRISE   617 AM MDT   SUNSET   738 PM MDT


-  INDICATES NEGATIVE NUMBERS.
R  INDICATES RECORD WAS SET OR TIED.
MM INDICATES DATA IS MISSING.
T  INDICATES TRACE AMOUNT.




$$
