000
CXUS54 KOUN 010910
CF6PWA
PRELIMINARY LOCAL CLIMATOLOGICAL DATA (WS FORM: F-6)
STATION: BETHANY/WILEY POST
MONTH: JANUARY
YEAR: 2023
LATITUDE: 35 31 N
LONGITUDE: 97 38 W
TEMPERATURE IN F: :PCPN: SNOW: WIND :SUNSHINE: SKY :PK WND
================================================================================
1 2 3 4 5 6A 6B 7 8 9 10 11 12 13 14 15 16 17 18
12Z AVG MX 2MIN
DY MAX MIN AVG DEP HDD CDD WTR SNW DPTH SPD SPD DIR MIN PSBL S-S WX SPD DR
================================================================================
1 74 44 59 20 6 0 0.00 M M 8.1 15 10 M M 0 20 220
2 70 43 57 18 8 0 T M M 11.1 25 160 M M 4 1238 31 160
3 55 35 45 6 20 0 0.00 M M 9.8 21 240 M M 0 26 240
4 53 31 42 3 23 0 0.00 M M 7.1 17 210 M M 1 22 210
5 55 24 40 1 25 0 0.00 M M 5.5 15 320 M M 0 18 320
6 66 35 51 12 14 0 0.00 M M 15.2 31 190 M M 0 40 180
7 52 31 42 3 23 0 0.00 M M 11.6 20 330 M M 0 27 310
8 58 24 41 2 24 0 0.00 M M 5.0 13 190 M M 0 18 14 190
9 65 32 49 10 16 0 0.00 M M 12.4 28 190 M M 0 33 200
10 69 31 50 11 15 0 0.00 M M 10.0 21 230 M M 0 26 240
11 69 37 53 14 12 0 0.00 M M 9.2 26 310 M M 0 33 320
12 51 27 39 0 26 0 0.00 M M 15.8 32 330 M M 3 43 330
13 52 22 37 -2 28 0 0.00 M M 4.9 14 150 M M 0 16 150
14 60 34 47 8 18 0 0.00 M M 19.2 30 180 M M 0 36 170
15 63 45 54 15 11 0 0.00 M M 23.4 31 170 M M 0 40 180
16 65 43 54 15 11 0 0.00 0.0 M 10.2 26 200 M M 0 36 200
17 80 35 58 19 7 0 0.02 0.0 0 5.2 21 140 M M 2 24 140
18 72 40 56 17 9 0 0.16 0.0 M 15.4 28 220 M M 4 8 36 220
19 51 30 41 2 24 0 0.00 M M 10.3 22 300 M M 0 8 29 310
20 58 25 42 3 23 0 0.00 M M 5.8 13 130 M M 2 18 130
21 59 37 48 9 17 0 0.01 M M 13.4 24 150 M M 7 31 160
22 45 23 34 -5 31 0 T T M 10.1 21 340 M M 6 8 28 310
23 50 20 35 -5 30 0 0.00 M M 3.9 9 130 M M 1 18 13 130
24 42 33 38 -2 27 0 0.40 M M 8.1 13 340 M M 9 12 16 350
25 44 27 36 -4 29 0 T M M 10.8 20 330 M M 6 1 23 330
26 50 21 36 -4 29 0 0.00 M M 8.8 21 300 M M 1 27 290
27 57 33 45 5 20 0 0.00 M M 14.1 26 220 M M 0 32 210
28 62 32 47 7 18 0 0.00 M M 18.4 33 200 M M 0 40 200
29 32 20 26 -14 39 0 0.00 M M 18.3 26 360 M M 10 1 32 350
30 21 16 19 -21 46 0 M M M 16.0 21 350 M M 10 3 30 350
31 26 16 21 -19 44 0 M M M 6.9 23 340 M M 5 30 350
================================================================================
SM 1726 946 673 0 0.59 T 344.0 M 71
================================================================================
AV 55.7 30.5 11.1 FASTST M M 2 MAX(MPH)
MISC ----> 33 200 43 330
================================================================================
NOTES:
# LAST OF SEVERAL OCCURRENCES
COLUMN 17 PEAK WIND IN M.P.H.
PRELIMINARY LOCAL CLIMATOLOGICAL DATA (WS FORM: F-6) , PAGE 2
STATION: BETHANY/WILEY POST
MONTH: JANUARY
YEAR: 2023
LATITUDE: 35 31 N
LONGITUDE: 97 38 W
[TEMPERATURE DATA] [PRECIPITATION DATA] SYMBOLS USED IN COLUMN 16
AVERAGE MONTHLY: 43.1 TOTAL FOR MONTH: 0.59 1 = FOG OR MIST
DPTR FM NORMAL: 4.0 DPTR FM NORMAL: -0.19 2 = FOG REDUCING VISIBILITY
HIGHEST: 80 ON 17 GRTST 24HR 0.67 ON 24-24 TO 1/4 MILE OR LESS
LOWEST: 16 ON 31,30 3 = THUNDER
SNOW, ICE PELLETS, HAIL 4 = ICE PELLETS
TOTAL MONTH: T 5 = HAIL
GRTST 24HR T ON 22-22 6 = FREEZING RAIN OR DRIZZLE
GRTST DEPTH: 0 7 = DUSTSTORM OR SANDSTORM:
VSBY 1/2 MILE OR LESS
8 = SMOKE OR HAZE
[NO. OF DAYS WITH] [WEATHER - DAYS WITH] 9 = BLOWING SNOW
X = TORNADO
MAX 32 OR BELOW: 3 0.01 INCH OR MORE: 4
MAX 90 OR ABOVE: 0 0.10 INCH OR MORE: 2
MIN 32 OR BELOW: 18 0.50 INCH OR MORE: 0
MIN 0 OR BELOW: 0 1.00 INCH OR MORE: 0
[HDD (BASE 65) ]
TOTAL THIS MO. 673 CLEAR (SCALE 0-3) 21
DPTR FM NORMAL -128 PTCLDY (SCALE 4-7) 7
TOTAL FM JUL 1 2083 CLOUDY (SCALE 8-10) 3
DPTR FM NORMAL -86
[CDD (BASE 65) ]
TOTAL THIS MO. 0
DPTR FM NORMAL 0 [PRESSURE DATA]
TOTAL FM JAN 1 0 HIGHEST SLP 30.49 ON 13
DPTR FM NORMAL 0 LOWEST SLP 29.53 ON 16
[REMARKS]
#FINAL-01-23#