000
CXUS54 KOUN 010910
CF6PWA
PRELIMINARY LOCAL CLIMATOLOGICAL DATA (WS FORM: F-6)
STATION: BETHANY/WILEY POST
MONTH: NOVEMBER
YEAR: 2022
LATITUDE: 35 31 N
LONGITUDE: 97 38 W
TEMPERATURE IN F: :PCPN: SNOW: WIND :SUNSHINE: SKY :PK WND
================================================================================
1 2 3 4 5 6A 6B 7 8 9 10 11 12 13 14 15 16 17 18
12Z AVG MX 2MIN
DY MAX MIN AVG DEP HDD CDD WTR SNW DPTH SPD SPD DIR MIN PSBL S-S WX SPD DR
================================================================================
1 78 47 63 7 2 0 0.00 M M 10.6 17 170 M M 0 22 170
2 66 53 60 4 5 0 0.00 M M 14.8 25 180 M M 2 18 35 180
3 73 60 67 12 0 2 0.00 0.0 0 19.6 28 170 M M 5 18 35 170
4 72 41 57 2 8 0 0.21 0.0 0 17.0 28 170 M M 8 13 36 180
5 62 34 48 -6 17 0 0.00 M M 14.5 29 170 M M 2 36 160
6 70 48 59 5 6 0 0.00 M M 10.1 25 170 M M 0 36 160
7 67 45 56 2 9 0 T 0.0 0 8.7 16 160 M M 5 20 170
8 77 66 72 19 0 7 0.00 0.0 0 15.2 22 170 M M 8 1 28 170
9 79 66 73 20 0 8 0.00 0.0 0 20.9 30 170 M M 4 1 36 170
10 71 45 58 6 7 0 0.59 M M 17.9 29 180 M M 7 13 36 180
11 45 30 38 -14 27 0 0.02 M M 17.9 31 360 M M 7 1 41 10
12 47 26 37 -15 28 0 0.00 M M 6.2 14 360 M M 0 19 360
13 54 28 41 -10 24 0 0.00 M M 11.4 21 180 M M 0 28 170
14 42 32 37 -14 28 0 0.20 M M 9.2 18 140 M M 9 1 24 140
15 46 28 37 -13 28 0 0.00 M M 8.1 18 340 M M 3 22 330
16 45 25 35 -15 30 0 0.00 M M 6.4 20 350 M M 0 22 350
17 57 24 41 -9 24 0 0.00 M M 10.2 23 20 M M 2 29 10
18 37 28 33 -16 32 0 0.00 M M 12.6 24 20 M M 10 31 30
19 47 22 35 -14 30 0 0.00 M M 6.1 16 340 M M 2 24 330
20 51 19 35 -14 30 0 0.00 M M 8.2 16 170 M M 0 20 170
21 58 29 44 -4 21 0 0.00 M M 10.7 16 210 M M 0 20 200
22 60 33 47 -1 18 0 0.00 M M 10.1 20 200 M M 0 1 24 190
23 53 41 47 0 18 0 T M M 12.3 21 160 M M 7 1 26 150
24 54 45 50 3 15 0 0.00 M M 11.7 21 350 M M 10 12 26 30
25 51 34 43 -4 22 0 0.00 M M 9.7 20 10 M M 2 23 10
26 48 43 46 0 19 0 0.83 M M 8.1 16 310 M M 10 1 24 310
27 50 33 42 -4 23 0 0.00 M M 9.4 20 340 M M 4 1 24 340
28 65 30 48 2 17 0 0.00 M M 16.2 29 170 M M 0 35 170
29 63 30 47 2 18 0 0.00 M M 18.4 28 350 M M 1 35 350
30 44 22 33 -12 32 0 T M M 7.1 16 10 M M 0 21 360
================================================================================
SM 1732 1107 538 17 1.85 0.0 359.3 M 108
================================================================================
AV 57.7 36.9 12.0 FASTST M M 4 MAX(MPH)
MISC ----> 31 360 41 10
================================================================================
NOTES:
# LAST OF SEVERAL OCCURRENCES
COLUMN 17 PEAK WIND IN M.P.H.
PRELIMINARY LOCAL CLIMATOLOGICAL DATA (WS FORM: F-6) , PAGE 2
STATION: BETHANY/WILEY POST
MONTH: NOVEMBER
YEAR: 2022
LATITUDE: 35 31 N
LONGITUDE: 97 38 W
[TEMPERATURE DATA] [PRECIPITATION DATA] SYMBOLS USED IN COLUMN 16
AVERAGE MONTHLY: 47.3 TOTAL FOR MONTH: 1.85 1 = FOG OR MIST
DPTR FM NORMAL: -3.0 DPTR FM NORMAL: 0.38 2 = FOG REDUCING VISIBILITY
HIGHEST: 79 ON 9 GRTST 24HR 0.83 ON 26-26 TO 1/4 MILE OR LESS
LOWEST: 19 ON 20 3 = THUNDER
SNOW, ICE PELLETS, HAIL 4 = ICE PELLETS
TOTAL MONTH: 0.0 INCH 5 = HAIL
GRTST 24HR 0.0 6 = FREEZING RAIN OR DRIZZLE
GRTST DEPTH: 0 7 = DUSTSTORM OR SANDSTORM:
VSBY 1/2 MILE OR LESS
8 = SMOKE OR HAZE
[NO. OF DAYS WITH] [WEATHER - DAYS WITH] 9 = BLOWING SNOW
X = TORNADO
MAX 32 OR BELOW: 0 0.01 INCH OR MORE: 5
MAX 90 OR ABOVE: 0 0.10 INCH OR MORE: 4
MIN 32 OR BELOW: 14 0.50 INCH OR MORE: 2
MIN 0 OR BELOW: 0 1.00 INCH OR MORE: 0
[HDD (BASE 65) ]
TOTAL THIS MO. 538 CLEAR (SCALE 0-3) 17
DPTR FM NORMAL 92 PTCLDY (SCALE 4-7) 8
TOTAL FM JUL 1 671 CLOUDY (SCALE 8-10) 5
DPTR FM NORMAL 50
[CDD (BASE 65) ]
TOTAL THIS MO. 17
DPTR FM NORMAL 10 [PRESSURE DATA]
TOTAL FM JAN 1 2739 HIGHEST SLP 30.55 ON 18
DPTR FM NORMAL 571 LOWEST SLP 29.53 ON 29
[REMARKS]
#FINAL-11-22#