000
CXUS54 KOUN 010700
CF6PWA
PRELIMINARY LOCAL CLIMATOLOGICAL DATA (WS FORM: F-6)
STATION: BETHANY/WILEY POST
MONTH: MARCH
YEAR: 2020
LATITUDE: 35 31 N
LONGITUDE: 97 38 W
TEMPERATURE IN F: :PCPN: SNOW: WIND :SUNSHINE: SKY :PK WND
================================================================================
1 2 3 4 5 6A 6B 7 8 9 10 11 12 13 14 15 16 17 18
12Z AVG MX 2MIN
DY MAX MIN AVG DEP HDD CDD WTR SNW DPTH SPD SPD DIR MIN PSBL S-S WX SPD DR
================================================================================
1 78 44 61 15 4 0 0.00 0.0 0 16.0 29 200 M M 0 35 200
2 58 39 49 3 16 0 0.00 0.0 0 9.3 21 350 M M 3 26 10
3 68 42 55 9 10 0 0.00 0.0 0 5.2 12 40 M M 0 14 40
4 59 40 50 3 15 0 0.00 0.0 0 7.9 21 50 M M 0 25 40
5 68 28 48 1 17 0 0.00 0.0 0 10.7 29 20 M M 0 35 20
6 65 29 47 -1 18 0 0.00 0.0 0 5.8 15 160 M M 0 17 170
7 71 40 56 8 9 0 0.00 0.0 0 18.4 29 170 M M 0 37 170
8 59 47 53 5 12 0 0.20 M 0 21.3 32 180 M M 6 1 43 200
9 72 43 58 10 7 0 0.06 0.0 0 17.1 33 190 M M 6 44 150
10 74 38 56 7 9 0 0.00 0.0 0 8.9 22 180 M M 0 27 170
11 76 59 68 19 0 3 0.00 0.0 0 9.7 23 190 M M 0 27 200
12 83 57 70 21 0 5 0.00 0.0 0 15.4 25 30 M M 0 33 20
13 57 44 51 1 14 0 0.23 M 0 16.7 28 70 M M 7 1 34 50
14 51 42 47 -3 18 0 1.13 M 0 12.3 18 30 M M 10 13 22 40
15 47 41 44 -6 21 0 0.01 M 0 10.3 16 30 M M 10 1 20 30
16 56 45 51 0 14 0 0.12 M 0 3.8 12 20 M M 10 1 14 20
17 56 49 53 2 12 0 0.89 M 0 10.8 18 70 M M 10 13 23 150
18 77 56 67 16 0 2 2.55 0.0 0 12.7 28 140 M M 6 13 37 130
19 78 60 69 17 0 4 0.25 0.0 0 16.9 35 240 M M 1 13 45 220
20 60 35 48 -4 17 0 0.00 0.0 0 17.6 31 340 M M 5 40 330
21 55 29 42 -10 23 0 0.18 0.0 0 7.9 18 120 M M 4 3 22 110
22 56 46 51 -1 14 0 0.35 0.0 0 8.2 16 210 M M 9 1 20 190
23 68 52 60 7 5 0 0.00 0.0 0 10.4 22 150 M M 9 1 26 170
24 70 50 60 7 5 0 0.02 0.0 0 9.2 26 10 M M 6 1 40 340
25 84 48 66 13 0 1 0.00 0.0 0 14.6 28 190 M M 0 33 200
26 93 61 77 23 0 12 0.00 0.0 0 16.1 25 170 M M 0 33 170
27 81 68 75 21 0 10 0.12 0.0 0 12.5 22 190 M M 1 138 27 200
28 72 50 61 7 4 0 0.16 0.0 0 15.8 28 260 M M 1 13 37 230
29 70 39 55 1 10 0 0.00 0.0 0 5.4 13 220 M M 0 17 200
30 63 51 57 2 8 0 0.59 0.0 0 10.3 24 140 M M 9 13 31 150
31 67 50 59 4 6 0 0.02 0.0 0 7.6 14 360 M M 5 1 17 360
================================================================================
SM 2092 1422 288 37 6.88 0.0 364.8 M 118
================================================================================
AV 67.5 45.9 11.8 FASTST M M 4 MAX(MPH)
MISC ----> # 35 240 # 45 220
================================================================================
NOTES:
# LAST OF SEVERAL OCCURRENCES
COLUMN 17 PEAK WIND IN M.P.H.
PRELIMINARY LOCAL CLIMATOLOGICAL DATA (WS FORM: F-6) , PAGE 2
STATION: BETHANY/WILEY POST
MONTH: MARCH
YEAR: 2020
LATITUDE: 35 31 N
LONGITUDE: 97 38 W
[TEMPERATURE DATA] [PRECIPITATION DATA] SYMBOLS USED IN COLUMN 16
AVERAGE MONTHLY: 56.7 TOTAL FOR MONTH: 6.88 1 = FOG OR MIST
DPTR FM NORMAL: 6.2 DPTR FM NORMAL: 4.10 2 = FOG REDUCING VISIBILITY
HIGHEST: 93 ON 26 GRTST 24HR 2.55 ON 18-18 TO 1/4 MILE OR LESS
LOWEST: 28 ON 5 3 = THUNDER
SNOW, ICE PELLETS, HAIL 4 = ICE PELLETS
TOTAL MONTH: 0.0 INCH 5 = HAIL
GRTST 24HR 0.0 6 = FREEZING RAIN OR DRIZZLE
GRTST DEPTH: 0 7 = DUSTSTORM OR SANDSTORM:
VSBY 1/2 MILE OR LESS
8 = SMOKE OR HAZE
[NO. OF DAYS WITH] [WEATHER - DAYS WITH] 9 = BLOWING SNOW
X = TORNADO
MAX 32 OR BELOW: 0 0.01 INCH OR MORE: 16
MAX 90 OR ABOVE: 1 0.10 INCH OR MORE: 12
MIN 32 OR BELOW: 3 0.50 INCH OR MORE: 4
MIN 0 OR BELOW: 0 1.00 INCH OR MORE: 2
[HDD (BASE 65) ]
TOTAL THIS MO. 288 CLEAR (SCALE 0-3) 16
DPTR FM NORMAL -168 PTCLDY (SCALE 4-7) 8
TOTAL FM JUL 1 2952 CLOUDY (SCALE 8-10) 7
DPTR FM NORMAL -436
[CDD (BASE 65) ]
TOTAL THIS MO. 37
DPTR FM NORMAL 29 [PRESSURE DATA]
TOTAL FM JAN 1 37 HIGHEST SLP M ON M
DPTR FM NORMAL 28 LOWEST SLP 29.53 ON 28
[REMARKS]
#FINAL-03-20#