000
CXUS56 KSTO 070451
CF6SAC
PRELIMINARY LOCAL CLIMATOLOGICAL DATA (WS FORM: F-6)
STATION: SACRAMENTO EXEC. AIRPORT CA
MONTH: APRIL
YEAR: 2022
LATITUDE: 38 31 N
LONGITUDE: 121 30 W
TEMPERATURE IN F: :PCPN: SNOW: WIND :SUNSHINE: SKY :PK WND
================================================================================
1 2 3 4 5 6A 6B 7 8 9 10 11 12 13 14 15 16 17 18
12Z AVG MX 2MIN
DY MAX MIN AVG DEP HDD CDD WTR SNW DPTH SPD SPD DIR MIN PSBL S-S WX SPD DR
================================================================================
1 78 44 61 4 4 0 0.00 0.0 M 3.5 10 220 M M 0 1 15 220
2 80 47 64 7 1 0 0.00 0.0 M 7.1 17 310 M M 0 24 360
3 81 43 62 5 3 0 0.00 M M 5.8 20 230 M M 0 27 210
4 73 47 60 2 5 0 T M M 5.9 17 230 M M 0 22 210
5 74 46 60 2 5 0 0.00 0.0 M 9.2 23 310 M M 0 30 300
6 85 51 68 10 0 3 0.00 0.0 M 6.7 13 360 M M 0 20 350
7 88 50 69 11 0 4 0.00 0.0 M 2.0 8 290 M M 0 8 10 320
8 88 52 70 12 0 5 0.00 M M 3.4 12 210 M M 0 17 210
9 76 55 66 8 0 1 0.00 M M 16.9 30 330 M M 0 42 330
10 74 49 62 4 3 0 0.00 0.0 M 13.7 32 330 M M 0 42 340
11 65 43 54 -5 11 0 0.02 M M 12.0 29 280 M M 5 1 41 270
12 64 33 49 -10 16 0 0.00 0.0 M 4.8 17 220 M M 1 24 230
13 63 38 51 -8 14 0 0.01 0.0 M 6.1 16 230 M M 4 22 240
14 57 50 54 -5 11 0 0.13 0.0 M 7.8 14 160 M M 10 18 18 150
15 70 48 59 0 6 0 0.00 0.0 M 8.5 17 240 M M 4 22 220
16 70 47 59 -1 6 0 0.15 0.0 M 9.4 18 220 M M 6 1 25 220
17 72 43 58 -2 7 0 0.00 0.0 M 7.5 14 230 M M 0 18 220
18 72 43 58 -2 7 0 0.00 M M 8.6 20 250 M M 3 25 260
19 69 48 59 -1 6 0 0.07 M M 6.2 14 230 M M 3 1 21 210
20 72 43 58 -2 7 0 0.03 0.0 M 8.3 22 240 M M 4 32 240
21 65 48 57 -3 8 0 0.07 0.0 M 8.2 20 230 M M 6 13 26 240
22 68 44 56 -5 9 0 0.16 0.0 M 3.7 14 260 M M 3 1 17 260
23 79 43 61 0 4 0 0.00 0.0 M 5.8 20 360 M M 0 1 27 330
24 82 42 62 1 3 0 0.00 0.0 M 3.4 14 220 M M 0 16 210
25 81 49 65 4 0 0 0.00 0.0 M 4.9 7 200 M M 0 M M
26 77 52 65 3 0 0 0.00 M M 6.3 16 230 M M 0 20 230
27 74 47 61 -1 4 0 0.00 M M 8.9 18 220 M M 0 24 230
28 72 47 60 -2 5 0 0.00 M M 6.6 16 230 M M 0 25 210
29 80 46 63 1 2 0 0.00 M M 6.9 17 310 M M 0 21 310
30 82 48 65 2 0 0 0.00 0.0 M 8.0 22 220 M M 0 30 220
================================================================================
SM 2231 1386 147 13 0.64 0.0 216.1 M 49
================================================================================
AV 74.4 46.2 7.2 FASTST M M 2 MAX(MPH)
MISC ----> 32 330 # 42 330
================================================================================
NOTES:
# LAST OF SEVERAL OCCURRENCES
COLUMN 17 PEAK WIND IN M.P.H.
PRELIMINARY LOCAL CLIMATOLOGICAL DATA (WS FORM: F-6) , PAGE 2
STATION: SACRAMENTO EXEC. AIRPORT CA
MONTH: APRIL
YEAR: 2022
LATITUDE: 38 31 N
LONGITUDE: 121 30 W
[TEMPERATURE DATA] [PRECIPITATION DATA] SYMBOLS USED IN COLUMN 16
AVERAGE MONTHLY: 60.3 TOTAL FOR MONTH: 0.64 1 = FOG OR MIST
DPTR FM NORMAL: 0.8 DPTR FM NORMAL: -0.62 2 = FOG REDUCING VISIBILITY
HIGHEST: 88 ON 8, 7 GRTST 24HR 0.23 ON 21-22 TO 1/4 MILE OR LESS
LOWEST: 33 ON 12 3 = THUNDER
SNOW, ICE PELLETS, HAIL 4 = ICE PELLETS
TOTAL MONTH: 0.0 INCH 5 = HAIL
GRTST 24HR 0.0 6 = FREEZING RAIN OR DRIZZLE
GRTST DEPTH: M ON M 7 = DUSTSTORM OR SANDSTORM:
VSBY 1/2 MILE OR LESS
8 = SMOKE OR HAZE
[NO. OF DAYS WITH] [WEATHER - DAYS WITH] 9 = BLOWING SNOW
X = TORNADO
MAX 32 OR BELOW: 0 0.01 INCH OR MORE: 8
MAX 90 OR ABOVE: 0 0.10 INCH OR MORE: 3
MIN 32 OR BELOW: 0 0.50 INCH OR MORE: 0
MIN 0 OR BELOW: 0 1.00 INCH OR MORE: 0
[HDD (BASE 65) ]
TOTAL THIS MO. 147 CLEAR (SCALE 0-3) 22
DPTR FM NORMAL -34 PTCLDY (SCALE 4-7) 7
TOTAL FM JUL 1 2304 CLOUDY (SCALE 8-10) 1
DPTR FM NORMAL -64
[CDD (BASE 65) ]
TOTAL THIS MO. 13
DPTR FM NORMAL -5 [PRESSURE DATA]
TOTAL FM JAN 1 20 HIGHEST SLP 30.27 ON 13
DPTR FM NORMAL 1 LOWEST SLP 29.79 ON 11
[REMARKS]
#FINAL-04-22#