000
CXUS56 KSTO 031555
CF6SAC
PRELIMINARY LOCAL CLIMATOLOGICAL DATA (WS FORM: F-6)
STATION: SACRAMENTO EXEC. AIRPORT CA
MONTH: JUNE
YEAR: 2020
LATITUDE: 38 31 N
LONGITUDE: 121 30 W
TEMPERATURE IN F: :PCPN: SNOW: WIND :SUNSHINE: SKY :PK WND
================================================================================
1 2 3 4 5 6A 6B 7 8 9 10 11 12 13 14 15 16 17 18
12Z AVG MX 2MIN
DY MAX MIN AVG DEP HDD CDD WTR SNW DPTH SPD SPD DIR MIN PSBL S-S WX SPD DR
================================================================================
1 88 60 74 5 0 9 T 0.0 0 4.8 10 290 M M 1 15 330
2 98 59 79 10 0 14 0.00 0.0 0 3.2 12 280 M M 0 17 280
3 102 63 83 14 0 18 0.00 0.0 0 3.9 12 230 M M 0 8 16 260
4 101 63 82 13 0 17 0.00 0.0 0 5.5 16 230 M M 0 23 220
5 77 57 67 -3 0 2 0.00 0.0 0 14.4 29 230 M M 0 8 36 230
6 78 53 66 -4 0 1 0.00 0.0 0 10.1 24 230 M M 0 33 220
7 76 51 64 -6 1 0 0.00 0.0 0 6.1 15 320 M M 1 8 20 310
8 84 55 70 0 0 5 0.00 0.0 0 10.5 20 320 M M 0 27 310
9 93 52 73 3 0 8 0.00 0.0 0 4.0 13 220 M M 0 16 210
10 97 59 78 8 0 13 0.00 0.0 0 4.5 13 220 M M 0 17 230
11 96 62 79 8 0 14 0.00 0.0 0 6.9 17 230 M M 0 21 230
12 77 56 67 -4 0 2 T 0.0 0 11.4 23 220 M M 0 29 210
13 79 56 68 -3 0 3 0.00 0.0 0 6.9 16 220 M M 3 23 220
14 86 54 70 -1 0 5 0.00 0.0 0 4.8 15 230 M M 0 18 230
15 88 61 75 4 0 10 0.00 0.0 0 8.1 22 230 M M 0 29 240
16 84 52 68 -4 0 3 0.00 0.0 0 5.9 14 280 M M 0 19 270
17 89 57 73 1 0 8 0.00 0.0 0 12.5 22 340 M M 0 31 350
18 98 57 78 6 0 13 0.00 0.0 0 4.6 13 320 M M 0 16 290
19 96 62 79 7 0 14 0.00 0.0 0 6.7 14 210 M M 0 19 210
20 91 58 75 3 0 10 0.00 0.0 0 7.3 15 220 M M 0 21 190
21 97 61 79 7 0 14 0.00 0.0 0 6.0 16 220 M M 0 19 210
22 101 60 81 8 0 16 0.00 0.0 0 6.5 15 250 M M 0 18 220
23 98 61 80 7 0 15 0.00 0.0 0 7.4 17 220 M M 0 24 220
24 98 59 79 6 0 14 0.00 0.0 0 6.3 14 230 M M 0 19 230
25 101 62 82 9 0 17 0.00 0.0 0 6.6 17 210 M M 0 22 210
26 100 62 81 8 0 16 0.00 0.0 0 6.3 15 220 M M 0 21 230
27 87 60 74 0 0 9 0.00 0.0 0 11.5 21 210 M M 0 29 190
28 82 58 70 -4 0 5 0.00 0.0 0 9.3 17 220 M M 0 26 220
29 90 56 73 -1 0 8 0.00 0.0 0 10.8 24 330 M M 0 29 340
30 94 59 77 3 0 12 0.00 0.0 0 5.8 14 250 M M 0 21 250
================================================================================
SM 2726 1745 1 295 T 0.0 218.6 M 5
================================================================================
AV 90.9 58.2 7.3 FASTST M M 0 MAX(MPH)
MISC ----> # 29 230 # 36 230
================================================================================
NOTES:
# LAST OF SEVERAL OCCURRENCES
COLUMN 17 PEAK WIND IN M.P.H.
PRELIMINARY LOCAL CLIMATOLOGICAL DATA (WS FORM: F-6) , PAGE 2
STATION: SACRAMENTO EXEC. AIRPORT CA
MONTH: JUNE
YEAR: 2020
LATITUDE: 38 31 N
LONGITUDE: 121 30 W
[TEMPERATURE DATA] [PRECIPITATION DATA] SYMBOLS USED IN COLUMN 16
AVERAGE MONTHLY: 74.5 TOTAL FOR MONTH: T 1 = FOG OR MIST
DPTR FM NORMAL: 3.1 DPTR FM NORMAL: -0.21 2 = FOG REDUCING VISIBILITY
HIGHEST: 102 ON 3 GRTST 24HR T ON 12-12 TO 1/4 MILE OR LESS
LOWEST: 51 ON 7 3 = THUNDER
SNOW, ICE PELLETS, HAIL 4 = ICE PELLETS
TOTAL MONTH: 0.0 INCH 5 = HAIL
GRTST 24HR 0.0 6 = FREEZING RAIN OR DRIZZLE
GRTST DEPTH: 0 7 = DUSTSTORM OR SANDSTORM:
VSBY 1/2 MILE OR LESS
8 = SMOKE OR HAZE
[NO. OF DAYS WITH] [WEATHER - DAYS WITH] 9 = BLOWING SNOW
X = TORNADO
MAX 32 OR BELOW: 0 0.01 INCH OR MORE: 0
MAX 90 OR ABOVE: 17 0.10 INCH OR MORE: 0
MIN 32 OR BELOW: 0 0.50 INCH OR MORE: 0
MIN 0 OR BELOW: 0 1.00 INCH OR MORE: 0
[HDD (BASE 65) ]
TOTAL THIS MO. 1 CLEAR (SCALE 0-3) 29
DPTR FM NORMAL -8 PTCLDY (SCALE 4-7) 1
TOTAL FM JUL 1 2137 CLOUDY (SCALE 8-10) 0
DPTR FM NORMAL -482
[CDD (BASE 65) ]
TOTAL THIS MO. 295
DPTR FM NORMAL 92 [PRESSURE DATA]
TOTAL FM JAN 1 507 HIGHEST SLP M ON M
DPTR FM NORMAL 201 LOWEST SLP 29.60 ON 4
[REMARKS]
#FINAL-06-20#