000
CXUS56 KSTO 030501
CF6SAC
PRELIMINARY LOCAL CLIMATOLOGICAL DATA (WS FORM: F-6)
STATION: SACRAMENTO EXEC AP
MONTH: OCTOBER
YEAR: 2023
LATITUDE: 38 31 N
LONGITUDE: 121 30 W
TEMPERATURE IN F: :PCPN: SNOW: WIND :SUNSHINE: SKY :PK WND
================================================================================
1 2 3 4 5 6A 6B 7 8 9 10 11 12 13 14 15 16 17 18
12Z AVG MX 2MIN
DY MAX MIN AVG DEP HDD CDD WTR SNW DPTH SPD SPD DIR MIN PSBL S-S WX SPD DR
================================================================================
1 76 52 64 -5 1 0 0.00 M M 4.1 14 320 M M 2 1 16 320
2 82 47 65 -4 0 0 0.00 M M 3.7 15 310 M M 0 20 320
3 84 52 68 -1 0 3 0.00 M M 2.3 13 350 M M 0 15 340
4 91 54 73 5 0 8 0.00 M M 3.3 10 330 M M 0 18 13 350
5 93 58 76 8 0 11 0.00 M M 2.8 12 350 M M 0 13 340
6 94 58 76 8 0 11 0.00 M M 1.9 9 330 M M 0 14 290
7 95 57 76 8 0 11 0.00 M M 1.8 9 360 M M 0 12 320
8 92 58 75 8 0 10 0.00 M M 3.2 10 210 M M 0 14 210
9 72 56 64 -3 1 0 0.00 M M 6.9 20 230 M M 3 24 230
10 73 57 65 -2 0 0 0.11 M M 6.5 16 220 M M 6 1 24 210
11 75 48 62 -4 3 0 0.00 M M 7.8 20 330 M M 1 26 330
12 80 48 64 -2 1 0 0.00 M M 4.7 13 360 M M 0 16 340
13 78 49 64 -2 1 0 T M M 2.6 10 240 M M 1 13 230
14 80 58 69 4 0 4 T M M 3.3 10 210 M M 3 14 230
15 84 51 68 3 0 3 0.00 M M 1.4 7 220 M M 0 1 9 280
16 82 52 67 2 0 2 0.00 0.0 M 2.8 9 260 M M 0 8 11 260
17 86 54 70 6 0 5 0.00 M M 4.6 14 340 M M 0 19 340
18 88 53 71 7 0 6 0.00 M M 1.2 8 320 M M 0 11 310
19 92 55 74 10 0 9 0.00 M M 2.2 9 320 M M 0 12 300
20 87 55 71 8 0 6 0.00 M M 4.8 13 220 M M 0 16 220
21 76 56 66 3 0 1 0.00 M M 7.2 16 220 M M 0 20 210
22 70 57 64 1 1 0 0.49 M M 5.0 14 210 M M 8 1 20 230
23 77 56 67 5 0 2 0.00 M M 4.0 15 350 M M 3 1 20 310
24 76 54 65 3 0 0 0.00 M M 3.8 9 180 M M 0 14 190
25 68 50 59 -3 6 0 T M M 6.3 15 190 M M 5 21 180
26 69 43 56 -5 9 0 0.00 M M 5.2 16 340 M M 0 1 19 330
27 69 37 53 -8 12 0 0.00 M M 1.0 8 290 M M 0 11 280
28 70 39 55 -5 10 0 0.00 0.0 M 10.0 21 330 M M 0 28 340
29 76 45 61 1 4 0 0.00 M M 6.5 17 330 M M 0 22 340
30 73 38 56 -4 9 0 0.00 M M 1.1 7 300 M M 0 9 300
31 74 40 57 -2 8 0 0.00 M M 3.0 10 330 M M 0 13 340
================================================================================
SM 2482 1587 66 92 0.60 0.0 125.0 M 32
================================================================================
AV 80.1 51.2 4.0 FASTST M M 1 MAX(MPH)
MISC ----> 21 330 28 340
================================================================================
NOTES:
# LAST OF SEVERAL OCCURRENCES
COLUMN 17 PEAK WIND IN M.P.H.
PRELIMINARY LOCAL CLIMATOLOGICAL DATA (WS FORM: F-6) , PAGE 2
STATION: SACRAMENTO EXEC AP
MONTH: OCTOBER
YEAR: 2023
LATITUDE: 38 31 N
LONGITUDE: 121 30 W
[TEMPERATURE DATA] [PRECIPITATION DATA] SYMBOLS USED IN COLUMN 16
AVERAGE MONTHLY: 65.6 TOTAL FOR MONTH: 0.60 1 = FOG OR MIST
DPTR FM NORMAL: 1.1 DPTR FM NORMAL: -0.25 2 = FOG REDUCING VISIBILITY
HIGHEST: 95 ON 7 GRTST 24HR 0.49 ON 22-22 TO 1/4 MILE OR LESS
LOWEST: 37 ON 27 3 = THUNDER
SNOW, ICE PELLETS, HAIL 4 = ICE PELLETS
TOTAL MONTH: 0.0 INCH 5 = HAIL
GRTST 24HR 0.0 6 = FREEZING RAIN OR DRIZZLE
GRTST DEPTH: M ON M 7 = DUSTSTORM OR SANDSTORM:
VSBY 1/2 MILE OR LESS
8 = SMOKE OR HAZE
[NO. OF DAYS WITH] [WEATHER - DAYS WITH] 9 = BLOWING SNOW
X = TORNADO
MAX 32 OR BELOW: 0 0.01 INCH OR MORE: 2
MAX 90 OR ABOVE: 6 0.10 INCH OR MORE: 2
MIN 32 OR BELOW: 0 0.50 INCH OR MORE: 0
MIN 0 OR BELOW: 0 1.00 INCH OR MORE: 0
[HDD (BASE 65) ]
TOTAL THIS MO. 66 CLEAR (SCALE 0-3) 27
DPTR FM NORMAL -13 PTCLDY (SCALE 4-7) 3
TOTAL FM JUL 1 68 CLOUDY (SCALE 8-10) 1
DPTR FM NORMAL -17
[CDD (BASE 65) ]
TOTAL THIS MO. 92
DPTR FM NORMAL 27 [PRESSURE DATA]
TOTAL FM JAN 1 1316 HIGHEST SLP 30.23 ON 30
DPTR FM NORMAL 24 LOWEST SLP 29.74 ON 22
[REMARKS]
#FINAL-10-23#