686
CXUS56 KLOX 011655
CF6SBA
PRELIMINARY LOCAL CLIMATOLOGICAL DATA (WS FORM: F-6)
STATION: SANTA BARBARA AIRPORT CA
MONTH: OCTOBER
YEAR: 2020
LATITUDE: 34 25 N
LONGITUDE: 119 50 W
TEMPERATURE IN F: :PCPN: SNOW: WIND :SUNSHINE: SKY :PK WND
================================================================================
1 2 3 4 5 6A 6B 7 8 9 10 11 12 13 14 15 16 17 18
12Z AVG MX 2MIN
DY MAX MIN AVG DEP HDD CDD WTR SNW DPTH SPD SPD DIR MIN PSBL S-S WX SPD DR
================================================================================
1 95 56 76 12 0 11 0.00 M M M 8 240 M M M 10 250
2 87 59 73 10 0 8 0.00 M M 2.6 14 130 M M M 15 130
3 84 58 71 8 0 6 0.00 M M 3.0 12 110 M M M 15 110
4 77 62 70 7 0 5 0.00 M M 3.5 16 280 M M M 13 260
5 79 60 70 7 0 5 0.00 0.0 M 3.7 18 240 M M 0 8 15 250
6 77 57 67 4 0 2 0.00 0.0 M 3.2 12 230 M M 0 128 14 220
7 73 57 65 2 0 0 0.00 0.0 0 4.5 10 30 M M 4 128 12 250
8 73 55 64 1 1 0 0.00 0.0 0 4.1 14 260 M M 6 18 17 250
9 73 54 64 2 1 0 0.00 0.0 0 5.0 10 240 M M 4 18 67 330
10 73 54 64 2 1 0 0.00 0.0 0 4.0 12 260 M M 3 8 14 260
11 75 55 65 3 0 0 0.00 0.0 0 3.8 12 150 M M 0 15 130
12 82 54 68 6 0 3 0.00 0.0 0 3.4 12 260 M M 0 1 14 250
13 88 55 72 10 0 7 0.00 0.0 0 3.1 12 260 M M 0 14 250
14 92 51 72 10 0 7 0.00 0.0 0 2.6 9 140 M M 0 11 210
15 87 56 72 10 0 7 0.00 0.0 0 3.6 12 260 M M 0 13 260
16 92 55 74 12 0 9 0.00 0.0 0 2.2 12 250 M M 0 21 100
17 81 56 69 7 0 4 0.00 0.0 0 3.3 15 140 M M 0 1 17 130
18 73 54 64 3 1 0 0.00 0.0 0 3.3 9 190 M M 3 128 13 60
19 70 54 62 1 3 0 0.00 0.0 0 6.8 14 130 M M 7 18 17 120
20 67 62 65 4 0 0 0.00 0.0 0 5.2 10 110 M M 10 18 17 70
21 66 61 64 3 1 0 0.00 0.0 0 2.9 9 70 M M 10 18 12 80
22 71 62 67 6 0 2 0.00 0.0 0 3.0 10 270 M M 10 1 12 250
23 70 61 66 5 0 1 0.00 0.0 0 3.1 10 230 M M 9 13 230
24 70 63 67 7 0 2 0.00 0.0 0 4.6 12 260 M M 10 16 230
25 70 52 61 1 4 0 T 0.0 0 6.4 21 260 M M 7 M M
26 70 47 59 -1 6 0 0.00 0.0 0 4.6 14 130 M M 0 8 19 130
27 77 44 61 1 4 0 0.00 0.0 0 2.7 13 250 M M 0 8 15 220
28 73 41 57 -3 8 0 0.00 0.0 0 3.4 14 250 M M 0 17 260
29 76 44 60 0 5 0 0.00 0.0 0 3.3 13 250 M M 0 1 15 250
30 74 45 60 0 5 0 0.00 0.0 0 3.0 9 240 M M 1 18 12 270
31 76 46 61 2 4 0 0.00 0.0 0 3.1 10 250 M M 1 18 12 260
================================================================================
SM 2391 1690 44 79 T 0.0 111.0 M 85
================================================================================
AV 77.1 54.5 3.7 FASTST M M 3 MAX(MPH)
MISC ----> # 21 260 # 67 330
================================================================================
NOTES:
# LAST OF SEVERAL OCCURRENCES
COLUMN 17 PEAK WIND IN M.P.H.
PRELIMINARY LOCAL CLIMATOLOGICAL DATA (WS FORM: F-6) , PAGE 2
STATION: SANTA BARBARA AIRPORT CA
MONTH: OCTOBER
YEAR: 2020
LATITUDE: 34 25 N
LONGITUDE: 119 50 W
[TEMPERATURE DATA] [PRECIPITATION DATA] SYMBOLS USED IN COLUMN 16
AVERAGE MONTHLY: 65.8 TOTAL FOR MONTH: T 1 = FOG OR MIST
DPTR FM NORMAL: 4.2 DPTR FM NORMAL: -0.81 2 = FOG REDUCING VISIBILITY
HIGHEST: 95 ON 1 GRTST 24HR T ON 25-25 TO 1/4 MILE OR LESS
LOWEST: 41 ON 28 3 = THUNDER
SNOW, ICE PELLETS, HAIL 4 = ICE PELLETS
TOTAL MONTH: 0.0 INCH 5 = HAIL
GRTST 24HR 0.0 6 = FREEZING RAIN OR DRIZZLE
GRTST DEPTH: 0 7 = DUSTSTORM OR SANDSTORM:
VSBY 1/2 MILE OR LESS
8 = SMOKE OR HAZE
[NO. OF DAYS WITH] [WEATHER - DAYS WITH] 9 = BLOWING SNOW
X = TORNADO
MAX 32 OR BELOW: 0 0.01 INCH OR MORE: 0
MAX 90 OR ABOVE: 3 0.10 INCH OR MORE: 0
MIN 32 OR BELOW: 0 0.50 INCH OR MORE: 0
MIN 0 OR BELOW: 0 1.00 INCH OR MORE: 0
[HDD (BASE 65) ]
TOTAL THIS MO. 44 CLEAR (SCALE 0-3) 17
DPTR FM NORMAL -78 PTCLDY (SCALE 4-7) 5
TOTAL FM JUL 1 112 CLOUDY (SCALE 8-10) 5
DPTR FM NORMAL -105
[CDD (BASE 65) ]
TOTAL THIS MO. 79
DPTR FM NORMAL 64 [PRESSURE DATA]
TOTAL FM JAN 1 367 HIGHEST SLP 30.10 ON 28
DPTR FM NORMAL 181 LOWEST SLP 29.78 ON 2
[REMARKS]
#FINAL-10-20#