000
CXUS56 KLOX 011655
CF6SBP
PRELIMINARY LOCAL CLIMATOLOGICAL DATA (WS FORM: F-6)
STATION: SAN LUIS OBISPO AIRPORT CA
MONTH: OCTOBER
YEAR: 2020
LATITUDE: 35 13 N
LONGITUDE: 120 38 W
TEMPERATURE IN F: :PCPN: SNOW: WIND :SUNSHINE: SKY :PK WND
================================================================================
1 2 3 4 5 6A 6B 7 8 9 10 11 12 13 14 15 16 17 18
12Z AVG MX 2MIN
DY MAX MIN AVG DEP HDD CDD WTR SNW DPTH SPD SPD DIR MIN PSBL S-S WX SPD DR
================================================================================
1 105 59 82 17 0 17 0.00 0.0 M 8.6 22 310 M M 0 27 310
2 105 67 86 22 0 21 0.00 0.0 M 6.5 20 310 M M 2 25 320
3 100 65 83 19 0 18 0.00 0.0 M 6.7 24 310 M M 1 29 310
4 88 56 72 8 0 7 0.00 0.0 M 5.5 16 310 M M 0 13 310
5 85 51 68 4 0 3 0.00 0.0 M 3.0 13 320 M M 0 12 320
6 79 50 65 1 0 0 0.00 0.0 M 3.8 12 300 M M 2 18 15 320
7 74 51 63 -1 2 0 0.00 0.0 0 5.2 23 310 M M 6 128 27 300
8 70 55 63 -1 2 0 0.00 0.0 0 5.7 20 320 M M 8 1 23 310
9 74 53 64 0 1 0 0.00 0.0 0 6.5 20 320 M M 4 1 23 300
10 78 51 65 1 0 0 0.00 0.0 0 6.8 23 320 M M 4 12 27 310
11 88 57 73 10 0 8 0.00 0.0 0 8.2 20 310 M M 2 1 28 310
12 99 64 82 19 0 17 0.00 0.0 0 5.5 23 300 M M 0 30 300
13 98 61 80 17 0 15 0.00 0.0 0 6.4 22 310 M M 0 28 310
14 98 63 81 18 0 16 0.00 0.0 0 6.7 21 300 M M 0 30 310
15 99 60 80 17 0 15 0.00 0.0 0 4.1 17 310 M M 0 20 310
16 97 54 76 13 0 11 0.00 0.0 0 4.8 21 310 M M 0 24 310
17 92 52 72 9 0 7 0.00 0.0 0 3.9 16 310 M M 0 19 320
18 85 50 68 6 0 3 0.00 0.0 0 3.2 14 310 M M 2 1 18 310
19 73 52 63 1 2 0 0.00 0.0 0 5.9 15 300 M M 5 12 23 320
20 71 53 62 0 3 0 0.00 0.0 0 3.5 10 310 M M 7 18 18 310
21 71 52 62 0 3 0 0.00 0.0 0 2.5 9 150 M M 7 12 13 150
22 66 57 62 0 3 0 0.00 0.0 0 3.4 10 240 M M 10 1 13 240
23 71 58 65 3 0 0 0.00 0.0 0 2.6 12 210 M M 7 16 210
24 71 57 64 2 1 0 0.00 0.0 0 3.5 14 220 M M 9 19 200
25 65 55 60 -2 5 0 0.00 0.0 0 7.1 15 310 M M 9 1 19 320
26 74 47 61 0 4 0 0.00 0.0 0 6.3 20 320 M M 0 24 310
27 77 41 59 -2 6 0 0.00 0.0 0 3.2 16 310 M M 0 18 310
28 84 41 63 2 2 0 0.00 0.0 0 3.2 13 310 M M 0 15 310
29 81 43 62 1 3 0 0.00 0.0 0 3.1 15 310 M M 0 17 300
30 75 46 61 0 4 0 0.00 0.0 0 4.4 18 310 M M 4 12 21 310
31 89 42 66 5 0 1 0.00 0.0 0 3.4 18 320 M M 1 12 22 320
================================================================================
SM 2582 1663 41 159 0.00 0.0 153.2 M 90
================================================================================
AV 83.3 53.7 4.9 FASTST M M 3 MAX(MPH)
MISC ----> # 24 310 # 30 300
================================================================================
NOTES:
# LAST OF SEVERAL OCCURRENCES
COLUMN 17 PEAK WIND IN M.P.H.
PRELIMINARY LOCAL CLIMATOLOGICAL DATA (WS FORM: F-6) , PAGE 2
STATION: SAN LUIS OBISPO AIRPORT CA
MONTH: OCTOBER
YEAR: 2020
LATITUDE: 35 13 N
LONGITUDE: 120 38 W
[TEMPERATURE DATA] [PRECIPITATION DATA] SYMBOLS USED IN COLUMN 16
AVERAGE MONTHLY: 68.5 TOTAL FOR MONTH: 0.00 1 = FOG OR MIST
DPTR FM NORMAL: 5.8 DPTR FM NORMAL: -0.88 2 = FOG REDUCING VISIBILITY
HIGHEST: 105 ON 2, 1 GRTST 24HR 0.00 ON 31-31 TO 1/4 MILE OR LESS
LOWEST: 41 ON 28,27 3 = THUNDER
SNOW, ICE PELLETS, HAIL 4 = ICE PELLETS
TOTAL MONTH: 0.0 INCH 5 = HAIL
GRTST 24HR 0.0 6 = FREEZING RAIN OR DRIZZLE
GRTST DEPTH: 0 7 = DUSTSTORM OR SANDSTORM:
VSBY 1/2 MILE OR LESS
8 = SMOKE OR HAZE
[NO. OF DAYS WITH] [WEATHER - DAYS WITH] 9 = BLOWING SNOW
X = TORNADO
MAX 32 OR BELOW: 0 0.01 INCH OR MORE: 0
MAX 90 OR ABOVE: 9 0.10 INCH OR MORE: 0
MIN 32 OR BELOW: 0 0.50 INCH OR MORE: 0
MIN 0 OR BELOW: 0 1.00 INCH OR MORE: 0
[HDD (BASE 65) ]
TOTAL THIS MO. 41 CLEAR (SCALE 0-3) 19
DPTR FM NORMAL -67 PTCLDY (SCALE 4-7) 9
TOTAL FM JUL 1 72 CLOUDY (SCALE 8-10) 3
DPTR FM NORMAL -111
[CDD (BASE 65) ]
TOTAL THIS MO. 159
DPTR FM NORMAL 122 [PRESSURE DATA]
TOTAL FM JAN 1 623 HIGHEST SLP 30.10 ON 28
DPTR FM NORMAL 343 LOWEST SLP 29.78 ON 2
[REMARKS]
#FINAL-10-20#