000
CXUS56 KPQR 162302
CF6UAO
PRELIMINARY LOCAL CLIMATOLOGICAL DATA (WS FORM: F-6)
STATION: AURORA STATE OR
MONTH: JUNE
YEAR: 2023
LATITUDE: 45 15 N
LONGITUDE: 122 46 W
TEMPERATURE IN F: :PCPN: SNOW: WIND :SUNSHINE: SKY :PK WND
================================================================================
1 2 3 4 5 6A 6B 7 8 9 10 11 12 13 14 15 16 17 18
12Z AVG MX 2MIN
DY MAX MIN AVG DEP HDD CDD WTR SNW DPTH SPD SPD DIR MIN PSBL S-S WX SPD DR
================================================================================
1 72 43 58 -3 7 0 0.00 M M 2.5 12 10 M M 3 15 20
2 76 45 61 0 4 0 0.00 M M 2.9 8 350 M M 0 11 340
3 80 46 63 2 2 0 0.00 M M 5.3 16 330 M M 0 23 330
4 77 47 62 1 3 0 0.00 M M 9.5 22 10 M M 0 27 350
5 82 49 66 4 0 1 0.00 M M 9.9 21 10 M M 0 25 360
6 93 50 72 10 0 7 0.00 M M 3.6 12 20 M M 0 8 15 10
7 82 54 68 6 0 3 0.00 M M 6.4 13 220 M M 0 18 220
8 70 52 61 -1 4 0 0.00 M M 4.2 10 240 M M 2 14 200
9 61 54 58 -4 7 0 0.02 M M 2.9 10 20 M M 9 8 12 20
10 74 52 63 1 2 0 0.00 M M 7.0 16 40 M M 1 21 50
11 81 53 67 5 0 2 0.00 M M 6.9 15 10 M M 3 20 40
12 90 54 72 10 0 7 0.00 M M 3.1 15 340 M M 0 20 340
13 75 51 63 0 2 0 0.00 M M 4.1 13 340 M M 2 18 320
14 70 50 60 -3 5 0 0.00 M M 5.0 15 340 M M 5 22 350
15 76 47 62 -1 3 0 0.00 M M 4.3 13 340 M M 2 17 350
16 81 51 66 3 0 1 0.00 M M 3.0 16 340 M M 1 23 330
17 68 54 61 -2 4 0 0.00 M M 7.6 15 20 M M 9 19 10
18 60 48 54 -10 11 0 0.28 M M 5.2 14 230 M M 10 138 19 270
19 62 45 54 -10 11 0 0.05 M M 5.3 14 320 M M 8 3 22 280
20 67 51 59 -5 6 0 0.00 M M 6.2 15 170 M M 7 20 150
21 77 48 63 -1 2 0 0.00 M M 6.4 14 30 M M 1 1 18 360
22 87 56 72 8 0 7 0.00 M M 8.1 14 350 M M 0 17 10
23 80 56 68 3 0 3 0.00 M M 5.9 12 210 M M 1 19 230
24 83 50 67 2 0 2 0.00 M M 4.9 15 10 M M 0 17 360
25 84 54 69 4 0 4 0.00 M M 5.0 14 20 M M 0 19 340
26 82 55 69 3 0 4 0.00 M M 4.7 13 350 M M 0 16 350
27 82 53 68 2 0 3 0.00 M M 2.5 10 40 M M 3 14 40
28 87 56 72 6 0 7 0.00 M M 3.6 13 360 M M 0 15 20
29 89 58 74 8 0 9 0.00 M M 3.5 14 360 M M 0 18 10
30 87 57 72 6 0 7 0.00 M M 7.1 15 340 M M 0 22 340
================================================================================
SM 2335 1539 73 67 0.35 M 156.6 M 67
================================================================================
AV 77.8 51.3 5.2 FASTST M M 2 MAX(MPH)
MISC ----> 22 10 27 350
================================================================================
NOTES:
# LAST OF SEVERAL OCCURRENCES
COLUMN 17 PEAK WIND IN M.P.H.
PRELIMINARY LOCAL CLIMATOLOGICAL DATA (WS FORM: F-6) , PAGE 2
STATION: AURORA STATE OR
MONTH: JUNE
YEAR: 2023
LATITUDE: 45 15 N
LONGITUDE: 122 46 W
[TEMPERATURE DATA] [PRECIPITATION DATA] SYMBOLS USED IN COLUMN 16
AVERAGE MONTHLY: 64.6 TOTAL FOR MONTH: 0.35 1 = FOG OR MIST
DPTR FM NORMAL: 1.2 DPTR FM NORMAL: -1.12 2 = FOG REDUCING VISIBILITY
HIGHEST: 93 ON 6 GRTST 24HR 0.28 ON 18-18 TO 1/4 MILE OR LESS
LOWEST: 43 ON 1 3 = THUNDER
SNOW, ICE PELLETS, HAIL 4 = ICE PELLETS
TOTAL MONTH: M 5 = HAIL
GRTST 24HR M ON M 6 = FREEZING RAIN OR DRIZZLE
GRTST DEPTH: M ON M 7 = DUSTSTORM OR SANDSTORM:
VSBY 1/2 MILE OR LESS
8 = SMOKE OR HAZE
[NO. OF DAYS WITH] [WEATHER - DAYS WITH] 9 = BLOWING SNOW
X = TORNADO
MAX 32 OR BELOW: 0 0.01 INCH OR MORE: 3
MAX 90 OR ABOVE: 2 0.10 INCH OR MORE: 1
MIN 32 OR BELOW: 0 0.50 INCH OR MORE: 0
MIN 0 OR BELOW: 0 1.00 INCH OR MORE: 0
[HDD (BASE 65) ]
TOTAL THIS MO. 73 CLEAR (SCALE 0-3) 24
DPTR FM NORMAL -23 PTCLDY (SCALE 4-7) 3
TOTAL FM JUL 1 4316 CLOUDY (SCALE 8-10) 3
DPTR FM NORMAL 153
[CDD (BASE 65) ]
TOTAL THIS MO. 67
DPTR FM NORMAL 19 [PRESSURE DATA]
TOTAL FM JAN 1 150 HIGHEST SLP 30.24 ON 20
DPTR FM NORMAL 80 LOWEST SLP 29.67 ON 6
[REMARKS]
#FINAL-06-23#