000
CXUS51 KLWX 200620
CF6HGR
PRELIMINARY LOCAL CLIMATOLOGICAL DATA (WS FORM: F-6)

                                          STATION:   HAGERSTOWN MD
                                          MONTH:     MAY
                                          YEAR:      2018
                                          LATITUDE:   39 42 N
                                          LONGITUDE:  77 43 W

  TEMPERATURE IN F:       :PCPN:    SNOW:  WIND      :SUNSHINE: SKY     :PK WND
================================================================================
1   2   3   4   5  6A  6B    7    8   9   10  11  12  13   14  15   16   17  18
                                     12Z  AVG MX 2MIN
DY MAX MIN AVG DEP HDD CDD  WTR  SNW DPTH SPD SPD DIR MIN PSBL S-S WX    SPD DR
================================================================================

 1  84  46  65   7   0   0 0.00    M    M  5.9 14 290   M    M   0        18 300
 2  90  54  72  14   0   7 0.00    M    M  7.6 18 260   M    M   0 8      25 210
 3  92  64  78  20   0  13 0.00    M    M  8.8 17 190   M    M   2        23 190
 4  86  68  77  19   0  12    T    M    M  8.6 24 310   M    M   6        33 240
 5  70  53  62   3   3   0 0.78    M    M  5.9 14 340   M    M   5 13     19 330
 6  60  53  57  -2   8   0 0.23    M    M  6.0 10 350   M    M   9 13     13  20
 7  72  47  60   1   5   0 0.00    M    M  4.1 12 320   M    M   4 12     15 280
 8  75  54  65   5   0   0 0.00    M    M  4.9 13 130   M    M   3        16 120
 9  79  55  67   7   0   2 0.00    M    M  7.2 14 170   M    M   1        19 160
10  84  62  73  13   0   8 0.18    M    M  6.9 17 170   M    M   5 13     22 260
11  77  59  68   8   0   3 0.00    M    M  6.0 16 320   M    M   2        20 320
12  87  53  70   9   0   5 0.11    M    M  7.4 21 350   M    M   3 138    28 360
13  67  59  63   2   2   0 0.89    M    M  5.3 18  10   M    M  10 13     23 350
14  81  59  70   9   0   5 0.13    M    M  4.2 14 340   M    M   7 1238   17 340
15  92  64  78  16   0  13 0.04    M    M  9.1 20  30   M    M   4 3      28  40
16  73  63  68   6   0   3 0.16    M    M  6.3 13 360   M    M   9 18     16 350
17  69  62  66   4   0   1 0.35    M    M  5.4 10  10   M    M  10 1      13  10
18  70  55  63   1   2   0 0.32    M    M 10.1 18  70   M    M   8 18     26  80
19  63  51  57  -6   8   0 0.36    M    M  4.6 13  60   M    M  10 1      15  60
================================================================================
SM 1471 1081        28  72  3.55    M    124.3          M       98
================================================================================
AV 77.4 56.9                               6.5 FASTST   M    M   5    MAX(MPH)
                                 MISC ---->  # 24 310               # 33  240
================================================================================
NOTES:
# LAST OF SEVERAL OCCURRENCES

COLUMN 17 PEAK WIND IN M.P.H.

PRELIMINARY LOCAL CLIMATOLOGICAL DATA (WS FORM: F-6) , PAGE 2

                                          STATION:  HAGERSTOWN MD
                                          MONTH:    MAY
                                          YEAR:     2018
                                          LATITUDE:   39 42 N
                                          LONGITUDE:  77 43 W

[TEMPERATURE DATA]      [PRECIPITATION DATA]       SYMBOLS USED IN COLUMN 16

AVERAGE MONTHLY: 67.2   TOTAL FOR MONTH:   3.55    1 = FOG OR MIST
DPTR FM NORMAL:   7.0   DPTR FM NORMAL:    1.26    2 = FOG REDUCING VISIBILITY
HIGHEST:    92 ON 15, 3 GRTST 24HR  0.89 ON 13-13      TO 1/4 MILE OR LESS
LOWEST:     46 ON  1                               3 = THUNDER
                        SNOW, ICE PELLETS, HAIL    4 = ICE PELLETS
                        TOTAL MONTH:    M          5 = HAIL
                        GRTST 24HR    M  ON   M    6 = FREEZING RAIN OR DRIZZLE
                        GRTST DEPTH:  M  ON   M    7 = DUSTSTORM OR SANDSTORM:
                                                       VSBY 1/2 MILE OR LESS
                                                   8 = SMOKE OR HAZE
[NO. OF DAYS WITH]      [WEATHER - DAYS WITH]      9 = BLOWING SNOW
                                                   X = TORNADO
MAX 32 OR BELOW:   0    0.01 INCH OR MORE:  11
MAX 90 OR ABOVE:   3    0.10 INCH OR MORE:  10
MIN 32 OR BELOW:   0    0.50 INCH OR MORE:   2
MIN  0 OR BELOW:   0    1.00 INCH OR MORE:   0

[HDD (BASE 65) ]
TOTAL THIS MO.    28    CLEAR  (SCALE 0-3)   6
DPTR FM NORMAL   -88    PTCLDY (SCALE 4-7)   8
TOTAL FM JUL 1  4706    CLOUDY (SCALE 8-10)  5
DPTR FM NORMAL  -424

[CDD (BASE 65) ]
TOTAL THIS MO.    72
DPTR FM NORMAL    48    [PRESSURE DATA]
TOTAL FM JAN 1    92    HIGHEST SLP M ON M
DPTR FM NORMAL    53    LOWEST  SLP 29.79 ON 10

[REMARKS]
