000
CXUS52 TJSJ 250424
CF6JSJ
PRELIMINARY LOCAL CLIMATOLOGICAL DATA (WS FORM: F-6)
STATION: SAN JUAN AREA/PR
MONTH: APRIL
YEAR: 2024
LATITUDE: 18 25 N
LONGITUDE: 66 0 W
TEMPERATURE IN F: :PCPN: SNOW: WIND :SUNSHINE: SKY :PK WND
================================================================================
1 2 3 4 5 6A 6B 7 8 9 10 11 12 13 14 15 16 17 18
12Z AVG MX 2MIN
DY MAX MIN AVG DEP HDD CDD WTR SNW DPTH SPD SPD DIR MIN PSBL S-S WX SPD DR
================================================================================
1 85 76 81 2 0 16 0.07 M M 12.5 21 60 M M 5 30 20
2 85 75 80 1 0 15 0.05 M M 13.1 24 60 M M 5 31 50
3 87 76 82 2 0 17 0.01 M M 10.8 24 80 M M 4 31 70
4 89 76 83 3 0 18 T M M 6.9 21 60 M M 3 28 70
5 91 77 84 4 0 19 0.03 M M 4.6 17 70 M M 2 25 70
6 93 78 86 6 0 21 0.01 M M 5.3 16 50 M M 3 26 20
7 91 77 84 4 0 19 1.12 M M 5.7 18 230 M M 4 1 32 230
8 88 76 82 2 0 17 0.47 M M 5.6 22 20 M M 5 1 30 30
9 82 77 80 0 0 15 0.04 M M 13.4 20 70 M M 9 28 20
10 86 76 81 1 0 16 0.05 M M 15.0 22 60 M M 5 32 60
11 87 77 82 2 0 17 0.12 M M 17.6 25 70 M M 6 1 35 60
12 85 77 81 1 0 16 0.65 M M 14.2 25 70 M M 7 1 33 70
13 87 77 82 2 0 17 0.17 M M 12.0 22 80 M M 5 1 30 70
14 87 77 82 2 0 17 0.17 M M 11.2 24 80 M M 6 1 30 90
15 88 78 83 3 0 18 0.24 M M 5.3 16 80 M M 7 23 170
16 85 76 81 1 0 16 1.40 M M 9.6 22 80 M M 7 1 33 80
17 85 77 81 1 0 16 0.03 M M 7.9 15 40 M M 6 28 20
18 85 77 81 1 0 16 T M M 6.1 14 30 M M 5 26 10
19 86 76 81 1 0 16 0.19 M M 6.0 14 30 M M 5 25 360
20 86 77 82 2 0 17 0.01 M M 10.7 18 60 M M 5 28 20
21 85 76 81 1 0 16 0.23 M M 11.2 22 80 M M 8 18 31 70
22 86 76 81 1 0 16 1.88 M M 5.5 18 70 M M 8 13 24 70
23 88 77 83 3 0 18 0.52 M M 4.8 17 70 M M 5 18 23 70
24 87 77 82 2 0 17 0.21 0.0 0 5.6 21 80 M M 5 18 27 80
================================================================================
SM 2084 1839 0 406 7.67 0.0 220.6 M 130
================================================================================
AV 86.8 76.6 9.2 FASTST M M 5 MAX(MPH)
MISC ----> # 25 70 35 60
================================================================================
NOTES:
# LAST OF SEVERAL OCCURRENCES
COLUMN 17 PEAK WIND IN M.P.H.
PRELIMINARY LOCAL CLIMATOLOGICAL DATA (WS FORM: F-6) , PAGE 2
STATION: SAN JUAN AREA/PR
MONTH: APRIL
YEAR: 2024
LATITUDE: 18 25 N
LONGITUDE: 66 0 W
[TEMPERATURE DATA] [PRECIPITATION DATA] SYMBOLS USED IN COLUMN 16
AVERAGE MONTHLY: 81.7 TOTAL FOR MONTH: 7.67 1 = FOG OR MIST
DPTR FM NORMAL: 1.8 DPTR FM NORMAL: 4.19 2 = FOG REDUCING VISIBILITY
HIGHEST: 93 ON 6 GRTST 24HR 1.97 ON 21-22 TO 1/4 MILE OR LESS
LOWEST: 75 ON 2 3 = THUNDER
SNOW, ICE PELLETS, HAIL 4 = ICE PELLETS
TOTAL MONTH: 0.0 INCH 5 = HAIL
GRTST 24HR 0.0 6 = FREEZING RAIN OR DRIZZLE
GRTST DEPTH: 0 7 = DUSTSTORM OR SANDSTORM:
VSBY 1/2 MILE OR LESS
8 = SMOKE OR HAZE
[NO. OF DAYS WITH] [WEATHER - DAYS WITH] 9 = BLOWING SNOW
X = TORNADO
MAX 32 OR BELOW: 0 0.01 INCH OR MORE: 22
MAX 90 OR ABOVE: 3 0.10 INCH OR MORE: 13
MIN 32 OR BELOW: 0 0.50 INCH OR MORE: 5
MIN 0 OR BELOW: 0 1.00 INCH OR MORE: 3
[HDD (BASE 65) ]
TOTAL THIS MO. 0 CLEAR (SCALE 0-3) 1
DPTR FM NORMAL 0 PTCLDY (SCALE 4-7) 21
TOTAL FM JUL 1 0 CLOUDY (SCALE 8-10) 2
DPTR FM NORMAL 0
[CDD (BASE 65) ]
TOTAL THIS MO. 406
DPTR FM NORMAL 48 [PRESSURE DATA]
TOTAL FM JAN 1 1800 HIGHEST SLP M ON M
DPTR FM NORMAL 275 LOWEST SLP 29.88 ON 15
[REMARKS]