000
CDUS43 KGRR 052128
CLIJXN


CLIMATE REPORT
NATIONAL WEATHER SERVICE GRAND RAPIDS, MI
527 PM EDT SAT MAY 5 2018


...................................

...THE JACKSON MI CLIMATE SUMMARY FOR MAY 5 2018...
VALID TODAY AS OF 0500 PM LOCAL TIME.

CLIMATE NORMAL PERIOD 1981 TO 2010
CLIMATE RECORD PERIOD 1944 TO 9999


WEATHER ITEM   OBSERVED TIME   NORMAL DEPARTURE LAST
                VALUE   (LST)  VALUE  FROM      YEAR
                                      NORMAL
......................................................
TEMPERATURE (F)
 TODAY
  MAXIMUM         77    346 PM  66     11       54
  MINIMUM         52   1202 AM  43      9       41
  AVERAGE         65            54     11       48

PRECIPITATION (IN)
  TODAY            0.00          0.10  -0.10     0.02
  MONTH TO DATE    1.37          0.51   0.86     1.32
  SINCE MAR 1      6.32          5.02   1.30    10.14
  SINCE JAN 1     11.38          7.80   3.58    15.08

DEGREE DAYS
 HEATING
  TODAY            0            11    -11       17
  MONTH TO DATE    4            58    -54       82
  SINCE MAR 1   1699          1490    209     1352
  SINCE JUL 1   6403          6404     -1     5360

 COOLING
  TODAY            0             0      0        0
  MONTH TO DATE   14             0     14        0
  SINCE MAR 1     14             6      8        7
  SINCE JAN 1     14             6      8        7
......................................................


WIND (MPH)
  RESULTANT WIND SPEED  10   RESULTANT WIND DIRECTION  SW (210)
  HIGHEST WIND SPEED    18   HIGHEST WIND DIRECTION    SW (210)
  HIGHEST GUST SPEED    23   HIGHEST GUST DIRECTION    SW (220)
  AVERAGE WIND SPEED    10.1


SKY COVER
  AVERAGE SKY COVER 0.3


WEATHER CONDITIONS
 THE FOLLOWING WEATHER WAS RECORDED TODAY.
  NO SIGNIFICANT WEATHER WAS OBSERVED.


RELATIVE HUMIDITY (PERCENT)
 HIGHEST    89          1200 AM
 LOWEST     31           300 PM
 AVERAGE    60

..........................................................


THE JACKSON MI CLIMATE NORMALS FOR TOMORROW
                         NORMAL
 MAXIMUM TEMPERATURE (F)   66
 MINIMUM TEMPERATURE (F)   43


SUNRISE AND SUNSET
MAY  5 2018...........SUNRISE   628 AM EDT   SUNSET   842 PM EDT
MAY  6 2018...........SUNRISE   627 AM EDT   SUNSET   843 PM EDT


-  INDICATES NEGATIVE NUMBERS.
R  INDICATES RECORD WAS SET OR TIED.
MM INDICATES DATA IS MISSING.
T  INDICATES TRACE AMOUNT.




$$
