668
CXUS54 KFWD 010830
CF60F2
PRELIMINARY LOCAL CLIMATOLOGICAL DATA (WS FORM: F-6)
STATION: BOWIE
MONTH: JANUARY
YEAR: 2021
LATITUDE: 33 36 N
LONGITUDE: 97 47 W
TEMPERATURE IN F: :PCPN: SNOW: WIND :SUNSHINE: SKY :PK WND
================================================================================
1 2 3 4 5 6A 6B 7 8 9 10 11 12 13 14 15 16 17 18
12Z AVG MX 2MIN
DY MAX MIN AVG DEP HDD CDD WTR SNW DPTH SPD SPD DIR MIN PSBL S-S WX SPD DR
================================================================================
1 37 31 34 -7 31 0 0.02 M M 11.8 20 330 M M 9 1 23 310
2 55 30 43 2 22 0 0.00 M M 3.7 7 190 M M 3 M M
3 58 33 46 5 19 0 0.00 M M 4.7 9 260 M M 0 M M
4 64 32 48 7 17 0 0.00 M M 3.3 10 340 M M 0 M M
5 63 32 48 7 17 0 0.00 M M 5.8 14 170 M M 0 20 160
6 56 43 50 9 15 0 0.00 M M 10.6 22 320 M M 9 1 29 320
7 46 39 43 2 22 0 0.00 M M 11.5 16 320 M M 10 25 330
8 47 28 38 -3 27 0 0.00 M M 5.4 12 360 M M 5 17 310
9 46 22 34 -7 31 0 0.00 M M 1.4 6 160 M M 0 1 M M
10 37 33 35 -6 30 0 M M M 6.1 14 320 M M 10 21 320
11 48 31 40 -1 25 0 0.00 M M 5.5 9 340 M M 5 M M
12 54 26 40 -1 25 0 0.00 M M 4.1 10 220 M M 0 17 230
13 64 25 45 4 20 0 0.00 M M 5.6 12 190 M M 0 1 17 210
14 59 31 45 4 20 0 0.00 M M 10.8 26 340 M M 0 38 340
15 51 36 44 3 21 0 0.00 M M 15.0 29 320 M M 1 39 310
16 55 29 42 1 23 0 0.00 M M 4.1 7 290 M M 1 M M
17 58 31 45 4 20 0 0.00 M M 6.0 18 320 M M 3 20 310
18 66 29 48 7 17 0 0.00 M M 6.2 18 190 M M 2 24 190
19 53 45 49 8 16 0 0.00 M M 9.2 13 20 M M 10 22 40
20 45 40 43 1 22 0 0.06 M M 4.7 12 180 M M 10 1 18 180
21 56 42 49 7 16 0 0.00 M M 2.9 8 180 M M 1 1 M M
22 52 42 47 5 18 0 0.00 M M 2.3 7 30 M M 10 12 M M
23 51 40 46 4 19 0 0.02 M M 4.5 12 140 M M 10 12 17 140
24 56 50 53 11 12 0 0.20 M M 4.1 8 120 M M 10 12 M M
25 64 42 53 11 12 0 0.17 M M 9.9 18 250 M M 5 1 33 300
26 53 30 42 0 23 0 0.00 M M 6.3 12 350 M M 2 M M
27 45 28 37 -5 28 0 0.00 M M 8.1 18 330 M M 2 1 23 10
28 49 24 37 -5 28 0 0.00 M M 3.1 7 130 M M 0 M M
29 60 32 46 4 19 0 0.00 M M 7.2 14 170 M M 0 23 180
30 68 44 56 14 9 0 0.02 M M 16.0 26 240 M M 4 8 38 260
31 54 35 45 3 20 0 0.00 M M 13.6 20 340 M M 0 29 340
================================================================================
SM 1670 1055 644 0 0.49 M 213.5 M 122
================================================================================
AV 53.9 34.0 6.9 FASTST M M 4 MAX(MPH)
MISC ----> 29 320 39 310
================================================================================
NOTES:
# LAST OF SEVERAL OCCURRENCES
COLUMN 17 PEAK WIND IN M.P.H.
PRELIMINARY LOCAL CLIMATOLOGICAL DATA (WS FORM: F-6) , PAGE 2
STATION: BOWIE
MONTH: JANUARY
YEAR: 2021
LATITUDE: 33 36 N
LONGITUDE: 97 47 W
[TEMPERATURE DATA] [PRECIPITATION DATA] SYMBOLS USED IN COLUMN 16
AVERAGE MONTHLY: 44.0 TOTAL FOR MONTH: 0.49 1 = FOG OR MIST
DPTR FM NORMAL: 2.6 DPTR FM NORMAL: -0.96 2 = FOG REDUCING VISIBILITY
HIGHEST: 68 ON 30 GRTST 24HR 0.43 ON 20-20 TO 1/4 MILE OR LESS
LOWEST: 22 ON 9 3 = THUNDER
SNOW, ICE PELLETS, HAIL 4 = ICE PELLETS
TOTAL MONTH: M 5 = HAIL
GRTST 24HR M ON M 6 = FREEZING RAIN OR DRIZZLE
GRTST DEPTH: M ON M 7 = DUSTSTORM OR SANDSTORM:
VSBY 1/2 MILE OR LESS
8 = SMOKE OR HAZE
[NO. OF DAYS WITH] [WEATHER - DAYS WITH] 9 = BLOWING SNOW
X = TORNADO
MAX 32 OR BELOW: 0 0.01 INCH OR MORE: 6
MAX 90 OR ABOVE: 0 0.10 INCH OR MORE: 2
MIN 32 OR BELOW: 17 0.50 INCH OR MORE: 0
MIN 0 OR BELOW: 0 1.00 INCH OR MORE: 0
[HDD (BASE 65) ]
TOTAL THIS MO. 644 CLEAR (SCALE 0-3) 17
DPTR FM NORMAL -89 PTCLDY (SCALE 4-7) 5
TOTAL FM JUL 1 1695 CLOUDY (SCALE 8-10) 9
DPTR FM NORMAL -256
[CDD (BASE 65) ]
TOTAL THIS MO. 0
DPTR FM NORMAL 0 [PRESSURE DATA]
TOTAL FM JAN 1 0 HIGHEST SLP M ON M
DPTR FM NORMAL 0 LOWEST SLP M ON M
[REMARKS]
#FINAL-01-21#