000
CXUS54 KHGX 011410
CF611R
PRELIMINARY LOCAL CLIMATOLOGICAL DATA (WS FORM: F-6)
STATION: BRENHAM
MONTH: JUNE
YEAR: 2023
LATITUDE: 30 13 N
LONGITUDE: 96 22 W
TEMPERATURE IN F: :PCPN: SNOW: WIND :SUNSHINE: SKY :PK WND
================================================================================
1 2 3 4 5 6A 6B 7 8 9 10 11 12 13 14 15 16 17 18
12Z AVG MX 2MIN
DY MAX MIN AVG DEP HDD CDD WTR SNW DPTH SPD SPD DIR MIN PSBL S-S WX SPD DR
================================================================================
1 91 69 80 M 0 15 0.00 0.0 0 4.7 10 170 M M 2 1 16 160
2 91 70 81 M 0 16 0.00 0.0 0 3.0 8 170 M M 1 1 M M
3 92 67 80 M 0 15 0.39 0.0 0 4.3 31 350 M M 3 3 39 350
4 85 67 76 M 0 11 0.47 0.0 0 3.9 13 20 M M 4 3 21 20
5 88 69 79 M 0 14 0.01 0.0 0 2.3 7 130 M M 3 3 21 340
6 89 68 79 M 0 14 0.00 0.0 0 1.1 7 130 M M 2 1 M M
7 91 69 80 M 0 15 0.00 0.0 0 0.5 5 160 M M 0 1 M M
8 92 70 81 M 0 16 0.00 0.0 0 2.4 8 40 M M 1 21 40
9 95 67 81 M 0 16 0.00 0.0 0 2.4 6 160 M M 0 M M
10 95 69 82 M 0 17 0.22 0.0 0 8.8 14 60 M M 4 3 27 130
11 95 69 82 M 0 17 0.00 0.0 0 6.4 10 230 M M 2 24 230
12 95 76 86 M 0 21 M 0.0 0 5.5 14 180 M M 4 27 180
13 95 76 86 M 0 21 0.00 0.0 0 7.6 12 190 M M 6 20 150
14 95 79 87 M 0 22 0.00 0.0 0 7.7 12 180 M M 5 18 18 200
15 98 81 90 M 0 25 0.00 0.0 0 8.6 16 180 M M 5 18 23 180
16 99 82 91 M 0 26 M 0.0 0 9.4 16 190 M M 4 1 21 210
17 95 81 88 M 0 23 0.00 0.0 0 5.9 10 180 M M 4 M M
18 101 81 91 M 0 26 0.00 0.0 0 10.5 17 200 M M 4 24 210
19 101 80 91 M 0 26 0.00 0.0 0 8.2 16 210 M M 3 20 190
20 100 82 91 M 0 26 0.00 0.0 0 7.8 13 200 M M 4 1 20 190
21 99 78 89 M 0 24 0.00 0.0 0 7.3 20 210 M M 5 1 25 70
22 94 75 85 M 0 20 0.00 0.0 0 3.5 8 130 M M 0 M M
23 98 79 89 M 0 24 0.00 0.0 0 5.2 10 200 M M 5 1 30 170
24 98 77 88 M 0 23 M 0.0 0 8.2 14 190 M M 2 22 190
25 98 81 90 M 0 25 M 0.0 0 10.1 14 190 M M 4 21 160
26 99 79 89 M 0 24 0.00 0.0 0 9.3 13 180 M M 2 20 190
27 100 80 90 M 0 25 0.00 0.0 0 7.9 12 200 M M 2 18 200
28 99 81 90 M 0 25 0.00 0.0 0 8.8 14 220 M M 3 18 190
29 98 80 89 M 0 24 0.00 0.0 0 7.6 12 180 M M 4 16 180
30 99 77 88 M 0 23 0.00 0.0 0 6.3 13 170 M M 2 18 170
================================================================================
SM 2865 2259 0 619 1.09 0.0 185.2 M 90
================================================================================
AV 95.5 75.3 6.2 FASTST M M 3 MAX(MPH)
MISC ----> 31 350 39 350
================================================================================
NOTES:
# LAST OF SEVERAL OCCURRENCES
COLUMN 17 PEAK WIND IN M.P.H.
PRELIMINARY LOCAL CLIMATOLOGICAL DATA (WS FORM: F-6) , PAGE 2
STATION: BRENHAM
MONTH: JUNE
YEAR: 2023
LATITUDE: 30 13 N
LONGITUDE: 96 22 W
[TEMPERATURE DATA] [PRECIPITATION DATA] SYMBOLS USED IN COLUMN 16
AVERAGE MONTHLY: 85.4 TOTAL FOR MONTH: 1.09 1 = FOG OR MIST
DPTR FM NORMAL: 33.0 DPTR FM NORMAL: -2.75 2 = FOG REDUCING VISIBILITY
HIGHEST: 101 ON 19,18 GRTST 24HR 0.47 ON 4- 4 TO 1/4 MILE OR LESS
LOWEST: 67 ON 9, 4 3 = THUNDER
SNOW, ICE PELLETS, HAIL 4 = ICE PELLETS
TOTAL MONTH: 0.0 INCH 5 = HAIL
GRTST 24HR 0.0 6 = FREEZING RAIN OR DRIZZLE
GRTST DEPTH: 0 7 = DUSTSTORM OR SANDSTORM:
VSBY 1/2 MILE OR LESS
8 = SMOKE OR HAZE
[NO. OF DAYS WITH] [WEATHER - DAYS WITH] 9 = BLOWING SNOW
X = TORNADO
MAX 32 OR BELOW: 0 0.01 INCH OR MORE: 4
MAX 90 OR ABOVE: 27 0.10 INCH OR MORE: 3
MIN 32 OR BELOW: 0 0.50 INCH OR MORE: 0
MIN 0 OR BELOW: 0 1.00 INCH OR MORE: 0
[HDD (BASE 65) ]
TOTAL THIS MO. 0 CLEAR (SCALE 0-3) 15
DPTR FM NORMAL M PTCLDY (SCALE 4-7) 15
TOTAL FM JUL 1 1204 CLOUDY (SCALE 8-10) 0
DPTR FM NORMAL M
[CDD (BASE 65) ]
TOTAL THIS MO. 619
DPTR FM NORMAL M [PRESSURE DATA]
TOTAL FM JAN 1 936 HIGHEST SLP M ON M
DPTR FM NORMAL M LOWEST SLP M ON M
[REMARKS]
#FINAL-06-23#