000
CXUS54 KHGX 011510
CF611R
PRELIMINARY LOCAL CLIMATOLOGICAL DATA (WS FORM: F-6)
STATION: BRENHAM
MONTH: NOVEMBER
YEAR: 2023
LATITUDE: 30 13 N
LONGITUDE: 96 22 W
TEMPERATURE IN F: :PCPN: SNOW: WIND :SUNSHINE: SKY :PK WND
================================================================================
1 2 3 4 5 6A 6B 7 8 9 10 11 12 13 14 15 16 17 18
12Z AVG MX 2MIN
DY MAX MIN AVG DEP HDD CDD WTR SNW DPTH SPD SPD DIR MIN PSBL S-S WX SPD DR
================================================================================
1 61 39 50 M 15 0 0.00 0.0 0 3.1 7 360 M M 0 M M
2 68 34 51 M 14 0 M M M 1.2 6 160 M M 2 M M
3 76 46 61 M 4 0 M M M 2.0 9 170 M M 4 M M
4 82 53 68 M 0 3 M 0.0 0 1.7 7 170 M M 5 12 M M
5 82 60 71 M 0 6 M 0.0 M 2.1 8 220 M M 5 12 M M
6 83 64 74 M 0 9 0.00 0.0 0 5.2 14 210 M M 1 18 210
7 88 66 77 M 0 12 0.00 0.0 0 8.6 16 210 M M 2 1 21 180
8 87 68 78 M 0 13 0.00 0.0 0 6.8 13 220 M M 4 21 220
9 80 59 70 M 0 5 0.41 0.0 0 4.0 14 350 M M 8 1 17 340
10 59 55 57 M 8 0 0.08 0.0 0 8.9 15 330 M M 10 1 23 10
11 59 55 57 M 8 0 0.00 0.0 0 4.4 10 360 M M 10 1 M M
12 65 57 61 M 4 0 0.16 0.0 0 4.4 14 350 M M 10 M M
13 64 56 60 M 5 0 0.31 0.0 0 4.4 7 20 M M 10 M M
14 68 56 62 M 3 0 0.07 0.0 0 4.7 9 350 M M 8 M M
15 75 51 63 M 2 0 0.00 0.0 0 2.8 13 360 M M 2 12 16 360
16 62 59 61 M 4 0 M 0.0 0 0.6 4 190 M M 10 1 M M
17 76 56 66 M 0 1 0.00 0.0 0 5.6 10 220 M M 5 1 17 220
18 74 55 65 M 0 0 0.00 0.0 0 4.2 12 350 M M 6 1 M M
19 73 53 63 M 2 0 M 0.0 0 4.2 10 150 M M 8 1 18 160
20 79 64 72 M 0 7 0.01 0.0 0 5.5 17 340 M M 6 1 25 320
21 64 49 57 M 8 0 M M 0 14.5 23 350 M M 6 29 350
22 62 40 51 M 14 0 M 0.0 0 5.8 10 350 M M 0 17 310
23 57 38 48 M 17 0 M M M 0.8 7 210 M M 5 M M
24 68 40 54 M 11 0 M M M 2.1 7 100 M M 0 1 M M
25 64 43 54 M 11 0 M M 0 2.3 8 110 M M 6 M M
26 58 41 50 M 15 0 M M M 12.6 27 340 M M 3 27 340
27 58 36 47 M 18 0 M 0.0 0 4.2 13 360 M M 2 17 360
28 63 40 52 M 13 0 M 0.0 0 1.6 6 180 M M 5 M M
29 67 38 53 M 12 0 M 0.0 0 3.4 8 130 M M 7 M M
30 72 59 66 M 0 1 0.14 0.0 0 6.5 13 120 M M 10 12 18 160
================================================================================
SM 2094 1530 188 57 1.18 0.0 138.2 M 160
================================================================================
AV 69.8 51.0 4.6 FASTST M M 5 MAX(MPH)
MISC ----> 27 340 29 350
================================================================================
NOTES:
# LAST OF SEVERAL OCCURRENCES
COLUMN 17 PEAK WIND IN M.P.H.
PRELIMINARY LOCAL CLIMATOLOGICAL DATA (WS FORM: F-6) , PAGE 2
STATION: BRENHAM
MONTH: NOVEMBER
YEAR: 2023
LATITUDE: 30 13 N
LONGITUDE: 96 22 W
[TEMPERATURE DATA] [PRECIPITATION DATA] SYMBOLS USED IN COLUMN 16
AVERAGE MONTHLY: 60.4 TOTAL FOR MONTH: 1.18 1 = FOG OR MIST
DPTR FM NORMAL: 8.0 DPTR FM NORMAL: -2.78 2 = FOG REDUCING VISIBILITY
HIGHEST: 88 ON 7 GRTST 24HR 0.41 ON 9- 9 TO 1/4 MILE OR LESS
LOWEST: 34 ON 2 3 = THUNDER
SNOW, ICE PELLETS, HAIL 4 = ICE PELLETS
TOTAL MONTH: 0.0 INCH 5 = HAIL
GRTST 24HR 0.0 6 = FREEZING RAIN OR DRIZZLE
GRTST DEPTH: 0 7 = DUSTSTORM OR SANDSTORM:
VSBY 1/2 MILE OR LESS
8 = SMOKE OR HAZE
[NO. OF DAYS WITH] [WEATHER - DAYS WITH] 9 = BLOWING SNOW
X = TORNADO
MAX 32 OR BELOW: 0 0.01 INCH OR MORE: 7
MAX 90 OR ABOVE: 0 0.10 INCH OR MORE: 4
MIN 32 OR BELOW: 0 0.50 INCH OR MORE: 0
MIN 0 OR BELOW: 0 1.00 INCH OR MORE: 0
[HDD (BASE 65) ]
TOTAL THIS MO. 188 CLEAR (SCALE 0-3) 9
DPTR FM NORMAL M PTCLDY (SCALE 4-7) 14
TOTAL FM JUL 1 231 CLOUDY (SCALE 8-10) 7
DPTR FM NORMAL M
[CDD (BASE 65) ]
TOTAL THIS MO. 57
DPTR FM NORMAL M [PRESSURE DATA]
TOTAL FM JAN 1 3472 HIGHEST SLP M ON M
DPTR FM NORMAL M LOWEST SLP M ON M
[REMARKS]
#FINAL-11-23#