000
CXUS51 KBTV 010700
CF61V4
PRELIMINARY LOCAL CLIMATOLOGICAL DATA (WS FORM: F-6)
STATION: SAINT JOHNSBURY VT ASOS
MONTH: APRIL
YEAR: 2023
LATITUDE: 44 25 N
LONGITUDE: 72 1 W
TEMPERATURE IN F: :PCPN: SNOW: WIND :SUNSHINE: SKY :PK WND
================================================================================
1 2 3 4 5 6A 6B 7 8 9 10 11 12 13 14 15 16 17 18
12Z AVG MX 2MIN
DY MAX MIN AVG DEP HDD CDD WTR SNW DPTH SPD SPD DIR MIN PSBL S-S WX SPD DR
================================================================================
1 54 33 44 8 21 0 0.29 M M M M M M M 0 M M
2 41 22 32 -4 33 0 0.00 M M M M M M M 0 M M
3 51 18 35 -2 30 0 0.08 M M M M M M M 0 M M
4 49 32 41 4 24 0 0.00 M M M M M M M 0 M M
5 43 33 38 0 27 0 0.39 M M M M M M M 0 M M
6 59 35 47 9 18 0 0.02 M M M M M M M 0 M M
7 43 28 36 -2 29 0 0.00 M M M M M M M 0 M M
8 42 20 31 -8 34 0 0.00 M M M M M M M 0 M M
9 51 19 35 -4 30 0 0.00 M M M M M M M 0 M M
10 65 22 44 4 21 0 0.00 M M M M M M M 0 M M
11 68 32 50 10 15 0 0.00 M M M M M M M 0 M M
12 58 38 48 7 17 0 0.00 M M M M M M M 0 M M
13 84 37 61 20 4 0 0.00 M M M M M M M 0 M M
14 81 45 63 21 2 0 0.00 M M M M M M M 0 M M
15 79 41 60 18 5 0 0.00 M M M M M M M 0 M M
16 77 46 62 19 3 0 0.00 M M M M M M M 0 M M
17 63 46 55 12 10 0 0.24 M M M M M M M 0 M M
18 48 37 43 -1 22 0 0.15 M M M M M M M 0 M M
19 46 35 41 -3 24 0 0.01 M M M M M M M 0 M M
20 51 33 42 -3 23 0 0.00 M M M M M M M 0 M M
21 66 35 51 6 14 0 0.00 M M M M M M M 0 M M
22 61 41 51 5 14 0 0.00 M M M M M M M 0 M M
23 50 41 46 0 19 0 1.29 M M M M M M M 0 1 M M
24 53 41 47 1 18 0 0.45 M M M M M M M 0 M M
25 53 38 46 -1 19 0 0.15 M M M M M M M 0 M M
26 59 37 48 1 17 0 0.10 M M M M M M M 0 M M
27 56 34 45 -3 20 0 0.15 M M M M M M M 0 M M
28 66 30 48 0 17 0 0.00 M M M M M M M 0 M M
29 59 38 49 0 16 0 0.10 M M M M M M M 0 M M
30 58 43 51 2 14 0 0.02 M M M M M M M 0 M M
================================================================================
SM 1734 1030 560 0 3.44 M M M 0
================================================================================
AV 57.8 34.3 M FASTST M M 0 MAX(MPH)
MISC ----> M M M M
================================================================================
NOTES:
# LAST OF SEVERAL OCCURRENCES
COLUMN 17 PEAK WIND IN M.P.H.
PRELIMINARY LOCAL CLIMATOLOGICAL DATA (WS FORM: F-6) , PAGE 2
STATION: SAINT JOHNSBURY VT ASOS
MONTH: APRIL
YEAR: 2023
LATITUDE: 44 25 N
LONGITUDE: 72 1 W
[TEMPERATURE DATA] [PRECIPITATION DATA] SYMBOLS USED IN COLUMN 16
AVERAGE MONTHLY: 46.1 TOTAL FOR MONTH: 3.44 1 = FOG OR MIST
DPTR FM NORMAL: 3.6 DPTR FM NORMAL: 0.18 2 = FOG REDUCING VISIBILITY
HIGHEST: 84 ON 13 GRTST 24HR 1.29 ON 23-23 TO 1/4 MILE OR LESS
LOWEST: 18 ON 3 3 = THUNDER
SNOW, ICE PELLETS, HAIL 4 = ICE PELLETS
TOTAL MONTH: M 5 = HAIL
GRTST 24HR M ON M 6 = FREEZING RAIN OR DRIZZLE
GRTST DEPTH: M ON M 7 = DUSTSTORM OR SANDSTORM:
VSBY 1/2 MILE OR LESS
8 = SMOKE OR HAZE
[NO. OF DAYS WITH] [WEATHER - DAYS WITH] 9 = BLOWING SNOW
X = TORNADO
MAX 32 OR BELOW: 0 0.01 INCH OR MORE: 14
MAX 90 OR ABOVE: 0 0.10 INCH OR MORE: 8
MIN 32 OR BELOW: 9 0.50 INCH OR MORE: 1
MIN 0 OR BELOW: 0 1.00 INCH OR MORE: 1
[HDD (BASE 65) ]
TOTAL THIS MO. 560 CLEAR (SCALE 0-3) 30
DPTR FM NORMAL -117 PTCLDY (SCALE 4-7) 0
TOTAL FM JUL 1 6291 CLOUDY (SCALE 8-10) 0
DPTR FM NORMAL -1275
[CDD (BASE 65) ]
TOTAL THIS MO. 0
DPTR FM NORMAL -1 [PRESSURE DATA]
TOTAL FM JAN 1 0 HIGHEST SLP M ON M
DPTR FM NORMAL -1 LOWEST SLP M ON M
[REMARKS]
#FINAL-04-23#