000
CXUS55 KBOU 010900
CF620V
PRELIMINARY LOCAL CLIMATOLOGICAL DATA (WS FORM: F-6)
STATION: KREMMLING
MONTH: JULY
YEAR: 2022
LATITUDE: 40 3 N
LONGITUDE: 106 22 W
TEMPERATURE IN F: :PCPN: SNOW: WIND :SUNSHINE: SKY :PK WND
================================================================================
1 2 3 4 5 6A 6B 7 8 9 10 11 12 13 14 15 16 17 18
12Z AVG MX 2MIN
DY MAX MIN AVG DEP HDD CDD WTR SNW DPTH SPD SPD DIR MIN PSBL S-S WX SPD DR
================================================================================
1 73 45 59 M 6 0 M M M 5.0 23 250 M M 5 12 31 250
2 79 45 62 M 3 0 M M M 2.3 18 190 M M 1 28 0
3 81 48 65 M 0 0 M M M 3.6 16 260 M M 1 20 250
4 82 45 64 M 1 0 M M M 4.7 15 260 M M 0 23 260
5 79 48 64 M 1 0 M M M 3.1 16 130 M M 4 3 25 130
6 75 50 63 M 2 0 M M M 3.1 18 330 M M 6 24 330
7 79 45 62 M 3 0 M M M 3.4 16 200 M M 1 21 270
8 88 45 67 M 0 2 M M M 2.3 8 330 M M 0 20 240
9 88 45 67 M 0 2 M M M 2.6 13 260 M M 0 18 180
10 88 45 67 M 0 2 M M M 3.2 15 310 M M 2 31 150
11 86 45 66 M 0 1 M M M 3.4 13 360 M M 0 21 360
12 82 43 63 M 2 0 M M M 2.5 10 210 M M 1 17 210
13 86 41 64 M 1 0 M M M 3.3 14 200 M M 2 25 200
14 86 50 68 M 0 3 M M M 4.4 20 150 M M 4 3 23 150
15 82 54 68 M 0 3 M M M 3.2 13 190 M M 4 22 190
16 75 54 65 M 0 0 M M M 2.7 16 350 M M 4 22 350
17 88 46 67 M 0 2 M M M 0.9 5 120 M M 1 M M
18 88 54 71 M 0 6 M M M 2.6 8 30 M M 4 3 18 280
19 81 50 66 M 0 1 M M M 3.7 16 190 M M 4 3 30 190
20 79 48 64 M 1 0 M M M 2.8 12 190 M M 2 M M
21 88 45 67 M 0 2 M M M 2.3 10 320 M M 1 18 330
22 88 43 66 M 0 1 M M M 2.1 8 330 M M 0 M M
23 88 50 69 M 0 4 M M M 3.5 20 320 M M 4 25 320
24 68 48 58 M 7 0 M M M 3.9 15 340 M M 5 25 330
25 81 50 66 M 0 1 M M M 2.7 13 350 M M 4 16 350
26 84 45 65 M 0 0 M M M 2.0 7 250 M M 2 M M
27 86 45 66 M 0 1 M M M 2.5 12 10 M M 1 18 210
28 79 48 64 M 1 0 M M M 4.8 21 90 M M 2 3 32 90
29 81 48 65 M 0 0 M M M 3.2 14 100 M M 2 24 60
30 82 43 63 M 2 0 M M M 3.6 17 240 M M 1 23 240
31 82 48 65 M 0 0 M M M 3.4 20 130 M M 0 23 130
================================================================================
SM 2552 1459 30 31 M M 96.6 M 68
================================================================================
AV 82.3 47.1 3.1 FASTST M M 2 MAX(MPH)
MISC ----> 23 250 32 90
================================================================================
NOTES:
# LAST OF SEVERAL OCCURRENCES
COLUMN 17 PEAK WIND IN M.P.H.
PRELIMINARY LOCAL CLIMATOLOGICAL DATA (WS FORM: F-6) , PAGE 2
STATION: KREMMLING
MONTH: JULY
YEAR: 2022
LATITUDE: 40 3 N
LONGITUDE: 106 22 W
[TEMPERATURE DATA] [PRECIPITATION DATA] SYMBOLS USED IN COLUMN 16
AVERAGE MONTHLY: 64.7 TOTAL FOR MONTH: M 1 = FOG OR MIST
DPTR FM NORMAL: 0.0 DPTR FM NORMAL: M 2 = FOG REDUCING VISIBILITY
HIGHEST: 88 ON 17, 8 GRTST 24HR M ON M TO 1/4 MILE OR LESS
LOWEST: 41 ON 13 3 = THUNDER
SNOW, ICE PELLETS, HAIL 4 = ICE PELLETS
TOTAL MONTH: M 5 = HAIL
GRTST 24HR M ON M 6 = FREEZING RAIN OR DRIZZLE
GRTST DEPTH: M ON M 7 = DUSTSTORM OR SANDSTORM:
VSBY 1/2 MILE OR LESS
8 = SMOKE OR HAZE
[NO. OF DAYS WITH] [WEATHER - DAYS WITH] 9 = BLOWING SNOW
X = TORNADO
MAX 32 OR BELOW: 0 0.01 INCH OR MORE: 0
MAX 90 OR ABOVE: 0 0.10 INCH OR MORE: 0
MIN 32 OR BELOW: 0 0.50 INCH OR MORE: 0
MIN 0 OR BELOW: 0 1.00 INCH OR MORE: 0
[HDD (BASE 65) ]
TOTAL THIS MO. 30 CLEAR (SCALE 0-3) 20
DPTR FM NORMAL M PTCLDY (SCALE 4-7) 11
TOTAL FM JUL 1 30 CLOUDY (SCALE 8-10) 0
DPTR FM NORMAL M
[CDD (BASE 65) ]
TOTAL THIS MO. 31
DPTR FM NORMAL M [PRESSURE DATA]
TOTAL FM JAN 1 33 HIGHEST SLP M ON M
DPTR FM NORMAL M LOWEST SLP M ON M
[REMARKS]
#FINAL-07-22#