174
CXUS55 KBOU 010900
CF620V
PRELIMINARY LOCAL CLIMATOLOGICAL DATA (WS FORM: F-6)
STATION: KREMMLING
MONTH: MARCH
YEAR: 2021
LATITUDE: 40 3 N
LONGITUDE: 106 22 W
TEMPERATURE IN F: :PCPN: SNOW: WIND :SUNSHINE: SKY :PK WND
================================================================================
1 2 3 4 5 6A 6B 7 8 9 10 11 12 13 14 15 16 17 18
12Z AVG MX 2MIN
DY MAX MIN AVG DEP HDD CDD WTR SNW DPTH SPD SPD DIR MIN PSBL S-S WX SPD DR
================================================================================
1 25 -11 7 M 58 0 0.00 M M 0.1 4 270 M M 0 1 M M
2 32 -6 13 M 52 0 0.00 M M 0.5 5 120 M M 0 M M
3 36 -2 17 M 48 0 0.00 M M 0.1 3 110 M M 0 M M
4 34 5 20 M 45 0 0.08 M M 2.2 13 320 M M 7 17 320
5 37 9 23 M 42 0 0.00 M M 0.2 5 110 M M 4 128 M M
6 37 10 24 M 41 0 0.00 M M 0.8 7 270 M M 3 2 M M
7 52 10 31 M 34 0 0.00 M M 0.8 5 130 M M 0 M M
8 50 19 35 M 30 0 0.00 M M 3.7 16 240 M M 2 26 150
9 48 19 34 M 31 0 0.00 M M 3.0 14 230 M M 1 33 0
10 34 14 24 M 41 0 0.00 M M 7.5 20 240 M M 6 36 220
11 39 9 24 M 41 0 0.00 M M 1.9 10 270 M M 5 17 0
12 45 18 32 M 33 0 0.00 M M 2.6 10 340 M M 4 21 340
13 45 19 32 M 33 0 0.00 M M 6.2 22 140 M M 4 35 140
14 34 21 28 M 37 0 0.00 M M 10.3 20 330 M M 9 30 330
15 41 18 30 M 35 0 0.07 M M 4.0 13 250 M M 8 22 250
16 41 23 32 M 33 0 0.00 M M 3.0 12 190 M M 9 16 190
17 39 21 30 M 35 0 0.08 M M 3.1 9 350 M M 4 M M
18 45 14 30 M 35 0 0.00 M M 1.7 10 130 M M 2 M M
19 55 21 38 M 27 0 0.00 M M 2.0 9 220 M M 0 16 220
20 59 23 41 M 24 0 0.02 M M 9.2 24 230 M M 2 43 230
21 32 30 31 M 34 0 0.00 M M 1.2 6 350 M M 10 M M
22 M M M M M M 0.00 M M M M M M M M M M
23 M M M M M M 0.00 M M M M M M M M M M
24 M M M M M M 0.00 M M M M M M M M M M
25 M M M M M M 0.00 M M M M M M M M M M
26 M M M M M M 0.00 M M M M M M M M M M
27 M M M M M M 0.00 M M M M M M M M M M
28 M M M M M M M M M M M M M M M M M
29 M M M M M M 0.00 M M M M M M M M M M
30 M M M M M M 0.00 M M M M M M M M M M
31 46 23 35 M 30 0 0.00 M M 6.7 13 250 M M 0 20 220
================================================================================
SM 906 307 819 0 0.25 M 70.6 M 80
================================================================================
AV 41.2 14.0 3.2 FASTST M M 4 MAX(MPH)
MISC ----> 24 230 43 230
================================================================================
NOTES:
# LAST OF SEVERAL OCCURRENCES
COLUMN 17 PEAK WIND IN M.P.H.
PRELIMINARY LOCAL CLIMATOLOGICAL DATA (WS FORM: F-6) , PAGE 2
STATION: KREMMLING
MONTH: MARCH
YEAR: 2021
LATITUDE: 40 3 N
LONGITUDE: 106 22 W
[TEMPERATURE DATA] [PRECIPITATION DATA] SYMBOLS USED IN COLUMN 16
AVERAGE MONTHLY: 27.6 TOTAL FOR MONTH: 0.25 1 = FOG OR MIST
DPTR FM NORMAL: 0.0 DPTR FM NORMAL: M 2 = FOG REDUCING VISIBILITY
HIGHEST: 59 ON 20 GRTST 24HR 0.08 ON 17-17 TO 1/4 MILE OR LESS
LOWEST: -11 ON 1 3 = THUNDER
SNOW, ICE PELLETS, HAIL 4 = ICE PELLETS
TOTAL MONTH: M 5 = HAIL
GRTST 24HR M ON M 6 = FREEZING RAIN OR DRIZZLE
GRTST DEPTH: M ON M 7 = DUSTSTORM OR SANDSTORM:
VSBY 1/2 MILE OR LESS
8 = SMOKE OR HAZE
[NO. OF DAYS WITH] [WEATHER - DAYS WITH] 9 = BLOWING SNOW
X = TORNADO
MAX 32 OR BELOW: 3 0.01 INCH OR MORE: 4
MAX 90 OR ABOVE: 0 0.10 INCH OR MORE: 0
MIN 32 OR BELOW: 22 0.50 INCH OR MORE: 0
MIN 0 OR BELOW: 3 1.00 INCH OR MORE: 0
[HDD (BASE 65) ]
TOTAL THIS MO. 819 CLEAR (SCALE 0-3) 11
DPTR FM NORMAL M PTCLDY (SCALE 4-7) 8
TOTAL FM JUL 1 7270 CLOUDY (SCALE 8-10) 12
DPTR FM NORMAL M
[CDD (BASE 65) ]
TOTAL THIS MO. 0
DPTR FM NORMAL M [PRESSURE DATA]
TOTAL FM JAN 1 0 HIGHEST SLP M ON M
DPTR FM NORMAL M LOWEST SLP M ON M
[REMARKS]
#FINAL-03-21#