000
CXUS55 KBOU 011000
CF633V
PRELIMINARY LOCAL CLIMATOLOGICAL DATA (WS FORM: F-6)
STATION: WALDEN
MONTH: JANUARY
YEAR: 2023
LATITUDE: 40 45 N
LONGITUDE: 106 16 W
TEMPERATURE IN F: :PCPN: SNOW: WIND :SUNSHINE: SKY :PK WND
================================================================================
1 2 3 4 5 6A 6B 7 8 9 10 11 12 13 14 15 16 17 18
12Z AVG MX 2MIN
DY MAX MIN AVG DEP HDD CDD WTR SNW DPTH SPD SPD DIR MIN PSBL S-S WX SPD DR
================================================================================
1 36 27 32 M 33 0 M M M 8.9 17 190 M M 9 25 190
2 32 10 21 M 44 0 M M M 4.4 9 340 M M 8 M M
3 21 5 13 M 52 0 M M M 4.3 10 220 M M 9 20 220
4 19 10 15 M 50 0 M M M 11.9 20 210 M M 6 25 210
5 32 7 20 M 45 0 M M M 10.0 15 190 M M 2 23 150
6 30 18 24 M 41 0 M M M 7.4 17 210 M M 9 22 210
7 28 5 17 M 48 0 M M M 5.6 12 190 M M 4 17 200
8 34 7 21 M 44 0 M M M 10.3 17 210 M M 4 23 170
9 34 21 28 M 37 0 M M M 12.9 18 160 M M 7 24 180
10 34 28 31 M 34 0 M M M 12.0 23 230 M M 8 31 230
11 32 16 24 M 41 0 M M M 7.2 21 300 M M 9 25 300
12 28 9 19 M 46 0 M M M 9.3 16 210 M M 1 20 190
13 28 5 17 M 48 0 M M M 4.3 8 130 M M 0 M M
14 36 19 28 M 37 0 M M M 9.8 15 210 M M 3 21 180
15 32 21 27 M 38 0 M M M 5.8 13 190 M M 9 18 190
16 30 18 24 M 41 0 M M M 9.4 18 230 M M 6 23 220
17 27 14 21 M 44 0 M M M 8.3 21 70 M M 8 28 70
18 21 3 12 M 53 0 M M M 11.5 20 360 M M 8 20 70
19 21 3 12 M 53 0 M M M 8.3 13 180 M M 3 20 170
20 12 0 6 M 59 0 M M M 2.9 8 140 M M 7 M M
21 14 1 8 M 57 0 M M M 2.6 9 360 M M 9 M M
22 19 3 11 M 54 0 M M M 4.5 9 170 M M 4 M M
23 18 -8 5 M 60 0 M M M 3.0 8 130 M M 5 M M
24 9 -9 0 M 65 0 M M M 1.3 7 120 M M 8 M M
25 12 -4 4 M 61 0 M M M 2.9 8 340 M M 10 M M
26 18 3 11 M 54 0 M M M 12.2 20 200 M M 8 25 200
27 25 16 21 M 44 0 M M M 12.9 23 210 M M 9 29 190
28 23 12 18 M 47 0 M M M 8.0 20 220 M M 9 20 190
29 23 0 12 M 53 0 M M M 11.2 22 220 M M 10 24 210
30 12 -9 2 M 63 0 M M M 7.1 17 360 M M 8 18 10
31 7 -17 -5 M 70 0 M M M 6.3 14 210 M M 1 21 200
================================================================================
SM 747 234 1516 0 M M 236.3 M 201
================================================================================
AV 24.1 7.5 7.6 FASTST M M 6 MAX(MPH)
MISC ----> 23 210 31 230
================================================================================
NOTES:
# LAST OF SEVERAL OCCURRENCES
COLUMN 17 PEAK WIND IN M.P.H.
PRELIMINARY LOCAL CLIMATOLOGICAL DATA (WS FORM: F-6) , PAGE 2
STATION: WALDEN
MONTH: JANUARY
YEAR: 2023
LATITUDE: 40 45 N
LONGITUDE: 106 16 W
[TEMPERATURE DATA] [PRECIPITATION DATA] SYMBOLS USED IN COLUMN 16
AVERAGE MONTHLY: 15.8 TOTAL FOR MONTH: M 1 = FOG OR MIST
DPTR FM NORMAL: 0.0 DPTR FM NORMAL: M 2 = FOG REDUCING VISIBILITY
HIGHEST: 36 ON 1,14 GRTST 24HR 0.49 ON 17-18 TO 1/4 MILE OR LESS
LOWEST: -17 ON 31 3 = THUNDER
SNOW, ICE PELLETS, HAIL 4 = ICE PELLETS
TOTAL MONTH: M 5 = HAIL
GRTST 24HR M ON M 6 = FREEZING RAIN OR DRIZZLE
GRTST DEPTH: M ON M 7 = DUSTSTORM OR SANDSTORM:
VSBY 1/2 MILE OR LESS
8 = SMOKE OR HAZE
[NO. OF DAYS WITH] [WEATHER - DAYS WITH] 9 = BLOWING SNOW
X = TORNADO
MAX 32 OR BELOW: 26 0.01 INCH OR MORE: 0
MAX 90 OR ABOVE: 0 0.10 INCH OR MORE: 0
MIN 32 OR BELOW: 31 0.50 INCH OR MORE: 0
MIN 0 OR BELOW: 7 1.00 INCH OR MORE: 0
[HDD (BASE 65) ]
TOTAL THIS MO. 1516 CLEAR (SCALE 0-3) 6
DPTR FM NORMAL M PTCLDY (SCALE 4-7) 10
TOTAL FM JUL 1 5813 CLOUDY (SCALE 8-10) 15
DPTR FM NORMAL M
[CDD (BASE 65) ]
TOTAL THIS MO. 0
DPTR FM NORMAL M [PRESSURE DATA]
TOTAL FM JAN 1 0 HIGHEST SLP M ON M
DPTR FM NORMAL M LOWEST SLP M ON M
[REMARKS]
#FINAL-01-23#