000
CXUS54 KEWX 011010
CF63T5
PRELIMINARY LOCAL CLIMATOLOGICAL DATA (WS FORM: F-6)
STATION: LA GRANGE
MONTH: OCTOBER
YEAR: 2023
LATITUDE: 29 54 N
LONGITUDE: 96 57 W
TEMPERATURE IN F: :PCPN: SNOW: WIND :SUNSHINE: SKY :PK WND
================================================================================
1 2 3 4 5 6A 6B 7 8 9 10 11 12 13 14 15 16 17 18
12Z AVG MX 2MIN
DY MAX MIN AVG DEP HDD CDD WTR SNW DPTH SPD SPD DIR MIN PSBL S-S WX SPD DR
================================================================================
1 95 70 83 M 0 18 0.00 M M 5.1 14 110 M M 4 20 90
2 94 70 82 M 0 17 0.00 M M 5.2 13 120 M M 1 18 90
3 91 67 79 M 0 14 0.00 M M 5.1 13 100 M M 4 20 120
4 95 78 87 M 0 22 0.00 M M 7.8 14 120 M M 7 22 120
5 81 69 75 M 0 10 0.24 M M 4.0 10 90 M M 7 13 21 20
6 87 68 78 M 0 13 0.00 M M 6.1 12 30 M M 1 16 30
7 76 62 69 M 0 4 0.00 M M 7.7 14 20 M M 5 18 20
8 77 53 65 M 0 0 0.00 M M 3.1 7 200 M M 2 M M
9 83 56 70 M 0 5 0.00 M M 5.7 15 180 M M 2 20 220
10 78 65 72 M 0 7 T M M 4.5 12 170 M M 7 M M
11 71 64 68 M 0 3 T M M 3.3 7 80 M M 8 1 M M
12 83 62 73 M 0 8 0.00 M M 7.3 13 170 M M 5 1 20 140
13 90 69 80 M 0 15 T M M 4.6 12 360 M M 6 20 99
14 77 56 67 M 0 2 0.00 M M 8.2 15 10 M M 2 21 10
15 73 55 64 M 1 0 0.00 M M 8.7 20 350 M M 0 29 350
16 72 49 61 M 4 0 0.00 M M 7.0 18 350 M M 0 24 340
17 75 41 58 M 7 0 0.00 M M 2.1 9 180 M M 0 M M
18 82 49 66 M 0 1 0.00 M M 6.4 14 150 M M 0 1 21 180
19 87 56 72 M 0 7 0.00 M M 3.5 12 250 M M 0 18 230
20 95 51 73 M 0 8 0.00 M M 2.5 8 280 M M 0 M M
21 93 56 75 M 0 10 0.00 M M 4.5 9 200 M M 2 M M
22 87 67 77 M 0 12 0.00 M M 5.9 12 140 M M 7 12 22 160
23 86 71 79 M 0 14 T M M 7.8 14 160 M M 8 23 150
24 87 72 80 M 0 15 T M M 11.0 22 150 M M 7 31 M
25 86 72 79 M 0 14 T M M 9.3 18 160 M M 7 8 27 160
26 85 73 79 M 0 14 0.05 M M 7.1 14 170 M M 10 1 20 160
27 86 76 81 M 0 16 0.02 M M 5.2 12 150 M M 9 1 M M
28 87 76 82 M 0 17 T M M 7.2 12 170 M M 8 18 22 150
29 79 46 63 M 2 0 T M M 9.7 20 350 M M 10 1 31 M
30 47 42 45 M 20 0 0.03 M M 12.5 20 340 M M 10 1 45 350
31 59 42 51 M 14 0 0.01 M M 8.3 17 330 M M 5 22 340
================================================================================
SM 2544 1903 48 266 0.35 M 196.5 M 144
================================================================================
AV 82.1 61.4 6.3 FASTST M M 5 MAX(MPH)
MISC ----> 22 150 45 350
================================================================================
NOTES:
# LAST OF SEVERAL OCCURRENCES
COLUMN 17 PEAK WIND IN M.P.H.
PRELIMINARY LOCAL CLIMATOLOGICAL DATA (WS FORM: F-6) , PAGE 2
STATION: LA GRANGE
MONTH: OCTOBER
YEAR: 2023
LATITUDE: 29 54 N
LONGITUDE: 96 57 W
[TEMPERATURE DATA] [PRECIPITATION DATA] SYMBOLS USED IN COLUMN 16
AVERAGE MONTHLY: 71.7 TOTAL FOR MONTH: 0.35 1 = FOG OR MIST
DPTR FM NORMAL: 0.0 DPTR FM NORMAL: M 2 = FOG REDUCING VISIBILITY
HIGHEST: 95 ON 20, 1 GRTST 24HR 0.24 ON 5- 5 TO 1/4 MILE OR LESS
LOWEST: 41 ON 17 3 = THUNDER
SNOW, ICE PELLETS, HAIL 4 = ICE PELLETS
TOTAL MONTH: M 5 = HAIL
GRTST 24HR M ON M 6 = FREEZING RAIN OR DRIZZLE
GRTST DEPTH: M ON M 7 = DUSTSTORM OR SANDSTORM:
VSBY 1/2 MILE OR LESS
8 = SMOKE OR HAZE
[NO. OF DAYS WITH] [WEATHER - DAYS WITH] 9 = BLOWING SNOW
X = TORNADO
MAX 32 OR BELOW: 0 0.01 INCH OR MORE: 5
MAX 90 OR ABOVE: 7 0.10 INCH OR MORE: 1
MIN 32 OR BELOW: 0 0.50 INCH OR MORE: 0
MIN 0 OR BELOW: 0 1.00 INCH OR MORE: 0
[HDD (BASE 65) ]
TOTAL THIS MO. 48 CLEAR (SCALE 0-3) 12
DPTR FM NORMAL M PTCLDY (SCALE 4-7) 14
TOTAL FM JUL 1 48 CLOUDY (SCALE 8-10) 5
DPTR FM NORMAL M
[CDD (BASE 65) ]
TOTAL THIS MO. 266
DPTR FM NORMAL M [PRESSURE DATA]
TOTAL FM JAN 1 3631 HIGHEST SLP M ON M
DPTR FM NORMAL M LOWEST SLP M ON M
[REMARKS]
#FINAL-10-23#