000
CXUS54 KMAF 011110
CF66R6
PRELIMINARY LOCAL CLIMATOLOGICAL DATA (WS FORM: F-6)
STATION: TERRELL COUNTY AIRPORT
MONTH: JUNE
YEAR: 2020
LATITUDE: 30 2 N
LONGITUDE: 102 13 W
TEMPERATURE IN F: :PCPN: SNOW: WIND :SUNSHINE: SKY :PK WND
================================================================================
1 2 3 4 5 6A 6B 7 8 9 10 11 12 13 14 15 16 17 18
12Z AVG MX 2MIN
DY MAX MIN AVG DEP HDD CDD WTR SNW DPTH SPD SPD DIR MIN PSBL S-S WX SPD DR
================================================================================
1 89 68 79 -1 0 14 0.00 M M 12.1 21 110 M M 0 26 120
2 91 70 81 1 0 16 0.00 M M 11.5 20 100 M M 0 29 80
3 94 73 84 3 0 19 0.00 M M 9.8 18 80 M M 0 26 100
4 99 70 85 4 0 20 0.00 M M 9.8 20 110 M M 0 26 100
5 100 72 86 5 0 21 0.00 M M 11.4 22 110 M M 0 29 110
6 97 72 85 4 0 20 0.00 M M 14.6 24 120 M M 0 34 120
7 101 69 85 4 0 20 0.00 M M 11.5 21 130 M M 0 26 100
8 105 73 89 7 0 24 0.00 M M 7.3 23 20 M M 0 30 20
9 98 74 86 4 0 21 0.00 M M 12.2 26 340 M M 0 35 350
10 94 63 79 -3 0 14 0.00 M M 13.3 23 100 M M 0 29 120
11 96 72 84 2 0 19 0.00 M M 15.6 26 120 M M 0 38 100
12 96 65 81 -1 0 16 0.00 M M 10.8 23 120 M M 0 29 110
13 95 62 79 -3 0 14 0.00 M M 10.3 22 110 M M 0 29 110
14 92 65 79 -3 0 14 0.00 M M 10.8 21 100 M M 0 28 90
15 92 65 79 -3 0 14 0.00 0.0 0 12.9 22 110 M M 0 29 120
16 97 71 84 1 0 19 0.00 0.0 0 15.0 33 130 M M 0 43 120
17 97 66 82 -1 0 17 0.83 0.0 0 11.9 24 310 M M 0 32 320
18 96 67 82 -1 0 17 0.00 M M 7.8 22 120 M M 0 29 120
19 95 69 82 -1 0 17 0.05 0.0 0 10.7 24 130 M M 0 35 130
20 96 69 83 0 0 18 0.00 0.0 0 8.8 29 130 M M 0 38 140
21 97 67 82 -1 0 17 0.00 0.0 0 7.6 18 130 M M 0 25 130
22 106 71 89 6 0 24 0.00 M M 9.3 26 140 M M 0 33 140
23 95 78 87 4 0 22 0.00 0.0 0 10.9 20 90 M M 0 28 110
24 91 69 80 -3 0 15 0.00 0.0 0 3.2 33 330 M M 0 41 330
25 91 76 84 1 0 19 0.00 0.0 0 8.6 12 120 M M 0 M M
26 M M M M M M M 0.0 0 M M M M M M M M
27 96 74 85 2 0 20 0.00 0.0 0 3.4 21 110 M M 0 28 110
28 99 76 88 5 0 23 M 0.0 0 10.8 22 130 M M 0 25 130
29 102 75 89 6 0 24 0.00 M M 8.4 28 130 M M 0 38 130
30 101 75 88 5 0 23 0.00 M M 6.1 26 150 M M 0 35 150
================================================================================
SM 2798 2036 0 541 0.88 0.0 296.4 M 0
================================================================================
AV 96.5 70.2 10.2 FASTST M M 0 MAX(MPH)
MISC ----> # 33 130 43 120
================================================================================
NOTES:
# LAST OF SEVERAL OCCURRENCES
COLUMN 17 PEAK WIND IN M.P.H.
PRELIMINARY LOCAL CLIMATOLOGICAL DATA (WS FORM: F-6) , PAGE 2
STATION: TERRELL COUNTY AIRPORT
MONTH: JUNE
YEAR: 2020
LATITUDE: 30 2 N
LONGITUDE: 102 13 W
[TEMPERATURE DATA] [PRECIPITATION DATA] SYMBOLS USED IN COLUMN 16
AVERAGE MONTHLY: 83.3 TOTAL FOR MONTH: 0.88 1 = FOG OR MIST
DPTR FM NORMAL: 1.0 DPTR FM NORMAL: -1.10 2 = FOG REDUCING VISIBILITY
HIGHEST: 106 ON 22 GRTST 24HR 0.83 ON 17-17 TO 1/4 MILE OR LESS
LOWEST: 62 ON 13 3 = THUNDER
SNOW, ICE PELLETS, HAIL 4 = ICE PELLETS
TOTAL MONTH: 0.0 INCH 5 = HAIL
GRTST 24HR 0.0 6 = FREEZING RAIN OR DRIZZLE
GRTST DEPTH: 0 7 = DUSTSTORM OR SANDSTORM:
VSBY 1/2 MILE OR LESS
8 = SMOKE OR HAZE
[NO. OF DAYS WITH] [WEATHER - DAYS WITH] 9 = BLOWING SNOW
X = TORNADO
MAX 32 OR BELOW: 0 0.01 INCH OR MORE: 2
MAX 90 OR ABOVE: 28 0.10 INCH OR MORE: 1
MIN 32 OR BELOW: 0 0.50 INCH OR MORE: 1
MIN 0 OR BELOW: 0 1.00 INCH OR MORE: 0
[HDD (BASE 65) ]
TOTAL THIS MO. 0 CLEAR (SCALE 0-3) 29
DPTR FM NORMAL 0 PTCLDY (SCALE 4-7) 0
TOTAL FM JUL 1 1512 CLOUDY (SCALE 8-10) 1
DPTR FM NORMAL -306
[CDD (BASE 65) ]
TOTAL THIS MO. 541
DPTR FM NORMAL 22 [PRESSURE DATA]
TOTAL FM JAN 1 1328 HIGHEST SLP 30.22 ON 12
DPTR FM NORMAL 235 LOWEST SLP 29.50 ON 8
[REMARKS]
#FINAL-06-20#