000
CXUS54 KMAF 011110
CF66R6
PRELIMINARY LOCAL CLIMATOLOGICAL DATA (WS FORM: F-6)
STATION: TERRELL COUNTY AIRPORT
MONTH: MARCH
YEAR: 2020
LATITUDE: 30 2 N
LONGITUDE: 102 13 W
TEMPERATURE IN F: :PCPN: SNOW: WIND :SUNSHINE: SKY :PK WND
================================================================================
1 2 3 4 5 6A 6B 7 8 9 10 11 12 13 14 15 16 17 18
12Z AVG MX 2MIN
DY MAX MIN AVG DEP HDD CDD WTR SNW DPTH SPD SPD DIR MIN PSBL S-S WX SPD DR
================================================================================
1 83 49 66 9 0 1 0.00 M M 5.8 17 240 M M 0 25 250
2 80 58 69 11 0 4 0.00 0.0 0 5.7 15 250 M M 0 25 230
3 63 55 59 1 6 0 0.14 0.0 0 7.7 21 360 M M 0 26 360
4 65 48 57 -1 8 0 0.00 0.0 0 11.8 24 350 M M 0 32 10
5 75 39 57 -1 8 0 0.00 M M 6.9 15 230 M M 0 19 240
6 73 49 61 2 4 0 0.00 M M 13.9 25 120 M M 0 35 100
7 75 51 63 4 2 0 0.00 M M 14.7 26 120 M M 0 36 100
8 64 53 59 0 6 0 0.04 M M 9.9 20 120 M M 0 25 110
9 74 53 64 5 1 0 0.00 0.0 0 6.2 21 330 M M 0 26 330
10 80 61 71 11 0 6 0.00 M M 5.4 17 110 M M 0 30 80
11 86 59 73 13 0 8 0.00 M M 6.9 16 120 M M 0 20 120
12 86 61 74 14 0 9 0.00 M M 6.7 14 120 M M 0 17 120
13 74 64 69 9 0 4 0.00 0.0 0 9.4 23 350 M M 0 30 360
14 82 65 74 14 0 9 0.00 0.0 0 8.6 16 130 M M 0 20 340
15 74 60 67 6 0 2 0.13 M M 11.3 21 20 M M 0 26 110
16 80 60 70 9 0 5 M M M 12.5 18 100 M M 0 23 100
17 67 66 67 6 0 2 M M M 8.6 10 80 M M 0 M M
18 84 61 73 12 0 8 0.01 M M 8.2 23 110 M M 0 30 110
19 87 58 73 11 0 8 0.00 M M 10.6 28 230 M M 0 40 210
20 75 53 64 2 1 0 0.00 M M 8.8 21 40 M M 0 32 40
21 57 45 51 -11 14 0 0.03 M M 10.1 17 40 M M 0 22 50
22 74 50 62 0 3 0 0.02 M M 5.6 12 120 M M 0 14 120
23 83 54 69 6 0 4 0.00 M M 6.9 17 130 M M 0 24 110
24 92 54 73 10 0 8 0.00 M M 7.4 22 320 M M 0 28 330
25 99 51 75 12 0 10 0.00 M M 7.7 16 140 M M 0 21 120
26 89 63 76 13 0 11 0.00 M M 8.6 17 110 M M 0 22 100
27 89 64 77 13 0 12 0.00 M M 5.1 16 150 M M 0 21 160
28 83 51 67 3 0 2 0.00 M M 13.4 31 340 M M 0 39 340
29 82 46 64 0 1 0 0.00 M M 13.5 29 120 M M 0 39 120
30 87 56 72 8 0 7 0.00 M M 8.2 20 310 M M 0 25 310
31 84 53 69 4 0 4 0.00 M M 6.8 18 310 M M 0 25 310
================================================================================
SM 2446 1710 54 124 0.37 0.0 272.9 M 0
================================================================================
AV 78.9 55.2 8.8 FASTST M M 0 MAX(MPH)
MISC ----> 31 340 40 210
================================================================================
NOTES:
# LAST OF SEVERAL OCCURRENCES
COLUMN 17 PEAK WIND IN M.P.H.
PRELIMINARY LOCAL CLIMATOLOGICAL DATA (WS FORM: F-6) , PAGE 2
STATION: TERRELL COUNTY AIRPORT
MONTH: MARCH
YEAR: 2020
LATITUDE: 30 2 N
LONGITUDE: 102 13 W
[TEMPERATURE DATA] [PRECIPITATION DATA] SYMBOLS USED IN COLUMN 16
AVERAGE MONTHLY: 67.0 TOTAL FOR MONTH: 0.37 1 = FOG OR MIST
DPTR FM NORMAL: 6.0 DPTR FM NORMAL: -0.11 2 = FOG REDUCING VISIBILITY
HIGHEST: 99 ON 25 GRTST 24HR 0.14 ON 3- 3 TO 1/4 MILE OR LESS
LOWEST: 39 ON 5 3 = THUNDER
SNOW, ICE PELLETS, HAIL 4 = ICE PELLETS
TOTAL MONTH: 0.0 INCH 5 = HAIL
GRTST 24HR 0.0 6 = FREEZING RAIN OR DRIZZLE
GRTST DEPTH: 0 7 = DUSTSTORM OR SANDSTORM:
VSBY 1/2 MILE OR LESS
8 = SMOKE OR HAZE
[NO. OF DAYS WITH] [WEATHER - DAYS WITH] 9 = BLOWING SNOW
X = TORNADO
MAX 32 OR BELOW: 0 0.01 INCH OR MORE: 6
MAX 90 OR ABOVE: 2 0.10 INCH OR MORE: 2
MIN 32 OR BELOW: 0 0.50 INCH OR MORE: 0
MIN 0 OR BELOW: 0 1.00 INCH OR MORE: 0
[HDD (BASE 65) ]
TOTAL THIS MO. 54 CLEAR (SCALE 0-3) 31
DPTR FM NORMAL -113 PTCLDY (SCALE 4-7) 0
TOTAL FM JUL 1 1466 CLOUDY (SCALE 8-10) 0
DPTR FM NORMAL -308
[CDD (BASE 65) ]
TOTAL THIS MO. 124
DPTR FM NORMAL 81 [PRESSURE DATA]
TOTAL FM JAN 1 125 HIGHEST SLP 30.46 ON 6
DPTR FM NORMAL 74 LOWEST SLP 29.61 ON 27
[REMARKS]
#FINAL-03-20#