000
CXUS53 KABR 011100
CF68D3
PRELIMINARY LOCAL CLIMATOLOGICAL DATA (WS FORM: F-6)
STATION: SISSETON SD
MONTH: OCTOBER
YEAR: 2023
LATITUDE: 45 40 N
LONGITUDE: 96 59 W
TEMPERATURE IN F: :PCPN: SNOW: WIND :SUNSHINE: SKY :PK WND
================================================================================
1 2 3 4 5 6A 6B 7 8 9 10 11 12 13 14 15 16 17 18
12Z AVG MX 2MIN
DY MAX MIN AVG DEP HDD CDD WTR SNW DPTH SPD SPD DIR MIN PSBL S-S WX SPD DR
================================================================================
1 94 62 78 24 0 13 0.00 0.0 0 10.0 25 180 M M 0 38 190
2 90 68 79 25 0 14 0.00 0.0 0 13.6 24 200 M M 0 35 200
3 79 60 70 17 0 5 0.36 0.0 0 12.7 25 200 M M 0 41 180
4 69 53 61 8 4 0 0.10 0.0 0 11.0 25 290 M M 0 36 280
5 61 46 54 2 11 0 T 0.0 0 17.3 30 310 M M 0 43 290
6 51 33 42 -10 23 0 0.18 0.0 0 17.7 30 310 M M 0 41 310
7 60 28 44 -7 21 0 0.00 0.0 0 4.8 14 250 M M 0 20 220
8 64 37 51 0 14 0 0.00 0.0 0 8.2 17 350 M M 0 25 360
9 59 30 45 -5 20 0 0.00 0.0 0 4.7 13 340 M M 0 18 10
10 59 27 43 -7 22 0 0.00 0.0 0 3.8 13 360 M M 0 18 10
11 64 25 45 -4 20 0 0.00 0.0 0 6.3 15 120 M M 0 22 110
12 58 34 46 -3 19 0 0.17 0.0 0 11.4 24 80 M M 0 40 90
13 47 44 46 -2 19 0 1.04 0.0 0 15.8 23 30 M M 0 33 20
14 51 38 45 -3 20 0 0.01 0.0 0 8.2 14 30 M M 0 19 30
15 58 38 48 1 17 0 0.00 0.0 0 8.9 17 350 M M 0 25 360
16 63 30 47 0 18 0 0.00 0.0 0 4.9 10 300 M M 0 14 290
17 74 36 55 9 10 0 0.00 0.0 0 7.5 16 160 M M 0 23 160
18 57 49 53 7 12 0 0.22 0.0 0 10.5 22 310 M M 0 33 310
19 68 40 54 9 11 0 0.00 0.0 0 4.9 13 320 M M 0 18 320
20 76 39 58 13 7 0 0.00 0.0 0 10.2 20 320 M M 0 30 310
21 62 40 51 7 14 0 0.00 0.0 0 11.6 22 330 M M 0 30 360
22 63 36 50 6 15 0 0.01 0.0 0 6.3 14 160 M M 0 20 170
23 69 45 57 14 8 0 0.00 0.0 0 7.0 16 340 M M 0 22 350
24 49 41 45 2 20 0 0.01 0.0 0 12.0 21 330 M M 0 27 350
25 50 41 46 4 19 0 0.24 0.0 0 3.9 15 330 M M 0 21 320
26 49 35 42 0 23 0 0.34 0.0 0 11.0 21 310 M M 0 30 310
27 35 23 29 -12 36 0 0.01 0.0 0 16.6 28 320 M M 0 41 310
28 32 19 26 -15 39 0 0.00 0.0 0 7.2 14 270 M M 0 20 260
29 35 17 26 -14 39 0 0.00 0.0 0 8.2 17 320 M M 0 23 320
30 38 22 30 -10 35 0 T T 0 18.2 35 320 M M 0 47 330
31 32 21 27 -12 38 0 0.00 0.0 T 12.3 30 320 M M 0 41 310
================================================================================
SM 1816 1157 554 32 2.69 T 306.7 M 0
================================================================================
AV 58.6 37.3 9.9 FASTST M M 0 MAX(MPH)
MISC ----> 35 320 47 330
================================================================================
NOTES:
# LAST OF SEVERAL OCCURRENCES
COLUMN 17 PEAK WIND IN M.P.H.
PRELIMINARY LOCAL CLIMATOLOGICAL DATA (WS FORM: F-6) , PAGE 2
STATION: SISSETON SD
MONTH: OCTOBER
YEAR: 2023
LATITUDE: 45 40 N
LONGITUDE: 96 59 W
[TEMPERATURE DATA] [PRECIPITATION DATA] SYMBOLS USED IN COLUMN 16
AVERAGE MONTHLY: 48.0 TOTAL FOR MONTH: 2.69 1 = FOG OR MIST
DPTR FM NORMAL: 1.2 DPTR FM NORMAL: 0.36 2 = FOG REDUCING VISIBILITY
HIGHEST: 94 ON 1 GRTST 24HR 1.20 ON 12-13 TO 1/4 MILE OR LESS
LOWEST: 17 ON 29 3 = THUNDER
SNOW, ICE PELLETS, HAIL 4 = ICE PELLETS
TOTAL MONTH: T 5 = HAIL
GRTST 24HR T ON 30-30 6 = FREEZING RAIN OR DRIZZLE
GRTST DEPTH: T 7 = DUSTSTORM OR SANDSTORM:
VSBY 1/2 MILE OR LESS
8 = SMOKE OR HAZE
[NO. OF DAYS WITH] [WEATHER - DAYS WITH] 9 = BLOWING SNOW
X = TORNADO
MAX 32 OR BELOW: 2 0.01 INCH OR MORE: 12
MAX 90 OR ABOVE: 2 0.10 INCH OR MORE: 8
MIN 32 OR BELOW: 10 0.50 INCH OR MORE: 1
MIN 0 OR BELOW: 0 1.00 INCH OR MORE: 1
[HDD (BASE 65) ]
TOTAL THIS MO. 554 CLEAR (SCALE 0-3) 31
DPTR FM NORMAL -17 PTCLDY (SCALE 4-7) 0
TOTAL FM JUL 1 673 CLOUDY (SCALE 8-10) 0
DPTR FM NORMAL -117
[CDD (BASE 65) ]
TOTAL THIS MO. 32
DPTR FM NORMAL 27 [PRESSURE DATA]
TOTAL FM JAN 1 810 HIGHEST SLP 30.53 ON 31
DPTR FM NORMAL 243 LOWEST SLP 29.54 ON 18
[REMARKS]
#FINAL-10-23#